000
CXUS55 KMSO 010900
CF6MSO
PRELIMINARY LOCAL CLIMATOLOGICAL DATA (WS FORM: F-6)
STATION: MISSOULA MT
MONTH: AUGUST
YEAR: 2021
LATITUDE: 46 55 N
LONGITUDE: 114 5 W
TEMPERATURE IN F: :PCPN: SNOW: WIND :SUNSHINE: SKY :PK WND
================================================================================
1 2 3 4 5 6A 6B 7 8 9 10 11 12 13 14 15 16 17 18
12Z AVG MX 2MIN
DY MAX MIN AVG DEP HDD CDD WTR SNW DPTH SPD SPD DIR MIN PSBL S-S WX SPD DR
================================================================================
1 98 68 83 13 0 18 0.03 0.0 0 6.3 29 320 M M 3 18 41 310
2 80 67 74 4 0 9 0.29 0.0 0 4.4 14 170 M M 6 18 18 170
3 92 62 77 7 0 12 0.00 0.0 0 2.6 12 270 M M 1 128 16 300
4 95 60 78 8 0 13 0.00 0.0 0 3.8 15 300 M M 0 8 17 300
5 86 55 71 1 0 6 0.03 0.0 0 5.1 23 290 M M 1 32 270
6 85 56 71 1 0 6 0.00 0.0 0 7.8 22 290 M M 0 8 28 290
7 89 52 71 1 0 6 0.00 0.0 0 5.9 20 290 M M 2 28 280
8 69 51 60 -10 5 0 0.34 0.0 0 6.4 24 320 M M 8 1 35 340
9 78 47 63 -6 2 0 0.02 0.0 0 4.7 20 290 M M 4 1 25 290
10 86 48 67 -2 0 2 0.00 0.0 0 4.5 23 280 M M 0 32 280
11 94 56 75 6 0 10 0.00 0.0 0 6.6 22 270 M M 0 30 270
12 92 57 75 7 0 10 0.00 0.0 0 5.7 21 10 M M 0 8 29 10
13 97 55 76 8 0 11 0.00 0.0 0 4.2 13 350 M M 0 8 17 10
14 92 54 73 5 0 8 0.00 0.0 0 2.6 15 250 M M 3 8 21 250
15 98 57 78 10 0 13 0.00 0.0 0 4.4 21 290 M M 4 8 31 280
16 95 55 75 7 0 10 0.00 0.0 0 6.0 26 270 M M 0 8 34 270
17 75 53 64 -3 1 0 0.07 0.0 0 10.6 33 10 M M 4 18 43 360
18 59 51 55 -12 10 0 0.07 0.0 0 5.3 12 340 M M 10 1 15 320
19 75 46 61 -6 4 0 0.00 0.0 0 4.1 13 20 M M 6 19 360
20 74 54 64 -2 1 0 0.19 0.0 0 6.5 22 360 M M 4 3 29 10
21 71 55 63 -3 2 0 0.26 0.0 0 7.0 23 120 M M 6 1 31 140
22 76 52 64 -2 1 0 0.00 0.0 0 5.6 15 250 M M 6 1 23 230
23 74 45 60 -5 5 0 0.00 0.0 0 7.9 22 280 M M 2 30 280
24 78 39 59 -6 6 0 0.00 0.0 0 3.7 15 280 M M 0 20 300
25 79 41 60 -5 5 0 0.00 0.0 0 3.7 15 360 M M 0 20 10
26 76 47 62 -2 3 0 T 0.0 0 2.9 13 250 M M 3 14 250
27 65 51 58 -6 7 0 0.25 0.0 0 4.6 26 320 M M 7 13 38 310
28 77 44 61 -3 4 0 0.00 0.0 0 1.6 9 320 M M 2 1 13 300
29 83 42 63 -1 2 0 0.00 0.0 0 2.0 9 330 M M 0 13 260
30 88 45 67 4 0 2 0.00 0.0 0 4.5 20 300 M M 0 27 290
31 76 46 61 -2 4 0 0.00 0.0 0 6.8 18 330 M M 0 29 360
================================================================================
SM 2552 1611 62 136 1.55 0.0 157.8 M 82
================================================================================
AV 82.3 52.0 5.1 FASTST M M 3 MAX(MPH)
MISC ----> 33 10 43 360
================================================================================
NOTES:
# LAST OF SEVERAL OCCURRENCES
COLUMN 17 PEAK WIND IN M.P.H.
PRELIMINARY LOCAL CLIMATOLOGICAL DATA (WS FORM: F-6) , PAGE 2
STATION: MISSOULA MT
MONTH: AUGUST
YEAR: 2021
LATITUDE: 46 55 N
LONGITUDE: 114 5 W
[TEMPERATURE DATA] [PRECIPITATION DATA] SYMBOLS USED IN COLUMN 16
AVERAGE MONTHLY: 67.1 TOTAL FOR MONTH: 1.55 1 = FOG OR MIST
DPTR FM NORMAL: -0.1 DPTR FM NORMAL: 0.72 2 = FOG REDUCING VISIBILITY
HIGHEST: 98 ON 15, 1 GRTST 24HR 0.39 ON 20-21 TO 1/4 MILE OR LESS
LOWEST: 39 ON 24 3 = THUNDER
SNOW, ICE PELLETS, HAIL 4 = ICE PELLETS
TOTAL MONTH: 0.0 INCH 5 = HAIL
GRTST 24HR 0.0 6 = FREEZING RAIN OR DRIZZLE
GRTST DEPTH: 0 7 = DUSTSTORM OR SANDSTORM:
VSBY 1/2 MILE OR LESS
8 = SMOKE OR HAZE
[NO. OF DAYS WITH] [WEATHER - DAYS WITH] 9 = BLOWING SNOW
X = TORNADO
MAX 32 OR BELOW: 0 0.01 INCH OR MORE: 10
MAX 90 OR ABOVE: 9 0.10 INCH OR MORE: 5
MIN 32 OR BELOW: 0 0.50 INCH OR MORE: 0
MIN 0 OR BELOW: 0 1.00 INCH OR MORE: 0
[HDD (BASE 65) ]
TOTAL THIS MO. 62 CLEAR (SCALE 0-3) 19
DPTR FM NORMAL 15 PTCLDY (SCALE 4-7) 11
TOTAL FM JUL 1 62 CLOUDY (SCALE 8-10) 1
DPTR FM NORMAL -27
[CDD (BASE 65) ]
TOTAL THIS MO. 136
DPTR FM NORMAL 21 [PRESSURE DATA]
TOTAL FM JAN 1 575 HIGHEST SLP M ON M
DPTR FM NORMAL 283 LOWEST SLP 29.61 ON 17
[REMARKS]
#FINAL-08-21#