000
CXUS54 KLIX 010810
CF6MSY
PRELIMINARY LOCAL CLIMATOLOGICAL DATA (WS FORM: F-6)
STATION: NEW ORLEANS
MONTH: MAY
YEAR: 2023
LATITUDE: 29 58 N
LONGITUDE: 90 15 W
TEMPERATURE IN F: :PCPN: SNOW: WIND :SUNSHINE: SKY :PK WND
================================================================================
1 2 3 4 5 6A 6B 7 8 9 10 11 12 13 14 15 16 17 18
12Z AVG MX 2MIN
DY MAX MIN AVG DEP HDD CDD WTR SNW DPTH SPD SPD DIR MIN PSBL S-S WX SPD DR
================================================================================
1 83 61 72 -2 0 7 0.00 0.0 M 6.4 16 280 M M 1 22 290
2 82 60 71 -3 0 6 0.00 0.0 M 4.0 9 350 M M 5 1 16 10
3 85 65 75 1 0 10 0.00 0.0 M 4.6 12 330 M M 5 16 330
4 87 65 76 2 0 11 0.00 0.0 M 6.7 13 120 M M 5 17 20
5 86 72 79 4 0 14 0.02 0.0 M 7.8 16 150 M M 7 13 23 170
6 77 68 73 -2 0 8 1.83 0.0 M 6.9 35 300 M M 8 13 45 310
7 84 68 76 1 0 11 0.00 0.0 M 8.6 15 140 M M 6 19 190
8 85 73 79 4 0 14 T 0.0 M 6.2 15 150 M M 8 13 20 140
9 85 74 80 4 0 15 0.19 0.0 M 6.3 21 90 M M 7 13 28 110
10 84 75 80 4 0 15 0.02 0.0 M 11.1 17 130 M M 8 1 24 150
11 87 72 80 4 0 15 0.00 0.0 M 12.2 21 150 M M 7 3 29 170
12 88 75 82 6 0 17 0.00 0.0 M 11.6 18 110 M M 7 24 180
13 87 74 81 5 0 16 0.26 0.0 M 10.1 18 130 M M 5 3 26 120
14 89 74 82 5 0 17 0.00 0.0 M 5.5 14 140 M M 3 1 19 170
15 91 74 83 6 0 18 T 0.0 M 6.2 16 350 M M 2 3 23 350
16 90 71 81 4 0 16 0.00 0.0 M 5.2 13 240 M M 5 3 20 260
17 87 72 80 2 0 15 T 0.0 M 5.0 15 270 M M 6 3 19 260
18 88 69 79 1 0 14 T 0.0 M 4.0 14 130 M M 5 18 140
19 90 71 81 3 0 16 0.00 0.0 M 5.3 12 150 M M 4 1 19 170
20 93 74 84 6 0 19 0.89 0.0 M 4.9 20 330 M M 7 13 29 340
21 84 73 79 1 0 14 0.01 0.0 M 7.2 13 360 M M 8 1 20 10
22 86 74 80 1 0 15 0.00 0.0 M 4.4 10 330 M M 7 14 330
23 90 70 80 1 0 15 0.05 0.0 M 4.9 13 80 M M 4 3 17 10
24 81 74 78 -1 0 13 0.00 0.0 M 10.4 16 10 M M 7 25 30
25 86 72 79 0 0 14 0.00 0.0 M 8.2 17 60 M M 6 24 30
26 87 69 78 -1 0 13 0.00 0.0 M 5.8 15 50 M M 2 20 40
27 84 68 76 -4 0 11 0.00 0.0 M 8.3 20 90 M M 4 27 120
28 88 65 77 -3 0 12 0.00 0.0 M 4.6 14 130 M M 4 20 140
29 88 71 80 0 0 15 0.03 0.0 M 5.0 20 110 M M 8 27 120
30 86 73 80 0 0 15 T 0.0 M 5.4 17 120 M M 9 3 22 130
31 90 70 80 0 0 15 T 0.0 M 4.4 12 130 M M 6 16 10
================================================================================
SM 2678 2186 0 426 3.30 0.0 207.2 M 176
================================================================================
AV 86.4 70.5 6.7 FASTST M M 6 MAX(MPH)
MISC ----> 35 300 45 310
================================================================================
NOTES:
# LAST OF SEVERAL OCCURRENCES
COLUMN 17 PEAK WIND IN M.P.H.
PRELIMINARY LOCAL CLIMATOLOGICAL DATA (WS FORM: F-6) , PAGE 2
STATION: NEW ORLEANS
MONTH: MAY
YEAR: 2023
LATITUDE: 29 58 N
LONGITUDE: 90 15 W
[TEMPERATURE DATA] [PRECIPITATION DATA] SYMBOLS USED IN COLUMN 16
AVERAGE MONTHLY: 78.5 TOTAL FOR MONTH: 3.30 1 = FOG OR MIST
DPTR FM NORMAL: 1.4 DPTR FM NORMAL: -2.34 2 = FOG REDUCING VISIBILITY
HIGHEST: 93 ON 20 GRTST 24HR 1.83 ON 6- 6 TO 1/4 MILE OR LESS
LOWEST: 60 ON 2 3 = THUNDER
SNOW, ICE PELLETS, HAIL 4 = ICE PELLETS
TOTAL MONTH: 0.0 INCH 5 = HAIL
GRTST 24HR 0.0 6 = FREEZING RAIN OR DRIZZLE
GRTST DEPTH: M ON M 7 = DUSTSTORM OR SANDSTORM:
VSBY 1/2 MILE OR LESS
8 = SMOKE OR HAZE
[NO. OF DAYS WITH] [WEATHER - DAYS WITH] 9 = BLOWING SNOW
X = TORNADO
MAX 32 OR BELOW: 0 0.01 INCH OR MORE: 9
MAX 90 OR ABOVE: 6 0.10 INCH OR MORE: 4
MIN 32 OR BELOW: 0 0.50 INCH OR MORE: 2
MIN 0 OR BELOW: 0 1.00 INCH OR MORE: 1
[HDD (BASE 65) ]
TOTAL THIS MO. 0 CLEAR (SCALE 0-3) 3
DPTR FM NORMAL -1 PTCLDY (SCALE 4-7) 26
TOTAL FM JUL 1 826 CLOUDY (SCALE 8-10) 2
DPTR FM NORMAL -349
[CDD (BASE 65) ]
TOTAL THIS MO. 426
DPTR FM NORMAL 48 [PRESSURE DATA]
TOTAL FM JAN 1 961 HIGHEST SLP M ON M
DPTR FM NORMAL 272 LOWEST SLP 29.78 ON 17
[REMARKS]
#FINAL-05-23#