000
CXUS53 KILX 011452
CLSMTO
CLIMATE REPORT
NATIONAL WEATHER SERVICE LINCOLN IL
852 AM CST THU DEC 01 2022
...................................
...THE MATTOON IL AIRPORT CLIMATE SUMMARY FOR THE SEASON, FROM
9/1/2022 TO 11/30/2022...
CLIMATE NORMAL PERIOD 1991 TO 2020
CLIMATE RECORD PERIOD 9999 TO 9999
WEATHER OBSERVED NORMAL DEPART LAST YEAR`S
VALUE DATE(S) VALUE FROM VALUE
NORMAL
..............................................................
TEMPERATURE (F)
RECORD
HIGH MM MM
LOW 11 11/20/2022
HIGHEST 93 09/20 MM MM 89
09/21
LOWEST 11R 11/20 MM MM 19
AVG. MAXIMUM 66.0 65.3 0.7 67.2
AVG. MINIMUM 44.5 45.3 -0.8 48.0
MEAN 55.2 55.3 -0.1 57.6
DAYS MAX >= 90 2 3.2 -1.2 0
DAYS MAX <= 32 1 1.3 -0.3 0
DAYS MIN <= 32 17 15.6 1.4 18
DAYS MIN <= 0 0 0.0 0.0 0
PRECIPITATION (INCHES)
RECORD
MAXIMUM 11.09 2021
MINIMUM 8.93 2020
TOTALS 3.79R 8.99 -5.20 11.09
DAILY AVG. 0.04 0.13
DAYS >= .01 21 24.3 -3.3 26
DAYS >= .10 13 13.7 -0.7 18
DAYS >= .50 2 6.1 -4.1 8
DAYS >= 1.00 0 2.1 -2.1 3
GREATEST
24 HR. TOTAL 0.71 10/25 TO 10/26 1.92
DEGREE DAYS
HEATING TOTAL 1031 1039 -8 908
SINCE 7/1 1031 1043 -12 MM
COOLING TOTAL 164 158 6 259
SINCE 1/1 1255 1117 138 MM
FREEZE DATES
RECORD
EARLIEST MM
LATEST MM
EARLIEST 10/18
LATEST 04/19
..............................................................
WIND (MPH)
AVERAGE WIND SPEED 8.4
HIGHEST WIND SPEED/DIRECTION 33/150 DATE 11/05
HIGHEST GUST SPEED/DIRECTION 60/150 DATE 11/05
SKY COVER
POSSIBLE SUNSHINE (PERCENT) MM
AVERAGE SKY COVER 0.29
NUMBER OF DAYS FAIR 59
NUMBER OF DAYS PC 21
NUMBER OF DAYS CLOUDY 11
AVERAGE RH (PERCENT) 65
WEATHER CONDITIONS. NUMBER OF DAYS WITH
THUNDERSTORM 4 MIXED PRECIP 0
HEAVY RAIN 6 RAIN 13
LIGHT RAIN 25 FREEZING RAIN 0
LT FREEZING RAIN 0 HAIL 0
HEAVY SNOW 1 SNOW 1
LIGHT SNOW 4 SLEET 0
FOG 36 FOG W/VIS <= 1/4 MILE 6
HAZE 13
- INDICATES NEGATIVE NUMBERS.
R INDICATES RECORD WAS SET OR TIED.
MM INDICATES DATA IS MISSING.
T INDICATES TRACE AMOUNT.
$$