000
CXUS51 KBTV 010700
CF6MVL
PRELIMINARY LOCAL CLIMATOLOGICAL DATA (WS FORM: F-6)
STATION: MORRISVILLE VT
MONTH: MARCH
YEAR: 2020
LATITUDE: 44 31 N
LONGITUDE: 72 37 W
TEMPERATURE IN F: :PCPN: SNOW: WIND :SUNSHINE: SKY :PK WND
================================================================================
1 2 3 4 5 6A 6B 7 8 9 10 11 12 13 14 15 16 17 18
12Z AVG MX 2MIN
DY MAX MIN AVG DEP HDD CDD WTR SNW DPTH SPD SPD DIR MIN PSBL S-S WX SPD DR
================================================================================
1 24 0 12 -11 53 0 T M M 2.0 14 330 M M 7 18 19 320
2 34 1 18 -5 47 0 0.10 M M 2.5 9 140 M M 9 16 14 150
3 53 33 43 19 22 0 0.10 M M 1.2 7 230 M M 8 1 10 220
4 44 34 39 15 26 0 0.08 M M 8.6 22 300 M M 10 18 40 310
5 43 25 34 10 31 0 T M M 6.1 21 330 M M 7 31 330
6 45 23 34 9 31 0 T M M 5.5 22 10 M M 7 26 10
7 31 12 22 -3 43 0 0.00 M M 8.7 23 10 M M 0 29 340
8 46 11 29 3 36 0 0.00 M M 4.0 13 20 M M 3 18 360
9 62 31 47 21 18 0 0.00 M M 4.8 13 200 M M 4 21 220
10 52 34 43 17 22 0 0.41 M M 5.1 21 320 M M 10 1 27 320
11 34 24 29 2 36 0 T M M 7.1 20 350 M M 6 1 30 350
12 44 24 34 7 31 0 T M M 4.7 17 170 M M 10 23 160
13 50 38 44 17 21 0 0.40 M M 11.0 24 200 M M 9 1 39 200
14 43 31 37 9 28 0 0.01 M M 8.1 22 340 M M 6 30 310
15 31 12 22 -6 43 0 T M M 7.3 20 10 M M 2 24 10
16 39 8 24 -4 41 0 0.00 M M 6.6 25 180 M M 0 32 180
17 41 29 35 6 30 0 0.08 M M 6.7 23 170 M M 9 1 31 170
18 43 31 37 8 28 0 T M M 4.3 15 310 M M 4 23 320
19 42 30 36 6 29 0 T M M 5.3 15 200 M M 10 19 200
20 65 36 51 21 14 0 0.20 M M 8.3 15 250 M M 8 1 32 250
21 36 18 27 -3 38 0 T M M 10.3 22 310 M M 4 32 330
22 35 11 23 -8 42 0 T M M 3.0 12 30 M M 0 16 20
23 36 16 26 -5 39 0 0.45 M M 7.8 24 160 M M 7 12 34 150
24 36 20 28 -4 37 0 T M M 4.5 14 20 M M 8 12 17 340
25 44 18 31 -1 34 0 0.00 M M 3.7 14 190 M M 6 12 19 190
26 55 24 40 7 25 0 0.04 M M 3.5 15 160 M M 5 1 18 170
27 49 23 36 3 29 0 0.00 M M 7.1 21 340 M M 6 1 34 340
28 53 19 36 3 29 0 0.00 M M 0.6 8 170 M M 2 9 180
29 44 35 40 6 25 0 0.54 M M 7.8 25 200 M M 10 1 40 210
30 42 35 39 5 26 0 0.19 M M 5.6 13 220 M M 9 1 22 220
31 49 25 37 2 28 0 T M M 4.1 15 20 M M 4 20 30
================================================================================
SM 1345 711 982 0 2.60 M 175.9 M 190
================================================================================
AV 43.4 22.9 5.7 FASTST M M 6 MAX(MPH)
MISC ----> # 25 180 # 40 310
================================================================================
NOTES:
# LAST OF SEVERAL OCCURRENCES
COLUMN 17 PEAK WIND IN M.P.H.
PRELIMINARY LOCAL CLIMATOLOGICAL DATA (WS FORM: F-6) , PAGE 2
STATION: MORRISVILLE VT
MONTH: MARCH
YEAR: 2020
LATITUDE: 44 31 N
LONGITUDE: 72 37 W
[TEMPERATURE DATA] [PRECIPITATION DATA] SYMBOLS USED IN COLUMN 16
AVERAGE MONTHLY: 33.2 TOTAL FOR MONTH: 2.60 1 = FOG OR MIST
DPTR FM NORMAL: 4.6 DPTR FM NORMAL: 0.93 2 = FOG REDUCING VISIBILITY
HIGHEST: 65 ON 20 GRTST 24HR 0.56 ON 29-30 TO 1/4 MILE OR LESS
LOWEST: 0 ON 1 3 = THUNDER
SNOW, ICE PELLETS, HAIL 4 = ICE PELLETS
TOTAL MONTH: M 5 = HAIL
GRTST 24HR M ON M 6 = FREEZING RAIN OR DRIZZLE
GRTST DEPTH: M ON M 7 = DUSTSTORM OR SANDSTORM:
VSBY 1/2 MILE OR LESS
8 = SMOKE OR HAZE
[NO. OF DAYS WITH] [WEATHER - DAYS WITH] 9 = BLOWING SNOW
X = TORNADO
MAX 32 OR BELOW: 3 0.01 INCH OR MORE: 12
MAX 90 OR ABOVE: 0 0.10 INCH OR MORE: 8
MIN 32 OR BELOW: 24 0.50 INCH OR MORE: 1
MIN 0 OR BELOW: 1 1.00 INCH OR MORE: 0
[HDD (BASE 65) ]
TOTAL THIS MO. 982 CLEAR (SCALE 0-3) 6
DPTR FM NORMAL -145 PTCLDY (SCALE 4-7) 16
TOTAL FM JUL 1 6750 CLOUDY (SCALE 8-10) 9
DPTR FM NORMAL -336
[CDD (BASE 65) ]
TOTAL THIS MO. 0
DPTR FM NORMAL 0 [PRESSURE DATA]
TOTAL FM JAN 1 0 HIGHEST SLP M ON M
DPTR FM NORMAL 0 LOWEST SLP 29.24 ON 4
[REMARKS]
#FINAL-03-20#