000
CXUS55 KBOI 011002
CF6MYL
PRELIMINARY LOCAL CLIMATOLOGICAL DATA (WS FORM: F-6)
STATION: MCCALL ID
MONTH: SEPTEMBER
YEAR: 2023
LATITUDE: 44 52 N
LONGITUDE: 116 6 W
TEMPERATURE IN F: :PCPN: SNOW: WIND :SUNSHINE: SKY :PK WND
================================================================================
1 2 3 4 5 6A 6B 7 8 9 10 11 12 13 14 15 16 17 18
12Z AVG MX 2MIN
DY MAX MIN AVG DEP HDD CDD WTR SNW DPTH SPD SPD DIR MIN PSBL S-S WX SPD DR
================================================================================
1 73 47 60 1 5 0 0.00 M M 3.6 16 310 M M 0 22 310
2 75 50 63 4 2 0 0.01 M M 3.5 17 190 M M 3 1 22 200
3 59 52 56 -2 9 0 0.49 M M 2.8 10 150 M M 9 13 14 260
4 62 46 54 -4 11 0 0.06 M M 3.6 12 260 M M 8 1 17 310
5 67 41 54 -4 11 0 0.00 M M 4.0 14 200 M M 4 12 20 230
6 73 42 58 0 7 0 0.00 M M 5.4 22 200 M M 4 29 200
7 74 43 59 2 6 0 0.00 M M 4.4 18 200 M M 2 24 210
8 74 46 60 3 5 0 0.00 M M 3.8 14 240 M M 3 21 260
9 76 41 59 2 6 0 0.00 M M 2.9 10 310 M M 1 8 14 310
10 78 41 60 4 5 0 0.00 M M 1.8 8 250 M M 0 16 310
11 78 42 60 4 5 0 0.00 M M 2.0 10 210 M M 0 16 130
12 78 41 60 4 5 0 0.00 M M 3.9 14 270 M M 1 20 280
13 72 46 59 4 6 0 0.00 M M 6.6 15 290 M M 1 24 330
14 74 38 56 1 9 0 0.00 M M 5.0 12 10 M M 0 17 10
15 76 37 57 2 8 0 0.00 M M 2.8 14 230 M M 0 19 240
16 78 37 58 4 7 0 0.00 M M 2.9 14 160 M M 0 18 160
17 79 38 59 5 6 0 0.00 M M 3.3 14 210 M M 0 27 220
18 71 41 56 2 9 0 0.00 M M 2.7 15 220 M M 2 23 210
19 65 34 50 -3 15 0 0.00 M M 4.2 17 300 M M 0 23 310
20 61 29 45 -8 20 0 0.00 M M 3.0 15 290 M M 1 24 310
21 57 36 47 -5 18 0 T M M 5.2 14 260 M M 7 19 280
22 55 31 43 -9 22 0 T M M 4.1 13 280 M M 5 12 19 310
23 63 28 46 -6 19 0 0.00 M M 4.0 17 190 M M 1 12 22 200
24 65 33 49 -2 16 0 0.00 M M 5.4 18 220 M M 3 25 210
25 75 40 58 7 7 0 0.00 M M 5.9 26 190 M M 1 37 190
26 62 41 52 2 13 0 0.00 M M 5.0 21 190 M M 6 28 240
27 56 34 45 -5 20 0 0.02 M M 3.8 18 180 M M 5 1 27 180
28 57 27 42 -8 23 0 0.00 M M 2.5 12 200 M M 1 19 170
29 60 30 45 -4 20 0 0.00 M M 3.6 16 190 M M 6 21 180
30 45 40 43 -6 22 0 0.38 M M 4.8 16 30 M M 9 1 24 10
================================================================================
SM 2038 1172 337 0 0.96 M 116.5 M 83
================================================================================
AV 67.9 39.1 3.9 FASTST M M 3 MAX(MPH)
MISC ----> 26 190 37 190
================================================================================
NOTES:
# LAST OF SEVERAL OCCURRENCES
COLUMN 17 PEAK WIND IN M.P.H.
PRELIMINARY LOCAL CLIMATOLOGICAL DATA (WS FORM: F-6) , PAGE 2
STATION: MCCALL ID
MONTH: SEPTEMBER
YEAR: 2023
LATITUDE: 44 52 N
LONGITUDE: 116 6 W
[TEMPERATURE DATA] [PRECIPITATION DATA] SYMBOLS USED IN COLUMN 16
AVERAGE MONTHLY: 53.5 TOTAL FOR MONTH: 0.96 1 = FOG OR MIST
DPTR FM NORMAL: -0.7 DPTR FM NORMAL: 0.00 2 = FOG REDUCING VISIBILITY
HIGHEST: 79 ON 17 GRTST 24HR 0.53 ON 3- 4 TO 1/4 MILE OR LESS
LOWEST: 27 ON 28 3 = THUNDER
SNOW, ICE PELLETS, HAIL 4 = ICE PELLETS
TOTAL MONTH: M 5 = HAIL
GRTST 24HR M ON M 6 = FREEZING RAIN OR DRIZZLE
GRTST DEPTH: M ON M 7 = DUSTSTORM OR SANDSTORM:
VSBY 1/2 MILE OR LESS
8 = SMOKE OR HAZE
[NO. OF DAYS WITH] [WEATHER - DAYS WITH] 9 = BLOWING SNOW
X = TORNADO
MAX 32 OR BELOW: 0 0.01 INCH OR MORE: 5
MAX 90 OR ABOVE: 0 0.10 INCH OR MORE: 2
MIN 32 OR BELOW: 5 0.50 INCH OR MORE: 0
MIN 0 OR BELOW: 0 1.00 INCH OR MORE: 0
[HDD (BASE 65) ]
TOTAL THIS MO. 337 CLEAR (SCALE 0-3) 19
DPTR FM NORMAL 8 PTCLDY (SCALE 4-7) 9
TOTAL FM JUL 1 450 CLOUDY (SCALE 8-10) 2
DPTR FM NORMAL -70
[CDD (BASE 65) ]
TOTAL THIS MO. 0
DPTR FM NORMAL -5 [PRESSURE DATA]
TOTAL FM JAN 1 108 HIGHEST SLP 30.22 ON 9
DPTR FM NORMAL -3 LOWEST SLP 29.65 ON 1
[REMARKS]
#FINAL-09-23#