000
CXUS56 KSTO 170107
CF6MYV
PRELIMINARY LOCAL CLIMATOLOGICAL DATA (WS FORM: F-6)
STATION: MARYSVILLE
MONTH: FEBRUARY
YEAR: 2022
LATITUDE: 39 6 N
LONGITUDE: 121-34 E
TEMPERATURE IN F: :PCPN: SNOW: WIND :SUNSHINE: SKY :PK WND
================================================================================
1 2 3 4 5 6A 6B 7 8 9 10 11 12 13 14 15 16 17 18
12Z AVG MX 2MIN
DY MAX MIN AVG DEP HDD CDD WTR SNW DPTH SPD SPD DIR MIN PSBL S-S WX SPD DR
================================================================================
1 60 43 52 4 13 0 0.00 0.0 M 20.0 31 320 M M 0 39 320
2 60 41 51 3 14 0 0.00 M M 15.1 26 320 M M 0 32 310
3 58 35 47 -2 18 0 0.00 M M 3.9 15 320 M M 0 8 19 320
4 63 30 47 -2 18 0 0.00 0.0 M 2.6 7 220 M M 0 18 M M
5 64 35 50 1 15 0 0.00 0.0 M 1.7 7 80 M M 0 18 8 160
6 64 30 47 -2 18 0 0.00 0.0 M 2.4 7 80 M M 0 18 8 80
7 72 34 53 4 12 0 0.00 M M 2.4 10 330 M M 0 18 13 320
8 70 33 52 2 13 0 0.00 M M 1.2 10 170 M M 0 1 12 170
9 79 34 57 7 8 0 0.00 M M 5.3 17 330 M M 0 18 22 330
10 71 42 57 7 8 0 0.00 M M 5.4 15 340 M M 0 18 21 350
11 74 39 57 7 8 0 0.00 0.0 M 1.8 7 20 M M 0 1 8 30
12 76 39 58 8 7 0 0.00 0.0 M 1.0 7 90 M M 0 1 7 90
13 M M M M M M 0.00 0.0 M 0.9 5 70 M M 0 5 70
14 65 M M M M M 0.00 M M 13.3 23 150 M M 1 28 150
15 63 43 53 2 12 0 T M M 14.8 28 320 M M 1 37 320
16 73 42 58 7 7 0 0.00 M M 11.3 23 320 M M 0 28 320
17 66 40 53 2 12 0 0.00 0.0 M 4.9 15 350 M M 0 8 20 330
18 68 35 52 1 13 0 0.00 0.0 M 2.0 6 70 M M 0 8 250
19 73 35 54 2 11 0 0.00 0.0 M 2.2 8 330 M M 0 1 9 330
20 63 38 51 -1 14 0 0.00 M M 7.8 16 160 M M 0 21 170
21 60 39 50 -2 15 0 0.00 0.0 M 10.2 23 330 M M 3 29 340
22 55 32 44 -8 21 0 T M M 4.4 15 170 M M 3 22 170
23 55 29 42 -10 23 0 0.00 M M 9.6 22 320 M M 0 27 320
24 57 24 41 -11 24 0 0.00 M M 4.0 12 140 M M 0 14 170
25 63 28 46 -7 19 0 0.00 0.0 M 2.8 9 310 M M 0 12 320
26 61 29 45 -8 20 0 T 0.0 M 1.9 9 260 M M 0 11 260
27 71 36 54 1 11 0 0.00 0.0 M 2.7 12 310 M M 1 15 310
28 75 39 57 4 8 0 0.00 0.0 M 2.7 8 290 M M 0 11 280
================================================================================
SM 1779 924 362 0 T 0.0 158.3 M 9
================================================================================
AV 65.9 35.5 5.7 FASTST M M 0 MAX(MPH)
MISC ----> 31 320 39 320
================================================================================
NOTES:
# LAST OF SEVERAL OCCURRENCES
COLUMN 17 PEAK WIND IN M.P.H.
PRELIMINARY LOCAL CLIMATOLOGICAL DATA (WS FORM: F-6) , PAGE 2
STATION: MARYSVILLE
MONTH: FEBRUARY
YEAR: 2022
LATITUDE: 39 6 N
LONGITUDE: 121-34 E
[TEMPERATURE DATA] [PRECIPITATION DATA] SYMBOLS USED IN COLUMN 16
AVERAGE MONTHLY: 50.7 TOTAL FOR MONTH: T 1 = FOG OR MIST
DPTR FM NORMAL: -0.1 DPTR FM NORMAL: -3.65 2 = FOG REDUCING VISIBILITY
HIGHEST: 79 ON 9 GRTST 24HR T ON 15-15 TO 1/4 MILE OR LESS
LOWEST: 24 ON 24 3 = THUNDER
SNOW, ICE PELLETS, HAIL 4 = ICE PELLETS
TOTAL MONTH: 0.0 INCH 5 = HAIL
GRTST 24HR 0.0 6 = FREEZING RAIN OR DRIZZLE
GRTST DEPTH: M ON M 7 = DUSTSTORM OR SANDSTORM:
VSBY 1/2 MILE OR LESS
8 = SMOKE OR HAZE
[NO. OF DAYS WITH] [WEATHER - DAYS WITH] 9 = BLOWING SNOW
X = TORNADO
MAX 32 OR BELOW: 0 0.01 INCH OR MORE: 0
MAX 90 OR ABOVE: 0 0.10 INCH OR MORE: 0
MIN 32 OR BELOW: 7 0.50 INCH OR MORE: 0
MIN 0 OR BELOW: 0 1.00 INCH OR MORE: 0
[HDD (BASE 65) ]
TOTAL THIS MO. 362 CLEAR (SCALE 0-3) 28
DPTR FM NORMAL -37 PTCLDY (SCALE 4-7) 0
TOTAL FM JUL 1 1850 CLOUDY (SCALE 8-10) 0
DPTR FM NORMAL -143
[CDD (BASE 65) ]
TOTAL THIS MO. 0
DPTR FM NORMAL 0 [PRESSURE DATA]
TOTAL FM JAN 1 0 HIGHEST SLP 30.45 ON 27
DPTR FM NORMAL 0 LOWEST SLP 29.82 ON 20
[REMARKS]
#FINAL-02-22#