000
CXUS53 KBIS 010830
CF6N60
PRELIMINARY LOCAL CLIMATOLOGICAL DATA (WS FORM: F-6)
STATION: GARRISON (AMOS) ND
MONTH: JULY
YEAR: 2023
LATITUDE: 47 39 N
LONGITUDE: 101 23 W
TEMPERATURE IN F: :PCPN: SNOW: WIND :SUNSHINE: SKY :PK WND
================================================================================
1 2 3 4 5 6A 6B 7 8 9 10 11 12 13 14 15 16 17 18
12Z AVG MX 2MIN
DY MAX MIN AVG DEP HDD CDD WTR SNW DPTH SPD SPD DIR MIN PSBL S-S WX SPD DR
================================================================================
1 86 55 71 5 0 6 0.00 M M 5.3 15 260 M M 0 20 240
2 92 61 77 11 0 12 0.00 M M 10.7 25 300 M M 0 36 300
3 72 53 63 -3 2 0 0.00 M M 7.1 21 320 M M 0 26 340
4 67 47 57 -9 8 0 0.00 M M 11.9 24 310 M M 0 31 330
5 70 36 53 -14 12 0 0.00 M M 7.6 15 300 M M 0 23 340
6 80 50 65 -2 0 0 0.00 M M 10.4 17 190 M M 0 24 190
7 76 50 63 -4 2 0 0.00 M M 6.4 17 20 M M 0 26 30
8 82 44 63 -4 2 0 0.03 M M 6.8 31 290 M M 0 43 290
9 91 53 72 5 0 7 0.00 M M 9.5 23 300 M M 0 35 300
10 77 55 66 -2 0 1 0.00 M M 7.9 14 90 M M 0 21 80
11 58 51 55 -13 10 0 0.52 M M 8.7 23 120 M M 0 31 120
12 72 51 62 -6 3 0 0.17 M M 5.9 14 310 M M 0 18 320
13 82 54 68 0 0 3 0.00 M M 9.7 25 300 M M 0 36 290
14 79 55 67 -1 0 2 0.00 M M 11.7 24 320 M M 0 35 300
15 73 48 61 -7 4 0 0.00 M M 11.3 22 300 M M 0 34 300
16 73 48 61 -7 4 0 0.00 M M 8.6 21 330 M M 0 29 330
17 75 42 59 -9 6 0 0.00 M M 5.7 13 120 M M 0 19 120
18 85 54 70 1 0 5 0.00 M M 10.3 21 150 M M 0 28 270
19 75 54 65 -4 0 0 0.00 M M 14.9 30 290 M M 0 43 290
20 78 52 65 -4 0 0 0.00 M M 5.5 13 340 M M 0 23 310
21 86 49 68 -1 0 3 0.00 M M 5.2 20 220 M M 0 24 220
22 86 51 69 0 0 4 0.00 M M 4.9 12 200 M M 0 20 230
23 89 61 75 6 0 10 0.23 M M 7.0 32 300 M M 0 44 300
24 94 60 77 8 0 12 0.00 M M 7.8 17 140 M M 0 23 160
25 94 65 80 11 0 15 0.00 M M 7.8 15 300 M M 0 22 150
26 94 55 75 6 0 10 0.00 M M 5.2 15 330 M M 0 19 330
27 84 57 71 2 0 6 0.01 M M 5.0 18 50 M M 0 27 310
28 78 58 68 -1 0 3 0.10 M M 6.7 14 40 M M 0 21 70
29 77 55 66 -3 0 1 0.09 M M 7.1 13 90 M M 0 17 100
30 81 58 70 1 0 5 0.14 M M 8.7 22 160 M M 0 28 160
31 85 62 74 5 0 9 0.07 M M 8.1 18 90 M M 0 25 160
================================================================================
SM 2491 1644 53 114 1.36 M 249.4 M 0
================================================================================
AV 80.4 53.0 8.0 FASTST M M 0 MAX(MPH)
MISC ----> 32 300 44 300
================================================================================
NOTES:
# LAST OF SEVERAL OCCURRENCES
COLUMN 17 PEAK WIND IN M.P.H.
PRELIMINARY LOCAL CLIMATOLOGICAL DATA (WS FORM: F-6) , PAGE 2
STATION: GARRISON (AMOS) ND
MONTH: JULY
YEAR: 2023
LATITUDE: 47 39 N
LONGITUDE: 101 23 W
[TEMPERATURE DATA] [PRECIPITATION DATA] SYMBOLS USED IN COLUMN 16
AVERAGE MONTHLY: 66.7 TOTAL FOR MONTH: 1.36 1 = FOG OR MIST
DPTR FM NORMAL: -1.4 DPTR FM NORMAL: -1.27 2 = FOG REDUCING VISIBILITY
HIGHEST: 94 ON 26,25 GRTST 24HR 0.68 ON 11-12 TO 1/4 MILE OR LESS
LOWEST: 36 ON 5 3 = THUNDER
SNOW, ICE PELLETS, HAIL 4 = ICE PELLETS
TOTAL MONTH: M 5 = HAIL
GRTST 24HR M ON M 6 = FREEZING RAIN OR DRIZZLE
GRTST DEPTH: M ON M 7 = DUSTSTORM OR SANDSTORM:
VSBY 1/2 MILE OR LESS
8 = SMOKE OR HAZE
[NO. OF DAYS WITH] [WEATHER - DAYS WITH] 9 = BLOWING SNOW
X = TORNADO
MAX 32 OR BELOW: 0 0.01 INCH OR MORE: 9
MAX 90 OR ABOVE: 5 0.10 INCH OR MORE: 5
MIN 32 OR BELOW: 0 0.50 INCH OR MORE: 1
MIN 0 OR BELOW: 0 1.00 INCH OR MORE: 0
[HDD (BASE 65) ]
TOTAL THIS MO. 53 CLEAR (SCALE 0-3) 31
DPTR FM NORMAL 21 PTCLDY (SCALE 4-7) 0
TOTAL FM JUL 1 53 CLOUDY (SCALE 8-10) 0
DPTR FM NORMAL 18
[CDD (BASE 65) ]
TOTAL THIS MO. 114
DPTR FM NORMAL -14 [PRESSURE DATA]
TOTAL FM JAN 1 290 HIGHEST SLP 30.32 ON 29
DPTR FM NORMAL 112 LOWEST SLP 29.67 ON 9
[REMARKS]
#FINAL-07-23#