000
CXUS56 KMTR 010900
CF6OAK
PRELIMINARY LOCAL CLIMATOLOGICAL DATA (WS FORM: F-6)
STATION: OAKLAND AIRPORT
MONTH: MARCH
YEAR: 2023
LATITUDE: 37 43 N
LONGITUDE: 122 13 W
TEMPERATURE IN F: :PCPN: SNOW: WIND :SUNSHINE: SKY :PK WND
================================================================================
1 2 3 4 5 6A 6B 7 8 9 10 11 12 13 14 15 16 17 18
12Z AVG MX 2MIN
DY MAX MIN AVG DEP HDD CDD WTR SNW DPTH SPD SPD DIR MIN PSBL S-S WX SPD DR
================================================================================
1 56 38 47 -7 18 0 T M M 11.5 23 310 M M 5 38 320
2 55 38 47 -7 18 0 0.00 M M 7.1 16 270 M M 5 23 250
3 55 40 48 -6 17 0 0.00 M M 7.2 21 270 M M 8 1 32 300
4 52 44 48 -6 17 0 0.12 M M 14.2 28 210 M M 7 13 40 250
5 53 43 48 -6 17 0 0.18 M M 12.1 31 210 M M 6 3 51 250
6 55 41 48 -6 17 0 0.16 M M 10.3 18 280 M M 6 1 32 300
7 54 41 48 -6 17 0 T M M 7.6 16 260 M M 6 23 250
8 54 41 48 -6 17 0 0.15 M M 8.0 21 260 M M 6 1 33 270
9 59 40 50 -5 15 0 0.91 M M 13.4 28 160 M M 9 18 43 140
10 57 49 53 -2 12 0 0.64 M M 7.3 25 160 M M 8 1 39 150
11 59 47 53 -2 12 0 T M M 4.0 15 230 M M 8 1 22 220
12 59 54 57 2 8 0 0.26 M M 9.2 21 150 M M 9 1 30 140
13 65 54 60 5 5 0 T M M 8.4 17 220 M M 9 21 220
14 62 48 55 0 10 0 0.50 M M 18.5 38 170 M M 9 1 49 160
15 59 40 50 -5 15 0 0.00 M M 6.6 17 280 M M 3 32 300
16 59 42 51 -4 14 0 0.00 M M 5.2 16 280 M M 2 21 270
17 64 42 53 -2 12 0 0.00 M M 5.1 16 280 M M 5 20 290
18 66 44 55 0 10 0 0.01 M M 4.8 22 190 M M 6 29 190
19 58 51 55 0 10 0 0.45 M M 11.9 24 160 M M 10 1 40 140
20 56 48 52 -3 13 0 T M M 8.3 17 280 M M 7 1 29 300
21 58 46 52 -3 13 0 1.28 M M 19.1 51 150 M M 10 1 74 140
22 59 48 54 -2 11 0 0.20 M M 10.7 20 160 M M 9 33 140
23 57 49 53 -3 12 0 T M M 18.9 32 300 M M 6 41 310
24 59 43 51 -5 14 0 0.00 M M 12.2 32 300 M M 4 41 310
25 59 43 51 -5 14 0 0.00 M M 11.9 21 290 M M 2 35 320
26 57 40 49 -7 16 0 0.00 M M 8.7 20 280 M M 1 34 330
27 61 37 49 -7 16 0 0.00 M M 6.4 18 260 M M 4 20 260
28 53 46 50 -6 15 0 0.64 M M 15.8 35 160 M M 8 18 53 140
29 52 43 48 -8 17 0 M M M 11.0 23 160 M M 8 135 38 150
30 57 41 49 -7 16 0 0.00 M M 7.3 18 260 M M 4 29 290
31 59 42 51 -5 14 0 0.00 M M 7.4 15 270 M M 4 23 250
================================================================================
SM 1788 1363 432 0 5.50 M 310.1 M 194
================================================================================
AV 57.7 44.0 10.0 FASTST M M 6 MAX(MPH)
MISC ----> 51 150 74 140
================================================================================
NOTES:
# LAST OF SEVERAL OCCURRENCES
COLUMN 17 PEAK WIND IN M.P.H.
PRELIMINARY LOCAL CLIMATOLOGICAL DATA (WS FORM: F-6) , PAGE 2
STATION: OAKLAND AIRPORT
MONTH: MARCH
YEAR: 2023
LATITUDE: 37 43 N
LONGITUDE: 122 13 W
[TEMPERATURE DATA] [PRECIPITATION DATA] SYMBOLS USED IN COLUMN 16
AVERAGE MONTHLY: 50.8 TOTAL FOR MONTH: 5.50 1 = FOG OR MIST
DPTR FM NORMAL: -4.3 DPTR FM NORMAL: 2.79 2 = FOG REDUCING VISIBILITY
HIGHEST: 66 ON 18 GRTST 24HR 1.55 ON 9-10 TO 1/4 MILE OR LESS
LOWEST: 37 ON 27 3 = THUNDER
SNOW, ICE PELLETS, HAIL 4 = ICE PELLETS
TOTAL MONTH: M 5 = HAIL
GRTST 24HR M ON M 6 = FREEZING RAIN OR DRIZZLE
GRTST DEPTH: M ON M 7 = DUSTSTORM OR SANDSTORM:
VSBY 1/2 MILE OR LESS
8 = SMOKE OR HAZE
[NO. OF DAYS WITH] [WEATHER - DAYS WITH] 9 = BLOWING SNOW
X = TORNADO
MAX 32 OR BELOW: 0 0.01 INCH OR MORE: 13
MAX 90 OR ABOVE: 0 0.10 INCH OR MORE: 12
MIN 32 OR BELOW: 0 0.50 INCH OR MORE: 5
MIN 0 OR BELOW: 0 1.00 INCH OR MORE: 1
[HDD (BASE 65) ]
TOTAL THIS MO. 432 CLEAR (SCALE 0-3) 4
DPTR FM NORMAL 123 PTCLDY (SCALE 4-7) 18
TOTAL FM JUL 1 2410 CLOUDY (SCALE 8-10) 9
DPTR FM NORMAL 215
[CDD (BASE 65) ]
TOTAL THIS MO. 0
DPTR FM NORMAL -1 [PRESSURE DATA]
TOTAL FM JAN 1 0 HIGHEST SLP M ON M
DPTR FM NORMAL -1 LOWEST SLP 29.18 ON 21
[REMARKS]
#FINAL-03-23#