000
CXUS54 KMAF 011231
CF6ODO
PRELIMINARY LOCAL CLIMATOLOGICAL DATA (WS FORM: F-6)
STATION: ODESSA SCHLEYMEYER
MONTH: MAY
YEAR: 2023
LATITUDE: 31 55 N
LONGITUDE: 102 23 W
TEMPERATURE IN F: :PCPN: SNOW: WIND :SUNSHINE: SKY :PK WND
================================================================================
1 2 3 4 5 6A 6B 7 8 9 10 11 12 13 14 15 16 17 18
12Z AVG MX 2MIN
DY MAX MIN AVG DEP HDD CDD WTR SNW DPTH SPD SPD DIR MIN PSBL S-S WX SPD DR
================================================================================
1 82 53 68 -1 0 3 0.00 M M 9.9 23 70 M M 0 29 70
2 85 59 72 2 0 7 0.01 M M 11.7 32 140 M M 1 38 41 140
3 86 61 74 4 0 9 0.03 M M 11.7 24 180 M M 1 3 32 180
4 89 66 78 8 0 13 0.00 M M 13.0 26 240 M M 1 39 230
5 94 62 78 8 0 13 0.00 M M 7.9 23 260 M M 0 8 32 210
6 95 62 79 8 0 14 0.00 M M 6.5 18 240 M M 0 25 250
7 95 65 80 9 0 15 0.00 M M 8.3 17 210 M M 0 8 25 210
8 96 64 80 8 0 15 0.00 M M 7.0 20 200 M M 0 18 26 200
9 96 68 82 10 0 17 0.00 M M 14.2 31 180 M M 0 8 44 160
10 93 64 79 7 0 14 0.00 M M 15.5 25 150 M M 0 33 150
11 89 64 77 5 0 12 0.00 M M 12.1 25 270 M M 0 8 37 250
12 91 60 76 3 0 11 0.51 M M 10.6 31 210 M M 3 138 43 180
13 72 59 66 -7 0 1 0.01 M M 10.9 31 130 M M 6 45 130
14 80 57 69 -5 0 4 0.00 M M 7.2 17 350 M M 5 23 340
15 82 59 71 -3 0 6 0.00 M M 8.1 20 140 M M 4 1 24 80
16 85 62 74 0 0 9 0.01 M M 7.2 15 110 M M 3 1 22 60
17 90 61 76 1 0 11 0.00 M M 9.0 25 40 M M 2 32 120
18 90 68 79 4 0 14 0.01 M M 12.5 25 150 M M 3 37 170
19 89 58 74 -1 0 9 2.07 M M 11.5 36 80 M M 2 1238 52 80
20 73 59 66 -10 0 1 0.01 M M 9.9 21 60 M M 4 138 29 60
21 82 64 73 -3 0 8 0.00 M M 9.9 20 150 M M 4 8 26 150
22 88 64 76 0 0 11 0.06 M M 10.5 24 220 M M 4 3 37 230
23 94 62 78 1 0 13 0.00 M M 11.0 30 190 M M 0 1 36 190
24 86 66 76 -1 0 11 0.00 M M 14.8 23 120 M M 4 34 110
25 83 63 73 -4 0 8 0.00 M M 15.2 22 70 M M 7 30 160
26 86 66 76 -2 0 11 0.00 M M 15.4 24 140 M M 7 8 32 160
27 84 67 76 -2 0 11 0.11 M M 13.3 29 220 M M 1 3 37 230
28 86 63 75 -3 0 10 0.00 M M 11.3 22 160 M M 0 3 29 160
29 93 63 78 -1 0 13 0.00 M M 10.8 20 150 M M 1 25 150
30 95 66 81 2 0 16 0.00 M M 13.8 22 170 M M 0 32 170
31 91 68 80 1 0 15 0.00 M M 19.1 32 140 M M 0 3 47 130
================================================================================
SM 2720 1943 0 325 2.83 M 349.8 M 63
================================================================================
AV 87.7 62.7 11.3 FASTST M M 2 MAX(MPH)
MISC ----> 36 80 52 80
================================================================================
NOTES:
# LAST OF SEVERAL OCCURRENCES
COLUMN 17 PEAK WIND IN M.P.H.
PRELIMINARY LOCAL CLIMATOLOGICAL DATA (WS FORM: F-6) , PAGE 2
STATION: ODESSA SCHLEYMEYER
MONTH: MAY
YEAR: 2023
LATITUDE: 31 55 N
LONGITUDE: 102 23 W
[TEMPERATURE DATA] [PRECIPITATION DATA] SYMBOLS USED IN COLUMN 16
AVERAGE MONTHLY: 75.2 TOTAL FOR MONTH: 2.83 1 = FOG OR MIST
DPTR FM NORMAL: 1.0 DPTR FM NORMAL: 1.21 2 = FOG REDUCING VISIBILITY
HIGHEST: 96 ON 9, 8 GRTST 24HR 2.08 ON 19-20 TO 1/4 MILE OR LESS
LOWEST: 53 ON 1 3 = THUNDER
SNOW, ICE PELLETS, HAIL 4 = ICE PELLETS
TOTAL MONTH: M 5 = HAIL
GRTST 24HR M ON M 6 = FREEZING RAIN OR DRIZZLE
GRTST DEPTH: M ON M 7 = DUSTSTORM OR SANDSTORM:
VSBY 1/2 MILE OR LESS
8 = SMOKE OR HAZE
[NO. OF DAYS WITH] [WEATHER - DAYS WITH] 9 = BLOWING SNOW
X = TORNADO
MAX 32 OR BELOW: 0 0.01 INCH OR MORE: 10
MAX 90 OR ABOVE: 13 0.10 INCH OR MORE: 3
MIN 32 OR BELOW: 0 0.50 INCH OR MORE: 2
MIN 0 OR BELOW: 0 1.00 INCH OR MORE: 1
[HDD (BASE 65) ]
TOTAL THIS MO. 0 CLEAR (SCALE 0-3) 22
DPTR FM NORMAL -18 PTCLDY (SCALE 4-7) 9
TOTAL FM JUL 1 2212 CLOUDY (SCALE 8-10) 0
DPTR FM NORMAL -298
[CDD (BASE 65) ]
TOTAL THIS MO. 325
DPTR FM NORMAL 20 [PRESSURE DATA]
TOTAL FM JAN 1 473 HIGHEST SLP 30.25 ON 20
DPTR FM NORMAL 33 LOWEST SLP 29.57 ON 11
[REMARKS]
#FINAL-05-23#