000
CXUS53 KGID 011042
CF6ODX
PRELIMINARY LOCAL CLIMATOLOGICAL DATA (WS FORM: F-6)
STATION: ORD NE
MONTH: DECEMBER
YEAR: 2022
LATITUDE: 41 37 N
LONGITUDE: 98 57 W
TEMPERATURE IN F: :PCPN: SNOW: WIND :SUNSHINE: SKY :PK WND
================================================================================
1 2 3 4 5 6A 6B 7 8 9 10 11 12 13 14 15 16 17 18
12Z AVG MX 2MIN
DY MAX MIN AVG DEP HDD CDD WTR SNW DPTH SPD SPD DIR MIN PSBL S-S WX SPD DR
================================================================================
1 47 21 34 4 31 0 0.00 M M 10.5 21 180 M M 0 28 190
2 45 13 29 -1 36 0 0.00 M M 14.4 38 320 M M 1 8 49 340
3 43 2 23 -6 42 0 0.00 M M 8.2 26 210 M M 0 34 200
4 53 10 32 3 33 0 0.00 M M 4.6 16 180 M M 1 21 180
5 41 25 33 4 32 0 0.00 M M 8.7 21 360 M M 2 29 360
6 55 18 37 9 28 0 0.00 M M 6.3 17 260 M M 3 23 250
7 22 10 16 -12 49 0 0.00 M M 5.9 16 360 M M 5 1 22 350
8 30 9 20 -8 45 0 0.07 M M 3.4 18 310 M M 4 168 24 310
9 32 21 27 0 38 0 0.00 M M 7.1 18 320 M M 10 18 24 320
10 48 19 34 7 31 0 0.00 M M 4.9 21 320 M M 2 1 25 310
11 51 16 34 7 31 0 0.00 M M 10.2 25 170 M M 0 33 160
12 43 32 38 11 27 0 0.29 M M 14.2 21 100 M M 10 1 30 120
13 45 30 38 12 27 0 0.08 M M 12.1 23 170 M M 10 16 34 190
14 32 23 28 2 37 0 0.06 M M 24.1 37 310 M M 9 1 49 320
15 26 19 23 -3 42 0 T M M 28.6 39 300 M M 9 55 330
16 24 19 22 -4 43 0 T M M 25.8 38 320 M M 10 51 320
17 29 7 18 -8 47 0 0.00 M M 12.7 28 310 M M 1 38 300
18 40 5 23 -2 42 0 0.00 M M 6.4 20 160 M M 0 26 160
19 14 2 8 -17 57 0 T M M 11.6 21 320 M M 7 18 28 310
20 13 -2 6 -19 59 0 0.00 M M 6.8 15 350 M M 1 19 340
21 19 -10 5 -20 60 0 0.04 M M 15.3 35 320 M M 9 18 48 330
22 -6 -17 -11 -36 76 0 0.00 M M 27.9 39 320 M M 9 8 50 310
23 7 -6 1 -24 64 0 0.00 M M 21.9 35 320 M M 1 47 330
24 15 -2 7 -17 58 0 0.00 M M 5.9 15 310 M M 7 21 300
25 45 -5 20 -4 45 0 0.00 M M 11.2 30 310 M M 5 43 290
26 31 4 18 -6 47 0 T M M 13.7 39 320 M M 3 52 330
27 53 21 37 13 28 0 0.00 M M 7.3 15 160 M M 0 21 150
28 52 23 38 14 27 0 0.00 M M 3.5 14 300 M M 3 16 300
29 40 23 32 8 33 0 0.28 M M 9.8 21 320 M M 7 1 29 340
30 39 14 27 3 38 0 0.00 M M 4.5 13 230 M M 0 1 18 190
31 44 27 36 12 29 0 0.00 M M 3.3 14 190 M M 4 1 18 180
================================================================================
SM 1072 371 1282 0 0.82 M 350.8 M 133
================================================================================
AV 34.6 12.0 11.3 FASTST M M 4 MAX(MPH)
MISC ----> # 39 300 55 330
================================================================================
NOTES:
# LAST OF SEVERAL OCCURRENCES
COLUMN 17 PEAK WIND IN M.P.H.
PRELIMINARY LOCAL CLIMATOLOGICAL DATA (WS FORM: F-6) , PAGE 2
STATION: ORD NE
MONTH: DECEMBER
YEAR: 2022
LATITUDE: 41 37 N
LONGITUDE: 98 57 W
[TEMPERATURE DATA] [PRECIPITATION DATA] SYMBOLS USED IN COLUMN 16
AVERAGE MONTHLY: 23.3 TOTAL FOR MONTH: 0.82 1 = FOG OR MIST
DPTR FM NORMAL: -2.9 DPTR FM NORMAL: 0.26 2 = FOG REDUCING VISIBILITY
HIGHEST: 55 ON 6 GRTST 24HR 0.36 ON 12-13 TO 1/4 MILE OR LESS
LOWEST: -17 ON 22 3 = THUNDER
SNOW, ICE PELLETS, HAIL 4 = ICE PELLETS
TOTAL MONTH: M 5 = HAIL
GRTST 24HR M ON M 6 = FREEZING RAIN OR DRIZZLE
GRTST DEPTH: M ON M 7 = DUSTSTORM OR SANDSTORM:
VSBY 1/2 MILE OR LESS
8 = SMOKE OR HAZE
[NO. OF DAYS WITH] [WEATHER - DAYS WITH] 9 = BLOWING SNOW
X = TORNADO
MAX 32 OR BELOW: 14 0.01 INCH OR MORE: 6
MAX 90 OR ABOVE: 0 0.10 INCH OR MORE: 2
MIN 32 OR BELOW: 31 0.50 INCH OR MORE: 0
MIN 0 OR BELOW: 6 1.00 INCH OR MORE: 0
[HDD (BASE 65) ]
TOTAL THIS MO. 1282 CLEAR (SCALE 0-3) 16
DPTR FM NORMAL 79 PTCLDY (SCALE 4-7) 7
TOTAL FM JUL 1 2670 CLOUDY (SCALE 8-10) 8
DPTR FM NORMAL -29
[CDD (BASE 65) ]
TOTAL THIS MO. 0
DPTR FM NORMAL 0 [PRESSURE DATA]
TOTAL FM JAN 1 1115 HIGHEST SLP 30.75 ON 20
DPTR FM NORMAL 276 LOWEST SLP 29.29 ON 13
[REMARKS]
SUBSTITUTED LIQUID PRECIPITATION AMOUNT (0.07) FOR 12/8/2022 FROM LOCAL
COOPERATIVE OBSERVER (ORD #2, SITE 25-6336) DUE TO THE AUTOMATED GAUGE
CAPTURE UNDER-REPRESENTING PRECIPITATION FROM THE SNOW EVENT.
#FINAL-12-22#