158
CXHW52 PHFO 011250
CF6OGG
PRELIMINARY LOCAL CLIMATOLOGICAL DATA (WS FORM: F-6)
STATION: KAHULUI HI
MONTH: JULY
YEAR: 2020
LATITUDE: 20 53 N
LONGITUDE: 156 26 W
TEMPERATURE IN F: :PCPN: SNOW: WIND :SUNSHINE: SKY :PK WND
================================================================================
1 2 3 4 5 6A 6B 7 8 9 10 11 12 13 14 15 16 17 18
12Z AVG MX 2MIN
DY MAX MIN AVG DEP HDD CDD WTR SNW DPTH SPD SPD DIR MIN PSBL S-S WX SPD DR
================================================================================
1 M M M M M M M M M M M M M M M M M
2 89 76 83 4 0 18 0.00 0.0 M 15.8 28 40 M M M 34 30
3 90 75 83 4 0 18 T 0.0 M 12.5 29 40 M M M 8 39 50
4 93 70 82 3 0 17 0.00 0.0 M 11.6 26 30 M M M 32 30
5 93 68 81 2 0 16 0.00 0.0 M 10.0 23 40 M M M 28 50
6 92 77 85 6 0 20 0.00 0.0 M 17.1 31 40 M M M 37 30
7 M M M M M M M M M M M M M M M M M
8 M M M M M M M M M M M M M M M M M
9 91 70 81 2 0 16 0.00 0.0 M 15.3 29 60 M M M 8 37 70
10 91 77 84 5 0 19 0.00 0.0 M 18.7 31 80 M M M 8 42 80
11 92 77 85 6 0 20 0.00 0.0 M 17.8 30 40 M M M 40 50
12 90 76 83 4 0 18 0.00 0.0 M 18.2 31 40 M M M 37 40
13 92 75 84 5 0 19 T 0.0 M 15.0 29 40 M M M 36 50
14 92 74 83 4 0 18 T 0.0 M 15.5 29 40 M M M 36 40
15 88 76 82 3 0 17 0.00 0.0 M 15.3 25 40 M M M 32 40
16 93 71 82 3 0 17 0.00 0.0 M 11.6 28 30 M M M 35 30
17 95 71 83 4 0 18 0.00 0.0 M 9.8 25 30 M M M 31 40
18 93 72 83 4 0 18 0.00 0.0 M 16.2 32 40 M M M 41 40
19 91 78 85 6 0 20 0.00 0.0 M 20.2 33 40 M M M 41 40
20 M M M M M M M M M M M M M M M M M
21 89 73 81 2 0 16 0.00 0.0 M 9.9 21 40 M M M 25 40
22 92 70 81 2 0 16 0.00 0.0 M 11.4 25 40 M M M 30 40
23 93 68 81 2 0 16 0.00 0.0 M 13.8 28 70 M M M 37 80
24 90 77 84 5 0 19 0.00 0.0 M 18.5 33 40 M M M 39 30
25 94 77 86 6 0 21 0.01 0.0 M 17.3 33 40 M M M 37 40
26 86 73 80 0 0 15 0.27 0.0 M 12.1 30 30 M M M 18 38 40
27 91 76 84 4 0 19 0.00 0.0 M 18.4 32 60 M M M 43 70
28 M M M M M M M M M M M M M M M M M
29 91 73 82 2 0 17 T 0.0 M 15.9 31 40 M M M 37 40
30 91 73 82 2 0 17 0.01 0.0 M 16.3 31 40 M M M 39 40
31 90 76 83 3 0 18 0.00 0.0 M 17.2 33 40 M M M 38 40
================================================================================
SM 2372 1919 0 463 0.29 0.0 391.4 M M
================================================================================
AV 91.2 73.8 15.1 FASTST M M 0 MAX(MPH)
MISC ----> # 33 40 # 43 70
================================================================================
NOTES:
# LAST OF SEVERAL OCCURRENCES
COLUMN 17 PEAK WIND IN M.P.H.
PRELIMINARY LOCAL CLIMATOLOGICAL DATA (WS FORM: F-6) , PAGE 2
STATION: KAHULUI HI
MONTH: JULY
YEAR: 2020
LATITUDE: 20 53 N
LONGITUDE: 156 26 W
[TEMPERATURE DATA] [PRECIPITATION DATA] SYMBOLS USED IN COLUMN 16
AVERAGE MONTHLY: 82.5 TOTAL FOR MONTH: 0.29 1 = FOG OR MIST
DPTR FM NORMAL: 3.4 DPTR FM NORMAL: -0.21 2 = FOG REDUCING VISIBILITY
HIGHEST: 95 ON 17 GRTST 24HR 0.27 ON 26-26 TO 1/4 MILE OR LESS
LOWEST: 68 ON 23, 5 3 = THUNDER
SNOW, ICE PELLETS, HAIL 4 = ICE PELLETS
TOTAL MONTH: 0.0 INCH 5 = HAIL
GRTST 24HR 0.0 6 = FREEZING RAIN OR DRIZZLE
GRTST DEPTH: M ON M 7 = DUSTSTORM OR SANDSTORM:
VSBY 1/2 MILE OR LESS
8 = SMOKE OR HAZE
[NO. OF DAYS WITH] [WEATHER - DAYS WITH] 9 = BLOWING SNOW
X = TORNADO
MAX 32 OR BELOW: 0 0.01 INCH OR MORE: 3
MAX 90 OR ABOVE: 22 0.10 INCH OR MORE: 1
MIN 32 OR BELOW: 0 0.50 INCH OR MORE: 0
MIN 0 OR BELOW: 0 1.00 INCH OR MORE: 0
[HDD (BASE 65) ]
TOTAL THIS MO. 0 CLEAR (SCALE 0-3) 0
DPTR FM NORMAL 0 PTCLDY (SCALE 4-7) 0
TOTAL FM JUL 1 0 CLOUDY (SCALE 8-10) 0
DPTR FM NORMAL 0
[CDD (BASE 65) ]
TOTAL THIS MO. 463
DPTR FM NORMAL 24 [PRESSURE DATA]
TOTAL FM JAN 1 2558 HIGHEST SLP 30.11 ON 7
DPTR FM NORMAL 472 LOWEST SLP 29.84 ON 26
[REMARKS]
#FINAL-07-20#