000
CXUS53 KEAX 010736
CF6OJC
PRELIMINARY LOCAL CLIMATOLOGICAL DATA (WS FORM: F-6)
STATION: JOHNSON COUNTY EXECUTIVE KS
MONTH: JUNE
YEAR: 2021
LATITUDE: 38 50 N
LONGITUDE: 94 44 W
TEMPERATURE IN F: :PCPN: SNOW: WIND :SUNSHINE: SKY :PK WND
================================================================================
1 2 3 4 5 6A 6B 7 8 9 10 11 12 13 14 15 16 17 18
12Z AVG MX 2MIN
DY MAX MIN AVG DEP HDD CDD WTR SNW DPTH SPD SPD DIR MIN PSBL S-S WX SPD DR
================================================================================
1 71 58 65 -5 0 0 T M M 4.5 12 60 M M 8 16 50
2 77 55 66 -5 0 1 0.00 M M 3.0 10 100 M M 3 18 15 60
3 83 55 69 -2 0 4 0.00 M M 2.6 10 250 M M 1 17 180
4 87 58 73 2 0 8 0.00 M M 7.0 15 200 M M 1 20 200
5 84 63 74 2 0 9 0.00 M M 7.3 15 210 M M 1 23 190
6 83 66 75 3 0 10 0.00 M M 7.5 14 160 M M 4 20 150
7 85 64 75 3 0 10 0.00 M M 6.2 13 170 M M 1 20 170
8 88 65 77 5 0 12 0.00 M M 4.8 12 150 M M 2 M M
9 90 68 79 6 0 14 0.00 M M 2.7 10 150 M M 2 18 14 140
10 91 71 81 8 0 16 0.00 M M 4.2 12 150 M M 1 16 180
11 89 69 79 6 0 14 0.02 M M 6.9 30 40 M M 3 138 43 20
12 89 71 80 6 0 15 0.00 M M 6.8 16 10 M M 3 22 40
13 91 64 78 4 0 13 0.00 M M 4.7 12 130 M M 0 17 50
14 96 63 80 6 0 15 0.00 M M 3.2 13 330 M M 0 19 330
15 94 71 83 9 0 18 0.00 M M 5.0 12 150 M M 1 15 140
16 93 71 82 8 0 17 0.00 M M 5.6 13 150 M M 1 8 18 130
17 99 75 87 12 0 22 0.00 M M 6.5 18 240 M M 0 27 220
18 98 77 88 13 0 23 0.00 M M 11.1 17 210 M M 0 27 230
19 94 78 86 11 0 21 0.00 M M 9.4 16 240 M M 1 26 200
20 96 73 85 10 0 20 0.10 M M 11.9 26 10 M M 5 3 38 10
21 79 60 70 -6 0 5 0.00 M M 10.0 23 360 M M 2 32 350
22 87 56 72 -4 0 7 0.00 M M 9.0 18 190 M M 1 27 200
23 88 64 76 0 0 11 0.00 M M 13.7 22 170 M M 2 32 180
24 90 73 82 6 0 17 0.27 M M 13.4 22 190 M M 4 138 34 170
25 90 67 79 3 0 14 1.47 M M 10.2 28 210 M M 7 138 42 200
26 82 67 75 -1 0 10 0.56 M M 8.3 17 190 M M 7 13 28 190
27 77 65 71 -5 0 6 0.00 M M 2.2 7 40 M M 6 10 70
28 75 69 72 -5 0 7 0.38 M M 3.7 9 170 M M 7 13 13 130
29 79 69 74 -3 0 9 0.24 M M 2.4 12 250 M M 7 1 17 250
30 75 70 73 -4 0 8 1.00 M M 4.2 12 180 M M 9 13 15 180
================================================================================
SM 2600 1995 0 356 4.04 M 198.0 M 90
================================================================================
AV 86.7 66.5 6.6 FASTST M M 3 MAX(MPH)
MISC ----> 30 40 43 20
================================================================================
NOTES:
# LAST OF SEVERAL OCCURRENCES
COLUMN 17 PEAK WIND IN M.P.H.
PRELIMINARY LOCAL CLIMATOLOGICAL DATA (WS FORM: F-6) , PAGE 2
STATION: JOHNSON COUNTY EXECUTIVE KS
MONTH: JUNE
YEAR: 2021
LATITUDE: 38 50 N
LONGITUDE: 94 44 W
[TEMPERATURE DATA] [PRECIPITATION DATA] SYMBOLS USED IN COLUMN 16
AVERAGE MONTHLY: 76.6 TOTAL FOR MONTH: 4.04 1 = FOG OR MIST
DPTR FM NORMAL: 2.6 DPTR FM NORMAL: -1.11 2 = FOG REDUCING VISIBILITY
HIGHEST: 99 ON 17 GRTST 24HR 2.00 ON 25-26 TO 1/4 MILE OR LESS
LOWEST: 55 ON 3, 2 3 = THUNDER
SNOW, ICE PELLETS, HAIL 4 = ICE PELLETS
TOTAL MONTH: M 5 = HAIL
GRTST 24HR M ON M 6 = FREEZING RAIN OR DRIZZLE
GRTST DEPTH: M ON M 7 = DUSTSTORM OR SANDSTORM:
VSBY 1/2 MILE OR LESS
8 = SMOKE OR HAZE
[NO. OF DAYS WITH] [WEATHER - DAYS WITH] 9 = BLOWING SNOW
X = TORNADO
MAX 32 OR BELOW: 0 0.01 INCH OR MORE: 8
MAX 90 OR ABOVE: 12 0.10 INCH OR MORE: 7
MIN 32 OR BELOW: 0 0.50 INCH OR MORE: 3
MIN 0 OR BELOW: 0 1.00 INCH OR MORE: 2
[HDD (BASE 65) ]
TOTAL THIS MO. 0 CLEAR (SCALE 0-3) 20
DPTR FM NORMAL -6 PTCLDY (SCALE 4-7) 9
TOTAL FM JUL 1 4838 CLOUDY (SCALE 8-10) 1
DPTR FM NORMAL -84
[CDD (BASE 65) ]
TOTAL THIS MO. 356
DPTR FM NORMAL 78 [PRESSURE DATA]
TOTAL FM JAN 1 434 HIGHEST SLP M ON M
DPTR FM NORMAL 45 LOWEST SLP 29.53 ON 20
[REMARKS]
#FINAL-06-21#