000
CXUS53 KOAX 011030
CF6OMA
PRELIMINARY LOCAL CLIMATOLOGICAL DATA (WS FORM: F-6)
STATION: OMAHA NE
MONTH: NOVEMBER
YEAR: 2020
LATITUDE: 41 17 N
LONGITUDE: 95 54 W
TEMPERATURE IN F: :PCPN: SNOW: WIND :SUNSHINE: SKY :PK WND
================================================================================
1 2 3 4 5 6A 6B 7 8 9 10 11 12 13 14 15 16 17 18
12Z AVG MX 2MIN
DY MAX MIN AVG DEP HDD CDD WTR SNW DPTH SPD SPD DIR MIN PSBL S-S WX SPD DR
================================================================================
1 50 32 41 -5 24 0 0.00 0.0 0 8.7 28 330 M M 3 37 340
2 66 30 48 2 17 0 0.00 0.0 0 7.2 12 160 M M 2 15 210
3 81 39 60 14 5 0 0.00 0.0 0 10.3 20 200 M M 0 25 210
4 75 42 59 14 6 0 0.00 0.0 0 9.0 14 170 M M 4 18 180
5 76 35 56 11 9 0 0.00 0.0 0 4.5 13 360 M M 3 8 17 360
6 77 42 60 16 5 0 0.00 0.0 0 12.3 24 170 M M 4 32 170
7 75 54 65 21 0 0 0.00 0.0 0 19.9 30 170 M M 5 40 160
8 75 56 66 23 0 1 0.00 0.0 0 22.9 36 170 M M 3 47 180
9 67 33 50 8 15 0 0.34 0.0 0 17.1 25 350 M M 9 32 330
10 35 26 31 -11 34 0 1.06 0.0 0 12.3 22 300 M M 8 13 29 260
11 53 25 39 -2 26 0 0.00 0.0 0 8.0 16 250 M M 1 21 230
12 39 22 31 -10 34 0 0.00 0.0 0 9.0 24 340 M M 4 34 330
13 44 19 32 -8 33 0 0.00 0.0 0 11.5 26 170 M M 0 34 190
14 59 31 45 5 20 0 T 0.0 0 13.4 41 310 M M 7 59 310
15 50 30 40 1 25 0 0.01 0.0 0 15.3 33 310 M M 3 47 310
16 60 26 43 4 22 0 0.00 0.0 0 9.4 30 300 M M 2 45 290
17 55 24 40 2 25 0 0.00 0.0 0 11.4 23 160 M M 3 28 160
18 70 40 55 17 10 0 0.00 0.0 0 16.1 26 190 M M 5 36 200
19 73 39 56 19 9 0 0.00 0.0 0 8.9 15 150 M M 5 18 150
20 57 34 46 10 19 0 0.00 0.0 0 7.1 12 20 M M 6 16 340
21 46 34 40 4 25 0 T 0.0 0 5.3 10 360 M M 9 13 360
22 50 28 39 4 26 0 T 0.0 0 7.6 21 310 M M 3 28 320
23 38 26 32 -3 33 0 0.17 0.2 0 10.3 23 140 M M 8 18 31 140
24 44 36 40 6 25 0 0.30 0.0 0 11.2 23 350 M M 10 1 30 350
25 40 28 34 0 31 0 T 0.0 0 10.8 23 340 M M 9 29 340
26 46 29 38 5 27 0 0.00 0.0 0 10.0 17 160 M M 2 21 340
27 50 25 38 5 27 0 0.00 0.0 0 4.0 13 270 M M 1 1 18 260
28 60 27 44 12 21 0 0.00 0.0 0 9.9 17 200 M M 0 26 230
29 40 24 32 0 33 0 0.00 0.0 0 16.1 35 350 M M 3 48 340
30 40 15 28 -3 37 0 0.00 0.0 0 5.2 13 340 M M 0 19 340
================================================================================
SM 1691 951 623 1 1.88 0.2 324.7 M 122
================================================================================
AV 56.4 31.7 10.8 FASTST M M 4 MAX(MPH)
MISC ----> 41 310 59 310
================================================================================
NOTES:
# LAST OF SEVERAL OCCURRENCES
COLUMN 17 PEAK WIND IN M.P.H.
PRELIMINARY LOCAL CLIMATOLOGICAL DATA (WS FORM: F-6) , PAGE 2
STATION: OMAHA NE
MONTH: NOVEMBER
YEAR: 2020
LATITUDE: 41 17 N
LONGITUDE: 95 54 W
[TEMPERATURE DATA] [PRECIPITATION DATA] SYMBOLS USED IN COLUMN 16
AVERAGE MONTHLY: 44.0 TOTAL FOR MONTH: 1.88 1 = FOG OR MIST
DPTR FM NORMAL: 5.1 DPTR FM NORMAL: 0.24 2 = FOG REDUCING VISIBILITY
HIGHEST: 81 ON 3 GRTST 24HR 1.39 ON 9-10 TO 1/4 MILE OR LESS
LOWEST: 15 ON 30 3 = THUNDER
SNOW, ICE PELLETS, HAIL 4 = ICE PELLETS
TOTAL MONTH: 0.2 INCH 5 = HAIL
GRTST 24HR 0.2 ON 23-23 6 = FREEZING RAIN OR DRIZZLE
GRTST DEPTH: 0 7 = DUSTSTORM OR SANDSTORM:
VSBY 1/2 MILE OR LESS
8 = SMOKE OR HAZE
[NO. OF DAYS WITH] [WEATHER - DAYS WITH] 9 = BLOWING SNOW
X = TORNADO
MAX 32 OR BELOW: 0 0.01 INCH OR MORE: 5
MAX 90 OR ABOVE: 0 0.10 INCH OR MORE: 4
MIN 32 OR BELOW: 18 0.50 INCH OR MORE: 1
MIN 0 OR BELOW: 0 1.00 INCH OR MORE: 1
[HDD (BASE 65) ]
TOTAL THIS MO. 623 CLEAR (SCALE 0-3) 14
DPTR FM NORMAL -162 PTCLDY (SCALE 4-7) 11
TOTAL FM JUL 1 1202 CLOUDY (SCALE 8-10) 5
DPTR FM NORMAL -68
[CDD (BASE 65) ]
TOTAL THIS MO. 1
DPTR FM NORMAL 0 [PRESSURE DATA]
TOTAL FM JAN 1 1409 HIGHEST SLP 30.58 ON 1
DPTR FM NORMAL 296 LOWEST SLP 29.38 ON 14
[REMARKS]
#FINAL-11-20#