000
CXUS56 KOTX 010910
CF6OMK
PRELIMINARY LOCAL CLIMATOLOGICAL DATA (WS FORM: F-6)
STATION: OMAK WA AIRPORT
MONTH: OCTOBER
YEAR: 2021
LATITUDE: 48 27 N
LONGITUDE: 119 31 W
TEMPERATURE IN F: :PCPN: SNOW: WIND :SUNSHINE: SKY :PK WND
================================================================================
1 2 3 4 5 6A 6B 7 8 9 10 11 12 13 14 15 16 17 18
12Z AVG MX 2MIN
DY MAX MIN AVG DEP HDD CDD WTR SNW DPTH SPD SPD DIR MIN PSBL S-S WX SPD DR
================================================================================
1 69 39 54 -3 11 0 0.00 M M 7.1 16 360 M M 0 20 360
2 71 34 53 -3 12 0 0.00 M M 6.9 15 180 M M 1 19 160
3 76 44 60 4 5 0 0.00 M M 5.0 15 160 M M 0 19 160
4 73 43 58 3 7 0 0.00 M M 4.3 9 270 M M 0 12 220
5 76 47 62 7 3 0 T M M 7.7 23 150 M M 3 29 150
6 66 37 52 -2 13 0 0.00 M M 7.5 16 150 M M 1 21 140
7 62 31 47 -7 18 0 0.00 M M 4.9 12 290 M M 0 14 300
8 64 30 47 -6 18 0 0.00 M M 5.6 13 300 M M 0 15 20
9 61 27 44 -9 21 0 0.00 M M 6.1 21 150 M M 3 27 150
10 63 39 51 -1 14 0 0.00 M M 13.2 25 280 M M 3 32 280
11 59 31 45 -7 20 0 0.00 M M 11.9 24 20 M M 0 30 30
12 54 24 39 -12 26 0 0.01 M M 4.8 15 160 M M 4 21 200
13 52 34 43 -7 22 0 0.07 M M 3.1 9 190 M M 8 1 12 190
14 58 28 43 -7 22 0 0.00 M M 6.6 14 180 M M 5 17 180
15 58 46 52 2 13 0 0.00 M M 9.8 17 190 M M 7 22 190
16 66 41 54 5 11 0 0.00 M M 6.3 15 200 M M 2 20 190
17 65 36 51 3 14 0 0.00 M M 3.5 10 220 M M 0 14 210
18 70 40 55 7 10 0 0.00 M M 10.6 18 360 M M 0 22 10
19 66 40 53 5 12 0 0.00 M M 6.6 16 350 M M 0 20 350
20 59 42 51 4 14 0 0.09 M M 5.9 13 170 M M 6 16 150
21 64 36 50 4 15 0 T M M 3.3 12 330 M M 5 26 10
22 54 49 52 6 13 0 0.64 M M 4.3 17 150 M M 10 1 21 150
23 56 44 50 4 15 0 0.00 M M 7.1 17 170 M M 8 22 150
24 53 47 50 5 15 0 0.63 M M 6.5 15 170 M M 10 1 20 210
25 57 43 50 5 15 0 T M M 9.5 21 160 M M 6 26 160
26 55 42 49 5 16 0 0.01 M M 13.3 23 150 M M 5 31 150
27 59 41 50 6 15 0 0.00 M M 9.0 16 140 M M 4 22 160
28 50 43 47 4 18 0 0.25 M M 2.9 12 160 M M 10 1 14 170
29 58 38 48 5 17 0 0.02 M M 10.5 28 10 M M 5 36 10
30 51 36 44 2 21 0 0.00 M M 14.9 26 10 M M 0 34 10
31 49 33 41 -1 24 0 0.00 M M 13.1 18 10 M M 0 25 10
================================================================================
SM 1894 1185 470 0 1.72 M 231.8 M 106
================================================================================
AV 61.1 38.2 7.5 FASTST M M 3 MAX(MPH)
MISC ----> 28 10 36 10
================================================================================
NOTES:
# LAST OF SEVERAL OCCURRENCES
COLUMN 17 PEAK WIND IN M.P.H.
PRELIMINARY LOCAL CLIMATOLOGICAL DATA (WS FORM: F-6) , PAGE 2
STATION: OMAK WA AIRPORT
MONTH: OCTOBER
YEAR: 2021
LATITUDE: 48 27 N
LONGITUDE: 119 31 W
[TEMPERATURE DATA] [PRECIPITATION DATA] SYMBOLS USED IN COLUMN 16
AVERAGE MONTHLY: 49.7 TOTAL FOR MONTH: 1.72 1 = FOG OR MIST
DPTR FM NORMAL: 0.6 DPTR FM NORMAL: 0.80 2 = FOG REDUCING VISIBILITY
HIGHEST: 76 ON 5, 3 GRTST 24HR 0.64 ON 22-22 TO 1/4 MILE OR LESS
LOWEST: 24 ON 12 3 = THUNDER
SNOW, ICE PELLETS, HAIL 4 = ICE PELLETS
TOTAL MONTH: M 5 = HAIL
GRTST 24HR M ON M 6 = FREEZING RAIN OR DRIZZLE
GRTST DEPTH: M ON M 7 = DUSTSTORM OR SANDSTORM:
VSBY 1/2 MILE OR LESS
8 = SMOKE OR HAZE
[NO. OF DAYS WITH] [WEATHER - DAYS WITH] 9 = BLOWING SNOW
X = TORNADO
MAX 32 OR BELOW: 0 0.01 INCH OR MORE: 8
MAX 90 OR ABOVE: 0 0.10 INCH OR MORE: 3
MIN 32 OR BELOW: 6 0.50 INCH OR MORE: 2
MIN 0 OR BELOW: 0 1.00 INCH OR MORE: 0
[HDD (BASE 65) ]
TOTAL THIS MO. 470 CLEAR (SCALE 0-3) 17
DPTR FM NORMAL -25 PTCLDY (SCALE 4-7) 11
TOTAL FM JUL 1 582 CLOUDY (SCALE 8-10) 3
DPTR FM NORMAL -50
[CDD (BASE 65) ]
TOTAL THIS MO. 0
DPTR FM NORMAL -2 [PRESSURE DATA]
TOTAL FM JAN 1 1173 HIGHEST SLP M ON M
DPTR FM NORMAL 469 LOWEST SLP 29.21 ON 24
[REMARKS]
#FINAL-10-21#