000
CXUS52 KMLB 010632
CF6ORL
PRELIMINARY LOCAL CLIMATOLOGICAL DATA (WS FORM: F-6)
STATION: ORLANDO EXEC
MONTH: APRIL
YEAR: 2021
LATITUDE: 28 32 N
LONGITUDE: 81 20 W
TEMPERATURE IN F: :PCPN: SNOW: WIND :SUNSHINE: SKY :PK WND
================================================================================
1 2 3 4 5 6A 6B 7 8 9 10 11 12 13 14 15 16 17 18
12Z AVG MX 2MIN
DY MAX MIN AVG DEP HDD CDD WTR SNW DPTH SPD SPD DIR MIN PSBL S-S WX SPD DR
================================================================================
1 78 57 68 -2 0 3 0.00 0.0 0 9.1 20 350 M M 4 18 24 350
2 66 49 58 -12 7 0 0.00 0.0 0 13.8 23 20 M M 0 8 31 30
3 73 50 62 -8 3 0 0.00 0.0 0 9.1 18 80 M M 6 24 80
4 75 57 66 -4 0 1 0.00 0.0 0 6.6 14 80 M M 3 17 80
5 81 55 68 -2 0 3 0.00 0.0 0 4.3 16 110 M M 1 19 110
6 83 59 71 1 0 6 0.00 0.0 0 4.3 16 100 M M 1 19 90
7 85 58 72 2 0 7 0.00 0.0 0 5.6 16 130 M M 1 20 120
8 85 63 74 3 0 9 0.00 0.0 0 8.0 16 180 M M 1 20 180
9 87 64 76 5 0 11 0.00 0.0 0 10.1 22 130 M M 0 26 110
10 92 67 80 9 0 15 0.06 0.0 0 11.9 35 290 M M 2 3 46 290
11 71 62 67 -4 0 2 2.19 0.0 0 6.7 24 130 M M 5 123 30 10
12 84 63 74 3 0 9 0.00 0.0 0 7.1 15 270 M M 3 19 280
13 91 63 77 6 0 12 0.00 0.0 0 6.8 16 80 M M 0 19 80
14 88 65 77 5 0 12 0.00 0.0 0 7.4 18 130 M M 0 22 140
15 87 68 78 6 0 13 0.00 0.0 0 10.2 29 280 M M 1 38 280
16 85 70 78 6 0 13 0.00 0.0 0 5.8 14 260 M M 6 16 270
17 88 70 79 7 0 14 0.00 0.0 0 8.9 17 260 M M 5 138 22 240
18 85 70 78 6 0 13 0.35 0.0 0 6.5 18 10 M M 7 13 23 10
19 75 69 72 0 0 7 0.46 0.0 0 4.7 16 300 M M 7 13 19 300
20 72 66 69 -4 0 4 1.81 0.0 0 5.9 16 20 M M 9 1238 21 20
21 86 69 78 5 0 13 0.00 0.0 0 8.2 18 290 M M 4 1 22 270
22 79 61 70 -3 0 5 0.00 0.0 0 9.0 16 20 M M 0 20 20
23 81 62 72 -1 0 7 0.00 0.0 0 10.1 17 90 M M 2 22 90
24 89 66 78 5 0 13 0.00 0.0 0 12.4 21 200 M M 2 28 190
25 88 69 79 5 0 14 0.35 0.0 0 11.0 22 260 M M 4 13 31 250
26 85 66 76 2 0 11 0.00 0.0 0 9.0 18 70 M M 1 23 90
27 83 65 74 0 0 9 0.00 0.0 0 8.6 18 70 M M 2 22 90
28 85 64 75 1 0 10 0.00 0.0 0 7.6 16 120 M M 2 24 130
29 90 68 79 5 0 14 0.00 0.0 0 7.1 16 160 M M 3 30 270
30 90 70 80 6 0 15 0.00 0.0 0 8.9 16 290 M M 2 21 300
================================================================================
SM 2487 1905 10 265 5.22 0.0 244.7 M 84
================================================================================
AV 82.9 63.5 8.2 FASTST M M 3 MAX(MPH)
MISC ----> 35 290 46 290
================================================================================
NOTES:
# LAST OF SEVERAL OCCURRENCES
COLUMN 17 PEAK WIND IN M.P.H.
PRELIMINARY LOCAL CLIMATOLOGICAL DATA (WS FORM: F-6) , PAGE 2
STATION: ORLANDO EXEC
MONTH: APRIL
YEAR: 2021
LATITUDE: 28 32 N
LONGITUDE: 81 20 W
[TEMPERATURE DATA] [PRECIPITATION DATA] SYMBOLS USED IN COLUMN 16
AVERAGE MONTHLY: 73.2 TOTAL FOR MONTH: 5.22 1 = FOG OR MIST
DPTR FM NORMAL: 1.3 DPTR FM NORMAL: 2.73 2 = FOG REDUCING VISIBILITY
HIGHEST: 92 ON 10 GRTST 24HR 2.25 ON 10-11 TO 1/4 MILE OR LESS
LOWEST: 49 ON 2 3 = THUNDER
SNOW, ICE PELLETS, HAIL 4 = ICE PELLETS
TOTAL MONTH: 0.0 INCH 5 = HAIL
GRTST 24HR 0.0 6 = FREEZING RAIN OR DRIZZLE
GRTST DEPTH: 0 7 = DUSTSTORM OR SANDSTORM:
VSBY 1/2 MILE OR LESS
8 = SMOKE OR HAZE
[NO. OF DAYS WITH] [WEATHER - DAYS WITH] 9 = BLOWING SNOW
X = TORNADO
MAX 32 OR BELOW: 0 0.01 INCH OR MORE: 6
MAX 90 OR ABOVE: 4 0.10 INCH OR MORE: 5
MIN 32 OR BELOW: 0 0.50 INCH OR MORE: 2
MIN 0 OR BELOW: 0 1.00 INCH OR MORE: 2
[HDD (BASE 65) ]
TOTAL THIS MO. 10 CLEAR (SCALE 0-3) 17
DPTR FM NORMAL -1 PTCLDY (SCALE 4-7) 12
TOTAL FM JUL 1 369 CLOUDY (SCALE 8-10) 1
DPTR FM NORMAL -161
[CDD (BASE 65) ]
TOTAL THIS MO. 265
DPTR FM NORMAL 47 [PRESSURE DATA]
TOTAL FM JAN 1 701 HIGHEST SLP M ON M
DPTR FM NORMAL 262 LOWEST SLP 29.70 ON 11
[REMARKS]
#FINAL-04-21#