000
CXUS53 KPAH 010700
CF6OWB
PRELIMINARY LOCAL CLIMATOLOGICAL DATA (WS FORM: F-6)
STATION: OWENSBORO KY
MONTH: JUNE
YEAR: 2022
LATITUDE: 37 45 N
LONGITUDE: 87 10 W
TEMPERATURE IN F: :PCPN: SNOW: WIND :SUNSHINE: SKY :PK WND
================================================================================
1 2 3 4 5 6A 6B 7 8 9 10 11 12 13 14 15 16 17 18
12Z AVG MX 2MIN
DY MAX MIN AVG DEP HDD CDD WTR SNW DPTH SPD SPD DIR MIN PSBL S-S WX SPD DR
================================================================================
1 91 67 79 7 0 14 0.09 M M 7.0 36 280 M M 3 138 45 280
2 79 64 72 -1 0 7 0.01 M M 6.4 16 330 M M 6 1 18 330
3 81 60 71 -2 0 6 0.00 M M 3.9 14 60 M M 0 17 70
4 86 54 70 -3 0 5 0.00 M M 2.2 12 100 M M 1 8 15 40
5 86 59 73 -1 0 8 0.00 M M 2.6 13 240 M M 1 8 20 250
6 81 66 74 0 0 9 0.59 M M 8.6 24 270 M M 6 13 29 260
7 85 66 76 2 0 11 T M M 3.5 15 20 M M 5 128 22 30
8 88 67 78 3 0 13 0.14 M M 9.3 28 300 M M 4 13 35 310
9 81 62 72 -3 0 7 0.00 M M 5.4 15 330 M M 1 8 18 340
10 78 61 70 -5 0 5 0.01 M M 4.1 13 330 M M 5 16 330
11 86 61 74 -2 0 9 0.00 M M 5.9 15 190 M M 3 18 170
12 89 70 80 4 0 15 T M M 7.7 16 210 M M 3 20 210
13 98 78 88 12 0 23 0.00 M M 10.1 20 240 M M 3 8 24 260
14 97 79 88 12 0 23 0.00 M M 9.2 18 230 M M 0 8 22 230
15 97 75 86 9 0 21 0.00 M M 7.7 16 200 M M 0 8 18 200
16 96 76 86 9 0 21 0.00 M M 7.7 17 230 M M 1 24 240
17 87 71 79 2 0 14 0.11 M M 5.9 17 170 M M 1 13 22 180
18 82 63 73 -5 0 8 0.00 M M 8.5 18 60 M M 0 8 24 60
19 84 58 71 -7 0 6 0.00 M M 5.9 15 100 M M 0 8 18 100
20 91 59 75 -3 0 10 0.00 M M 3.6 10 200 M M 0 13 190
21 94 65 80 2 0 15 0.00 M M 4.4 14 250 M M 0 17 240
22 97 69 83 4 0 18 0.00 M M 6.6 17 280 M M 0 21 300
23 89 68 79 0 0 14 0.00 M M 5.4 14 360 M M 0 8 18 10
24 90 62 76 -3 0 11 0.00 M M 4.5 14 150 M M 0 22 170
25 94 68 81 2 0 16 0.00 M M 4.1 13 230 M M 0 17 240
26 82 70 76 -3 0 11 0.07 M M 7.2 23 220 M M 4 29 220
27 82 64 73 -7 0 8 0.00 M M 6.6 15 320 M M 0 8 18 10
28 80 58 69 -11 0 4 0.00 M M 5.8 13 60 M M 0 16 60
29 89 51 70 -10 0 5 0.00 M M 2.7 10 140 M M 0 15 140
30 94 61 78 -2 0 13 0.00 M M 4.4 12 170 M M 2 15 250
================================================================================
SM 2634 1952 0 350 1.02 M 176.9 M 49
================================================================================
AV 87.8 65.1 5.9 FASTST M M 2 MAX(MPH)
MISC ----> 36 280 45 280
================================================================================
NOTES:
# LAST OF SEVERAL OCCURRENCES
COLUMN 17 PEAK WIND IN M.P.H.
PRELIMINARY LOCAL CLIMATOLOGICAL DATA (WS FORM: F-6) , PAGE 2
STATION: OWENSBORO KY
MONTH: JUNE
YEAR: 2022
LATITUDE: 37 45 N
LONGITUDE: 87 10 W
[TEMPERATURE DATA] [PRECIPITATION DATA] SYMBOLS USED IN COLUMN 16
AVERAGE MONTHLY: 76.4 TOTAL FOR MONTH: 1.02 1 = FOG OR MIST
DPTR FM NORMAL: -0.3 DPTR FM NORMAL: -1.99 2 = FOG REDUCING VISIBILITY
HIGHEST: 98 ON 13 GRTST 24HR 0.59 ON 6- 6 TO 1/4 MILE OR LESS
LOWEST: 51 ON 29 3 = THUNDER
SNOW, ICE PELLETS, HAIL 4 = ICE PELLETS
TOTAL MONTH: M 5 = HAIL
GRTST 24HR M ON M 6 = FREEZING RAIN OR DRIZZLE
GRTST DEPTH: M ON M 7 = DUSTSTORM OR SANDSTORM:
VSBY 1/2 MILE OR LESS
8 = SMOKE OR HAZE
[NO. OF DAYS WITH] [WEATHER - DAYS WITH] 9 = BLOWING SNOW
X = TORNADO
MAX 32 OR BELOW: 0 0.01 INCH OR MORE: 7
MAX 90 OR ABOVE: 11 0.10 INCH OR MORE: 3
MIN 32 OR BELOW: 0 0.50 INCH OR MORE: 1
MIN 0 OR BELOW: 0 1.00 INCH OR MORE: 0
[HDD (BASE 65) ]
TOTAL THIS MO. 0 CLEAR (SCALE 0-3) 22
DPTR FM NORMAL -4 PTCLDY (SCALE 4-7) 8
TOTAL FM JUL 1 3958 CLOUDY (SCALE 8-10) 0
DPTR FM NORMAL 87
[CDD (BASE 65) ]
TOTAL THIS MO. 350
DPTR FM NORMAL -4 [PRESSURE DATA]
TOTAL FM JAN 1 560 HIGHEST SLP 30.27 ON 28
DPTR FM NORMAL 5 LOWEST SLP 29.95 ON 24
[REMARKS]
#FINAL-06-22#