000
CXUS53 KDDC 011406
CF6P28
PRELIMINARY LOCAL CLIMATOLOGICAL DATA (WS FORM: F-6)
STATION: MEDICINE LODGE KS
MONTH: JULY
YEAR: 2023
LATITUDE: 37 17 N
LONGITUDE: 98 35 W
TEMPERATURE IN F: :PCPN: SNOW: WIND :SUNSHINE: SKY :PK WND
================================================================================
1 2 3 4 5 6A 6B 7 8 9 10 11 12 13 14 15 16 17 18
12Z AVG MX 2MIN
DY MAX MIN AVG DEP HDD CDD WTR SNW DPTH SPD SPD DIR MIN PSBL S-S WX SPD DR
================================================================================
1 91 63 77 -4 0 12 0.00 0.0 0 6.7 18 360 M M 0 28 10
2 92 59 76 -5 0 11 0.00 0.0 0 2.8 9 170 M M 0 14 250
3 92 68 80 -1 0 15 0.05 0.0 0 6.1 16 110 M M 0 24 120
4 102 64 83 2 0 18 0.00 0.0 0 7.9 18 170 M M 0 25 160
5 82 66 74 -8 0 9 2.28 0.0 0 8.1 20 20 M M 0 29 300
6 84 64 74 -8 0 9 3.13 0.0 0 5.5 20 170 M M 0 28 140
7 75 67 71 -11 0 6 0.65 0.0 0 7.5 39 180 M M 0 62 190
8 82 64 73 -9 0 8 0.25 0.0 0 8.7 26 10 M M 0 37 10
9 82 61 72 -10 0 7 0.09 0.0 0 4.6 18 60 M M 0 25 60
10 88 61 75 -7 0 10 0.00 0.0 0 6.6 32 360 M M 0 44 360
11 91 67 79 -3 0 14 0.34 0.0 0 6.5 26 10 M M 0 39 30
12 97 73 85 3 0 20 0.00 0.0 0 5.3 14 190 M M 0 20 180
13 92 77 85 3 0 20 0.00 0.0 0 8.5 16 60 M M 0 25 40
14 95 70 83 1 0 18 0.00 0.0 0 7.7 29 40 M M 0 39 40
15 91 65 78 -4 0 13 0.00 0.0 0 4.2 10 190 M M 0 17 190
16 94 65 80 -2 0 15 0.02 0.0 0 5.5 15 190 M M 0 22 310
17 98 72 85 3 0 20 0.01 0.0 0 8.6 30 220 M M 0 45 210
18 102 72 87 5 0 22 0.00 0.0 0 8.1 18 200 M M 0 25 250
19 92 74 83 1 0 18 0.03 0.0 0 9.0 21 350 M M 0 30 10
20 92 72 82 0 0 17 0.23 0.0 0 8.7 22 40 M M 0 31 50
21 83 66 75 -7 0 10 0.74 0.0 0 8.6 26 30 M M 0 38 40
22 88 62 75 -7 0 10 0.00 0.0 0 3.8 12 200 M M 0 18 260
23 95 68 82 0 0 17 0.00 0.0 0 6.2 14 190 M M 0 19 200
24 100 70 85 3 0 20 0.00 0.0 0 7.5 16 200 M M 0 24 180
25 103 75 89 7 0 24 0.00 0.0 0 10.5 25 210 M M 0 40 200
26 101 69 85 3 0 20 0.00 0.0 0 7.7 17 230 M M 0 23 230
27 101 71 86 4 0 21 0.00 0.0 0 8.2 18 190 M M 0 27 180
28 95 74 85 3 0 20 0.00 0.0 0 6.5 16 220 M M 0 23 200
29 98 69 84 2 0 19 0.00 0.0 0 5.6 17 40 M M 0 23 20
30 103 69 86 4 0 21 0.00 0.0 0 7.1 16 200 M M 0 24 190
31 103 71 87 5 0 22 0.00 0.0 0 6.9 16 220 M M 0 23 190
================================================================================
SM 2884 2108 0 486 7.82 0.0 215.2 M 0
================================================================================
AV 93.0 68.0 6.9 FASTST M M 0 MAX(MPH)
MISC ----> 39 180 62 190
================================================================================
NOTES:
# LAST OF SEVERAL OCCURRENCES
COLUMN 17 PEAK WIND IN M.P.H.
PRELIMINARY LOCAL CLIMATOLOGICAL DATA (WS FORM: F-6) , PAGE 2
STATION: MEDICINE LODGE KS
MONTH: JULY
YEAR: 2023
LATITUDE: 37 17 N
LONGITUDE: 98 35 W
[TEMPERATURE DATA] [PRECIPITATION DATA] SYMBOLS USED IN COLUMN 16
AVERAGE MONTHLY: 80.5 TOTAL FOR MONTH: 7.82 1 = FOG OR MIST
DPTR FM NORMAL: -1.5 DPTR FM NORMAL: 4.69 2 = FOG REDUCING VISIBILITY
HIGHEST: 103 ON 31,30 GRTST 24HR 5.27 ON 5- 6 TO 1/4 MILE OR LESS
LOWEST: 59 ON 2 3 = THUNDER
SNOW, ICE PELLETS, HAIL 4 = ICE PELLETS
TOTAL MONTH: 0.0 INCH 5 = HAIL
GRTST 24HR 0.0 6 = FREEZING RAIN OR DRIZZLE
GRTST DEPTH: 0 7 = DUSTSTORM OR SANDSTORM:
VSBY 1/2 MILE OR LESS
8 = SMOKE OR HAZE
[NO. OF DAYS WITH] [WEATHER - DAYS WITH] 9 = BLOWING SNOW
X = TORNADO
MAX 32 OR BELOW: 0 0.01 INCH OR MORE: 12
MAX 90 OR ABOVE: 23 0.10 INCH OR MORE: 7
MIN 32 OR BELOW: 0 0.50 INCH OR MORE: 4
MIN 0 OR BELOW: 0 1.00 INCH OR MORE: 2
[HDD (BASE 65) ]
TOTAL THIS MO. 0
DPTR FM NORMAL 0
TOTAL FM JUL 1 0
DPTR FM NORMAL 0
[CDD (BASE 65) ]
TOTAL THIS MO. 486
DPTR FM NORMAL -40 [PRESSURE DATA]
TOTAL FM JAN 1 965 HIGHEST SLP 30.14 ON 6
DPTR FM NORMAL -114 LOWEST SLP 29.70 ON 12
[REMARKS]
#FINAL-07-23#