000
CXUS56 KLKN 161916
CF6P68
PRELIMINARY LOCAL CLIMATOLOGICAL DATA (WS FORM: F-6)
STATION: EUREKA AIRPORT NV
MONTH: FEBRUARY
YEAR: 2023
LATITUDE: 39 30 N
LONGITUDE: 115 58 W
TEMPERATURE IN F: :PCPN: SNOW: WIND :SUNSHINE: SKY :PK WND
================================================================================
1 2 3 4 5 6A 6B 7 8 9 10 11 12 13 14 15 16 17 18
12Z AVG MX 2MIN
DY MAX MIN AVG DEP HDD CDD WTR SNW DPTH SPD SPD DIR MIN PSBL S-S WX SPD DR
================================================================================
1 31 -4 14 -13 51 0 0.00 M M 4.8 14 200 M M M 16 210
2 38 2 20 -7 45 0 0.00 M M 4.2 15 200 M M M 18 200
3 44 19 32 5 33 0 0.00 M M 6.0 18 150 M M M 23 150
4 38 12 25 -2 40 0 0.00 M M 7.2 24 150 M M M 34 130
5 39 20 30 3 35 0 0.04 M M 7.5 25 280 M M M 36 280
6 33 14 24 -4 41 0 0.00 M M 7.3 21 340 M M M 25 350
7 37 6 22 -6 43 0 0.00 M M 5.1 13 190 M M M 16 220
8 44 9 27 -1 38 0 0.00 M M 5.7 15 280 M M M 22 270
9 37 4 21 -7 44 0 0.00 M M 4.1 10 200 M M M 12 210
10 44 5 25 -3 40 0 0.00 M M 8.5 28 160 M M M 36 160
11 39 13 26 -2 39 0 0.00 M M 8.1 20 140 M M M 26 130
12 38 6 22 -6 43 0 0.00 M M 4.2 9 180 M M M 10 10
13 40 5 23 -6 42 0 0.00 M M 7.4 22 350 M M M 33 350
14 25 12 19 -10 46 0 0.03 M M 9.6 24 330 M M M 33 330
15 28 2 15 -14 50 0 0.00 M M 6.4 16 30 M M M 22 330
16 30 -1 15 -15 50 0 0.00 M M 5.0 13 190 M M M 15 220
17 34 0 17 -13 48 0 0.00 M M 3.8 10 180 M M M 13 220
18 35 1 18 -12 47 0 0.00 M M 4.7 13 230 M M M 17 200
19 42 7 25 -5 40 0 0.00 M M 3.7 13 200 M M M 15 210
20 46 16 31 0 34 0 0.00 M M 4.6 14 210 M M M 17 210
21 42 18 30 -1 35 0 0.21 M M 10.2 32 350 M M M 48 350
22 25 3 14 -17 51 0 0.01 M M 7.8 24 250 M M M 33 260
23 27 1 14 -18 51 0 0.01 M M 8.2 25 190 M M M 34 190
24 31 11 21 -11 44 0 0.01 M M 12.8 24 160 M M M 34 150
25 43 26 35 3 30 0 0.00 M M 15.0 30 180 M M M 45 140
26 37 27 32 -1 33 0 0.03 M M 8.1 21 260 M M M 28 250
27 34 23 29 -4 36 0 0.11 M M 16.6 30 270 M M M 47 270
28 31 3 17 -16 48 0 0.00 M M 16.3 31 180 M M M 40 190
================================================================================
SM 1012 260 1177 0 0.45 M 212.9 M M
================================================================================
AV 36.1 9.3 7.6 FASTST M M M MAX(MPH)
MISC ----> 32 350 48 350
================================================================================
NOTES:
# LAST OF SEVERAL OCCURRENCES
COLUMN 17 PEAK WIND IN M.P.H.
PRELIMINARY LOCAL CLIMATOLOGICAL DATA (WS FORM: F-6) , PAGE 2
STATION: EUREKA AIRPORT NV
MONTH: FEBRUARY
YEAR: 2023
LATITUDE: 39 30 N
LONGITUDE: 115 58 W
[TEMPERATURE DATA] [PRECIPITATION DATA] SYMBOLS USED IN COLUMN 16
AVERAGE MONTHLY: 22.7 TOTAL FOR MONTH: 0.45 1 = FOG OR MIST
DPTR FM NORMAL: -6.8 DPTR FM NORMAL: -0.33 2 = FOG REDUCING VISIBILITY
HIGHEST: 46 ON 20 GRTST 24HR 0.22 ON 21-22 TO 1/4 MILE OR LESS
LOWEST: -4 ON 1 3 = THUNDER
SNOW, ICE PELLETS, HAIL 4 = ICE PELLETS
TOTAL MONTH: M 5 = HAIL
GRTST 24HR M ON M 6 = FREEZING RAIN OR DRIZZLE
GRTST DEPTH: M ON M 7 = DUSTSTORM OR SANDSTORM:
VSBY 1/2 MILE OR LESS
8 = SMOKE OR HAZE
[NO. OF DAYS WITH] [WEATHER - DAYS WITH] 9 = BLOWING SNOW
X = TORNADO
MAX 32 OR BELOW: 8 0.01 INCH OR MORE: 8
MAX 90 OR ABOVE: 0 0.10 INCH OR MORE: 2
MIN 32 OR BELOW: 28 0.50 INCH OR MORE: 0
MIN 0 OR BELOW: 3 1.00 INCH OR MORE: 0
[HDD (BASE 65) ]
TOTAL THIS MO. 1177 CLEAR (SCALE 0-3) 0
DPTR FM NORMAL 183 PTCLDY (SCALE 4-7) 0
TOTAL FM JUL 1 5424 CLOUDY (SCALE 8-10) 28
DPTR FM NORMAL 302
[CDD (BASE 65) ]
TOTAL THIS MO. 0
DPTR FM NORMAL 0 [PRESSURE DATA]
TOTAL FM JAN 1 0 HIGHEST SLP 30.62 ON 9
DPTR FM NORMAL 0 LOWEST SLP 29.21 ON 21
[REMARKS]
#FINAL-02-23#