000
CXUS54 KLZK 011130
CF6PBF
PRELIMINARY LOCAL CLIMATOLOGICAL DATA (WS FORM: F-6)
STATION: PINE BLUFF
MONTH: MARCH
YEAR: 2022
LATITUDE: 34 10 N
LONGITUDE: 91 56 W
TEMPERATURE IN F: :PCPN: SNOW: WIND :SUNSHINE: SKY :PK WND
================================================================================
1 2 3 4 5 6A 6B 7 8 9 10 11 12 13 14 15 16 17 18
12Z AVG MX 2MIN
DY MAX MIN AVG DEP HDD CDD WTR SNW DPTH SPD SPD DIR MIN PSBL S-S WX SPD DR
================================================================================
1 74 36 55 5 10 0 0.00 0.0 0 4.3 12 210 M M 0 15 190
2 78 39 59 9 6 0 0.00 0.0 0 3.6 12 220 M M 0 17 240
3 80 41 61 10 4 0 0.00 0.0 0 3.0 10 100 M M 0 12 100
4 79 43 61 10 4 0 0.00 0.0 0 5.1 17 170 M M 0 19 170
5 79 56 68 17 0 3 0.00 0.0 0 13.2 25 170 M M 6 31 180
6 82 68 75 23 0 10 T 0.0 0 15.1 23 180 M M 8 29 180
7 76 40 58 6 7 0 0.48 0.0 0 11.3 25 310 M M 7 13 33 310
8 46 35 41 -11 24 0 0.09 0.0 0 10.0 21 80 M M 5 1 26 80
9 54 37 46 -6 19 0 0.00 0.0 0 6.0 14 70 M M 5 18 19 70
10 63 35 49 -4 16 0 0.00 0.0 0 4.6 10 80 M M 0 13 130
11 53 31 42 -11 23 0 0.19 2.2 0 13.3 28 350 M M 6 12 38 330
12 44 26 35 -18 30 0 0.00 0.0 2 8.2 18 340 M M 1 24 340
13 64 31 48 -6 17 0 0.00 0.0 0 10.4 15 210 M M 0 20 180
14 60 39 50 -4 15 0 T 0.0 0 9.4 18 130 M M 9 22 130
15 57 51 54 0 11 0 0.26 0.0 0 8.6 28 100 M M 10 13 38 100
16 72 51 62 7 3 0 0.00 0.0 0 6.7 14 10 M M 4 18 20
17 79 49 64 9 1 0 0.43 0.0 0 7.5 22 130 M M 1 13 27 120
18 66 49 58 3 7 0 0.12 0.0 0 13.0 24 250 M M 10 13 34 220
19 71 42 57 1 8 0 0.00 0.0 0 7.4 18 290 M M 1 23 290
20 80 47 64 8 1 0 0.00 0.0 0 6.3 15 100 M M 0 20 150
21 73 49 61 5 4 0 T 0.0 0 12.6 28 130 M M 4 35 130
22 69 51 60 4 5 0 3.87 0.0 0 9.1 28 320 M M 10 13 35 330
23 62 45 54 -3 11 0 T 0.0 0 9.8 21 260 M M 8 1 30 290
24 61 39 50 -7 15 0 0.00 0.0 0 5.7 16 250 M M 3 23 240
25 69 42 56 -1 9 0 0.00 0.0 0 5.4 14 340 M M 0 8 20 330
26 72 44 58 0 7 0 0.00 0.0 0 5.4 13 90 M M 0 16 360
27 54 46 50 -8 15 0 0.00 0.0 0 9.5 13 30 M M 0 17 70
28 72 43 58 0 7 0 0.00 0.0 0 5.9 12 100 M M 0 17 80
29 78 56 67 9 0 2 0.00 0.0 0 12.6 23 170 M M 3 35 180
30 75 49 62 3 3 0 1.28 0.0 0 15.0 30 300 M M 6 13 42 170
31 64 41 53 -6 12 0 0.00 0.0 0 10.3 22 250 M M 3 29 240
================================================================================
SM 2106 1351 294 15 6.72 2.2 268.3 M 110
================================================================================
AV 67.9 43.6 8.7 FASTST M M 4 MAX(MPH)
MISC ----> 30 300 42 170
================================================================================
NOTES:
# LAST OF SEVERAL OCCURRENCES
COLUMN 17 PEAK WIND IN M.P.H.
PRELIMINARY LOCAL CLIMATOLOGICAL DATA (WS FORM: F-6) , PAGE 2
STATION: PINE BLUFF
MONTH: MARCH
YEAR: 2022
LATITUDE: 34 10 N
LONGITUDE: 91 56 W
[TEMPERATURE DATA] [PRECIPITATION DATA] SYMBOLS USED IN COLUMN 16
AVERAGE MONTHLY: 55.8 TOTAL FOR MONTH: 6.72 1 = FOG OR MIST
DPTR FM NORMAL: 1.2 DPTR FM NORMAL: 1.43 2 = FOG REDUCING VISIBILITY
HIGHEST: 82 ON 6 GRTST 24HR 3.87 ON 21-22 TO 1/4 MILE OR LESS
LOWEST: 26 ON 12 3 = THUNDER
SNOW, ICE PELLETS, HAIL 4 = ICE PELLETS
TOTAL MONTH: 2.2 INCHES 5 = HAIL
GRTST 24HR 2.2 ON 11-11 6 = FREEZING RAIN OR DRIZZLE
GRTST DEPTH: 2 ON 12 7 = DUSTSTORM OR SANDSTORM:
VSBY 1/2 MILE OR LESS
8 = SMOKE OR HAZE
[NO. OF DAYS WITH] [WEATHER - DAYS WITH] 9 = BLOWING SNOW
X = TORNADO
MAX 32 OR BELOW: 0 0.01 INCH OR MORE: 8
MAX 90 OR ABOVE: 0 0.10 INCH OR MORE: 7
MIN 32 OR BELOW: 3 0.50 INCH OR MORE: 2
MIN 0 OR BELOW: 0 1.00 INCH OR MORE: 2
[HDD (BASE 65) ]
TOTAL THIS MO. 294 CLEAR (SCALE 0-3) 15
DPTR FM NORMAL -48 PTCLDY (SCALE 4-7) 12
TOTAL FM JUL 1 2219 CLOUDY (SCALE 8-10) 4
DPTR FM NORMAL -470
[CDD (BASE 65) ]
TOTAL THIS MO. 15
DPTR FM NORMAL -3 [PRESSURE DATA]
TOTAL FM JAN 1 18 HIGHEST SLP 30.50 ON 12
DPTR FM NORMAL -5 LOWEST SLP 29.36 ON 30
[REMARKS]
#FINAL-03-22#