000
CXUS51 KBTV 010700
CF6PBG
PRELIMINARY LOCAL CLIMATOLOGICAL DATA (WS FORM: F-6)
STATION: PLATTSBURGH NY
MONTH: JUNE
YEAR: 2023
LATITUDE: 44 39 N
LONGITUDE: 73 28 W
TEMPERATURE IN F: :PCPN: SNOW: WIND :SUNSHINE: SKY :PK WND
================================================================================
1 2 3 4 5 6A 6B 7 8 9 10 11 12 13 14 15 16 17 18
12Z AVG MX 2MIN
DY MAX MIN AVG DEP HDD CDD WTR SNW DPTH SPD SPD DIR MIN PSBL S-S WX SPD DR
================================================================================
1 91 52 72 11 0 7 0.00 M M 4.8 25 340 M M 0 1 33 340
2 88 56 72 11 0 7 0.00 M M 8.6 25 350 M M 1 3 36 10
3 67 48 58 -3 7 0 0.00 M M 15.4 24 360 M M 5 31 30
4 63 45 54 -7 11 0 0.00 M M 9.7 22 30 M M 6 29 350
5 71 47 59 -3 6 0 0.00 M M 7.3 20 340 M M 1 27 70
6 70 50 60 -2 5 0 0.36 M M 8.7 24 340 M M 5 138 31 40
7 61 50 56 -6 9 0 0.08 M M 6.8 18 340 M M 10 23 340
8 60 49 55 -7 10 0 0.16 M M 5.2 15 360 M M 10 1 18 360
9 64 51 58 -5 7 0 0.03 M M 4.9 10 30 M M 9 M M
10 69 50 60 -3 5 0 0.08 M M 2.3 10 130 M M 6 13 12 130
11 75 46 61 -2 4 0 0.03 M M 4.2 14 130 M M 3 1 17 140
12 82 60 71 7 0 6 0.04 M M 4.6 12 130 M M 3 18 15 130
13 70 61 66 2 0 1 0.68 M M 3.5 14 120 M M 10 1 20 120
14 71 51 61 -3 4 0 0.54 M M 2.5 18 180 M M 7 123 28 170
15 76 57 67 3 0 2 0.06 M M 5.1 22 310 M M 6 33 300
16 73 57 65 0 0 0 0.28 M M 3.7 12 340 M M 5 13 16 140
17 63 58 61 -4 4 0 0.66 M M 6.7 17 350 M M 10 1 21 350
18 64 53 59 -6 6 0 0.00 M M 8.4 20 10 M M 9 1 26 60
19 71 49 60 -5 5 0 0.00 M M 4.3 13 30 M M 1 16 30
20 77 50 64 -2 1 0 0.00 M M 3.0 10 40 M M 0 12 50
21 79 53 66 0 0 1 0.00 M M 2.7 10 130 M M 0 14 130
22 81 52 67 1 0 2 0.00 M M 3.3 10 150 M M 0 1 21 80
23 83 52 68 2 0 3 0.00 M M 3.7 14 140 M M 2 18 140
24 75 67 71 4 0 6 0.31 M M 2.0 10 320 M M 10 12 13 320
25 78 63 71 4 0 6 0.00 M M 5.0 14 350 M M 9 128 16 360
26 84 61 73 6 0 8 0.05 M M 6.7 21 150 M M 4 18 28 140
27 78 65 72 4 0 7 0.36 M M 8.4 17 150 M M 5 1 22 160
28 75 64 70 2 0 5 0.11 M M 5.7 14 150 M M 8 13 20 290
29 74 60 67 -1 0 2 0.00 M M 2.6 12 130 M M 7 18 14 140
30 83 56 70 2 0 5 0.00 M M 4.4 13 140 M M 2 18 19 330
================================================================================
SM 2216 1633 84 68 3.83 M 164.2 M 154
================================================================================
AV 73.9 54.4 5.5 FASTST M M 5 MAX(MPH)
MISC ----> # 25 340 36 10
================================================================================
NOTES:
# LAST OF SEVERAL OCCURRENCES
COLUMN 17 PEAK WIND IN M.P.H.
PRELIMINARY LOCAL CLIMATOLOGICAL DATA (WS FORM: F-6) , PAGE 2
STATION: PLATTSBURGH NY
MONTH: JUNE
YEAR: 2023
LATITUDE: 44 39 N
LONGITUDE: 73 28 W
[TEMPERATURE DATA] [PRECIPITATION DATA] SYMBOLS USED IN COLUMN 16
AVERAGE MONTHLY: 64.2 TOTAL FOR MONTH: 3.83 1 = FOG OR MIST
DPTR FM NORMAL: -0.2 DPTR FM NORMAL: -0.24 2 = FOG REDUCING VISIBILITY
HIGHEST: 91 ON 1 GRTST 24HR 0.78 ON 16-17 TO 1/4 MILE OR LESS
LOWEST: 45 ON 4 3 = THUNDER
SNOW, ICE PELLETS, HAIL 4 = ICE PELLETS
TOTAL MONTH: M 5 = HAIL
GRTST 24HR M ON M 6 = FREEZING RAIN OR DRIZZLE
GRTST DEPTH: M ON M 7 = DUSTSTORM OR SANDSTORM:
VSBY 1/2 MILE OR LESS
8 = SMOKE OR HAZE
[NO. OF DAYS WITH] [WEATHER - DAYS WITH] 9 = BLOWING SNOW
X = TORNADO
MAX 32 OR BELOW: 0 0.01 INCH OR MORE: 16
MAX 90 OR ABOVE: 1 0.10 INCH OR MORE: 9
MIN 32 OR BELOW: 0 0.50 INCH OR MORE: 3
MIN 0 OR BELOW: 0 1.00 INCH OR MORE: 0
[HDD (BASE 65) ]
TOTAL THIS MO. 84 CLEAR (SCALE 0-3) 10
DPTR FM NORMAL 0 PTCLDY (SCALE 4-7) 12
TOTAL FM JUL 1 6761 CLOUDY (SCALE 8-10) 8
DPTR FM NORMAL -786
[CDD (BASE 65) ]
TOTAL THIS MO. 68
DPTR FM NORMAL 2 [PRESSURE DATA]
TOTAL FM JAN 1 77 HIGHEST SLP M ON M
DPTR FM NORMAL -3 LOWEST SLP 29.46 ON 15
[REMARKS]
#FINAL-06-23#