000
CXUS51 KBTV 010700
CF6PBG
PRELIMINARY LOCAL CLIMATOLOGICAL DATA (WS FORM: F-6)
STATION: PLATTSBURGH NY
MONTH: OCTOBER
YEAR: 2023
LATITUDE: 44 39 N
LONGITUDE: 73 28 W
TEMPERATURE IN F: :PCPN: SNOW: WIND :SUNSHINE: SKY :PK WND
================================================================================
1 2 3 4 5 6A 6B 7 8 9 10 11 12 13 14 15 16 17 18
12Z AVG MX 2MIN
DY MAX MIN AVG DEP HDD CDD WTR SNW DPTH SPD SPD DIR MIN PSBL S-S WX SPD DR
================================================================================
1 75 48 62 8 3 0 0.00 M M 3.8 14 10 M M 2 1 16 20
2 71 47 59 6 6 0 0.00 M M 1.2 7 220 M M 0 9 120
3 79 50 65 12 0 0 0.00 M M 3.4 14 130 M M 0 1 17 130
4 79 53 66 14 0 1 0.00 M M 3.4 12 130 M M 0 1 14 130
5 79 52 66 14 0 1 0.00 M M 7.2 21 150 M M 0 1 27 150
6 73 63 68 16 0 3 0.02 M M 10.1 23 150 M M 4 1 30 150
7 68 48 58 7 7 0 3.94 M M 4.0 9 170 M M 10 1 17 270
8 60 48 54 3 11 0 0.13 M M 6.2 16 170 M M 8 26 190
9 58 40 49 -1 16 0 T M M 7.7 21 150 M M 4 27 170
10 58 41 50 0 15 0 T M M 2.8 14 150 M M 8 18 18 150
11 56 44 50 0 15 0 0.06 M M 2.5 10 160 M M 8 1 14 150
12 61 40 51 2 14 0 0.01 M M 1.4 14 260 M M 9 1 20 310
13 61 40 51 2 14 0 0.00 M M M 15 310 M M M 20 310
14 59 43 51 2 14 0 0.00 M M 3.3 0 12 M M M 10 14
15 56 48 52 4 13 0 0.04 M M 6.7 15 340 M M M 20 320
16 58 49 54 6 11 0 0.07 M M 8.8 20 21 M M M 20 25
17 54 47 51 3 14 0 0.00 M M 1.5 7 40 M M M 10 290
18 59 45 52 5 13 0 T M M 2.2 12 140 M M M 14 170
19 63 46 55 8 10 0 0.00 M M 6.7 20 150 M M 2 30 160
20 64 52 58 12 7 0 0.01 M M 8.9 22 160 M M 2 31 180
21 57 49 53 7 12 0 1.48 M M 2.3 14 280 M M M 24 280
22 49 42 46 0 19 0 0.04 M M 3.8 8 260 M M 9 17 270
23 50 34 42 -3 23 0 T M M 2.7 10 30 M M 7 13 30
24 52 33 43 -2 22 0 0.05 M M 1.9 8 150 M M 7 1 9 150
25 63 45 54 9 11 0 0.03 M M 4.6 16 150 M M 5 1 18 160
26 64 54 59 15 6 0 0.05 M M 1.7 7 100 M M 10 1 9 230
27 74 48 61 17 4 0 T M M 1.9 10 180 M M 6 12 18 190
28 70 43 57 13 8 0 0.05 M M 6.7 17 310 M M 7 1 27 320
29 43 40 42 -1 23 0 T M M 5.2 12 360 M M 8 14 340
30 41 33 37 -6 28 0 0.46 M M 4.4 15 350 M M 6 18 350
31 43 26 35 -8 30 0 0.00 M M 5.6 12 350 M M 3 15 340
================================================================================
SM 1897 1391 369 5 6.44 M 132.6 M 125
================================================================================
AV 61.2 44.9 4.4 FASTST M M 5 MAX(MPH)
MISC ----> 23 150 31 180
================================================================================
NOTES:
# LAST OF SEVERAL OCCURRENCES
COLUMN 17 PEAK WIND IN M.P.H.
PRELIMINARY LOCAL CLIMATOLOGICAL DATA (WS FORM: F-6) , PAGE 2
STATION: PLATTSBURGH NY
MONTH: OCTOBER
YEAR: 2023
LATITUDE: 44 39 N
LONGITUDE: 73 28 W
[TEMPERATURE DATA] [PRECIPITATION DATA] SYMBOLS USED IN COLUMN 16
AVERAGE MONTHLY: 53.0 TOTAL FOR MONTH: 6.44 1 = FOG OR MIST
DPTR FM NORMAL: 5.0 DPTR FM NORMAL: 3.40 2 = FOG REDUCING VISIBILITY
HIGHEST: 79 ON 5, 4 GRTST 24HR 3.94 ON 7- 7 TO 1/4 MILE OR LESS
LOWEST: 26 ON 31 3 = THUNDER
SNOW, ICE PELLETS, HAIL 4 = ICE PELLETS
TOTAL MONTH: M 5 = HAIL
GRTST 24HR M ON M 6 = FREEZING RAIN OR DRIZZLE
GRTST DEPTH: M ON M 7 = DUSTSTORM OR SANDSTORM:
VSBY 1/2 MILE OR LESS
8 = SMOKE OR HAZE
[NO. OF DAYS WITH] [WEATHER - DAYS WITH] 9 = BLOWING SNOW
X = TORNADO
MAX 32 OR BELOW: 0 0.01 INCH OR MORE: 15
MAX 90 OR ABOVE: 0 0.10 INCH OR MORE: 4
MIN 32 OR BELOW: 1 0.50 INCH OR MORE: 2
MIN 0 OR BELOW: 0 1.00 INCH OR MORE: 2
[HDD (BASE 65) ]
TOTAL THIS MO. 369 CLEAR (SCALE 0-3) 8
DPTR FM NORMAL -159 PTCLDY (SCALE 4-7) 11
TOTAL FM JUL 1 514 CLOUDY (SCALE 8-10) 12
DPTR FM NORMAL -251
[CDD (BASE 65) ]
TOTAL THIS MO. 5
DPTR FM NORMAL 4 [PRESSURE DATA]
TOTAL FM JAN 1 382 HIGHEST SLP M ON M
DPTR FM NORMAL -11 LOWEST SLP 29.19 ON 21
[REMARKS]
#FINAL-10-23#