000
CXUS56 KPDT 011810
CF6PDT
PRELIMINARY LOCAL CLIMATOLOGICAL DATA (WS FORM: F-6)
STATION: PENDLETON OR
MONTH: JULY
YEAR: 2021
LATITUDE: 45 40 N
LONGITUDE: 118 51 W
TEMPERATURE IN F: :PCPN: SNOW: WIND :SUNSHINE: SKY :PK WND
================================================================================
1 2 3 4 5 6A 6B 7 8 9 10 11 12 13 14 15 16 17 18
12Z AVG MX 2MIN
DY MAX MIN AVG DEP HDD CDD WTR SNW DPTH SPD SPD DIR MIN PSBL S-S WX SPD DR
================================================================================
1 95 67 81 12 0 16 0.00 0.0 0 8.1 23 310 M M 0 32 300
2 93 60 77 8 0 12 0.00 0.0 0 7.6 17 290 M M 0 27 290
3 97 55 76 6 0 11 0.00 0.0 0 5.6 16 300 M M 0 22 300
4 97 57 77 7 0 12 0.00 0.0 0 9.9 20 300 M M 0 30 290
5 98 60 79 9 0 14 0.00 0.0 0 8.2 20 280 M M 0 32 290
6 101 59 80 9 0 15 0.00 0.0 0 7.3 14 40 M M 0 19 50
7 94 66 80 9 0 15 0.00 0.0 0 15.1 31 260 M M 0 39 270
8 92 56 74 3 0 9 0.00 0.0 0 6.9 20 240 M M 0 25 260
9 94 54 74 2 0 9 0.00 0.0 0 6.4 14 320 M M 0 22 340
10 99 61 80 8 0 15 0.00 0.0 0 7.7 21 260 M M 0 30 260
11 97 60 79 7 0 14 0.00 0.0 0 6.7 14 300 M M 0 20 320
12 99 58 79 6 0 14 0.00 0.0 0 6.1 15 310 M M 0 20 290
13 100 60 80 7 0 15 0.00 0.0 0 7.3 17 360 M M 0 23 360
14 100 62 81 8 0 16 0.00 0.0 0 7.7 22 250 M M 0 31 260
15 93 63 78 5 0 13 0.00 0.0 0 12.7 24 260 M M 0 33 250
16 88 61 75 1 0 10 0.00 0.0 0 11.4 23 270 M M 0 8 36 290
17 89 58 74 0 0 9 0.00 0.0 0 8.2 15 260 M M 0 8 22 270
18 93 62 78 4 0 13 0.00 0.0 0 5.3 14 290 M M 0 21 350
19 91 63 77 3 0 12 0.00 0.0 0 6.0 28 260 M M 1 8 35 250
20 90 69 80 6 0 15 0.00 0.0 0 11.1 24 260 M M 1 31 260
21 84 60 72 -2 0 7 T 0.0 0 12.1 23 280 M M 1 3 32 290
22 82 46 64 -11 1 0 0.00 0.0 0 6.3 14 280 M M 0 20 250
23 88 53 71 -4 0 6 0.00 0.0 0 7.9 17 270 M M 0 28 280
24 96 57 77 2 0 12 0.00 0.0 0 6.7 14 150 M M 0 19 10
25 97 62 80 5 0 15 0.00 0.0 0 7.3 16 310 M M 0 20 300
26 91 61 76 1 0 11 0.01 0.0 0 4.9 12 260 M M 0 15 250
27 86 64 75 0 0 10 0.01 0.0 0 6.3 18 340 M M 1 25 280
28 93 66 80 5 0 15 0.00 0.0 0 5.2 15 310 M M 2 20 310
29 102 62 82 7 0 17 0.00 0.0 0 7.4 17 30 M M 0 8 27 40
30 107 65 86 11 0 21 0.00 0.0 0 9.1 25 10 M M 0 31 10
31 99 74 87 12 0 22 T 0.0 0 8.9 23 200 M M 1 8 32 190
================================================================================
SM 2925 1881 1 395 0.02 0.0 247.4 M 7
================================================================================
AV 94.4 60.7 8.0 FASTST M M 0 MAX(MPH)
MISC ----> 31 260 39 270
================================================================================
NOTES:
# LAST OF SEVERAL OCCURRENCES
COLUMN 17 PEAK WIND IN M.P.H.
PRELIMINARY LOCAL CLIMATOLOGICAL DATA (WS FORM: F-6) , PAGE 2
STATION: PENDLETON OR
MONTH: JULY
YEAR: 2021
LATITUDE: 45 40 N
LONGITUDE: 118 51 W
[TEMPERATURE DATA] [PRECIPITATION DATA] SYMBOLS USED IN COLUMN 16
AVERAGE MONTHLY: 77.5 TOTAL FOR MONTH: 0.02 1 = FOG OR MIST
DPTR FM NORMAL: 4.5 DPTR FM NORMAL: -0.24 2 = FOG REDUCING VISIBILITY
HIGHEST: 107 ON 30 GRTST 24HR 0.03 ON 30- 1 TO 1/4 MILE OR LESS
LOWEST: 46 ON 22 3 = THUNDER
SNOW, ICE PELLETS, HAIL 4 = ICE PELLETS
TOTAL MONTH: 0.0 INCH 5 = HAIL
GRTST 24HR 0.0 6 = FREEZING RAIN OR DRIZZLE
GRTST DEPTH: 0 7 = DUSTSTORM OR SANDSTORM:
VSBY 1/2 MILE OR LESS
8 = SMOKE OR HAZE
[NO. OF DAYS WITH] [WEATHER - DAYS WITH] 9 = BLOWING SNOW
X = TORNADO
MAX 32 OR BELOW: 0 0.01 INCH OR MORE: 2
MAX 90 OR ABOVE: 25 0.10 INCH OR MORE: 0
MIN 32 OR BELOW: 0 0.50 INCH OR MORE: 0
MIN 0 OR BELOW: 0 1.00 INCH OR MORE: 0
[HDD (BASE 65) ]
TOTAL THIS MO. 1 CLEAR (SCALE 0-3) 31
DPTR FM NORMAL -8 PTCLDY (SCALE 4-7) 0
TOTAL FM JUL 1 1 CLOUDY (SCALE 8-10) 0
DPTR FM NORMAL -4
[CDD (BASE 65) ]
TOTAL THIS MO. 395
DPTR FM NORMAL 140 [PRESSURE DATA]
TOTAL FM JAN 1 680 HIGHEST SLP 30.16 ON 23
DPTR FM NORMAL 331 LOWEST SLP 29.64 ON 1
[REMARKS]
#FINAL-07-21#