000
CXUS56 KFGZ 010910
CF6PGA
PRELIMINARY LOCAL CLIMATOLOGICAL DATA (WS FORM: F-6)
STATION: PAGE AZ AIRPORT
MONTH: DECEMBER
YEAR: 2023
LATITUDE: 36 55 N
LONGITUDE: 111 27 W
TEMPERATURE IN F: :PCPN: SNOW: WIND :SUNSHINE: SKY :PK WND
================================================================================
1 2 3 4 5 6A 6B 7 8 9 10 11 12 13 14 15 16 17 18
12Z AVG MX 2MIN
DY MAX MIN AVG DEP HDD CDD WTR SNW DPTH SPD SPD DIR MIN PSBL S-S WX SPD DR
================================================================================
1 51 37 44 3 21 0 0.00 M M 4.5 18 280 M M 6 29 290
2 52 32 42 2 23 0 0.00 M M 4.0 16 250 M M 1 28 260
3 58 36 47 7 18 0 0.00 M M 4.3 10 160 M M 0 15 130
4 58 38 48 8 17 0 0.00 M M 3.3 10 350 M M 0 8 13 360
5 57 37 47 8 18 0 0.00 M M 2.0 6 50 M M 0 12 50
6 55 35 45 6 20 0 0.00 M M 2.5 6 260 M M 0 8 9 60
7 60 35 48 9 17 0 0.00 M M 3.2 10 200 M M 0 16 200
8 52 34 43 5 22 0 0.00 M M 6.6 16 320 M M 0 25 320
9 44 28 36 -2 29 0 0.00 M M 3.1 10 280 M M 0 8 21 280
10 44 26 35 -3 30 0 0.00 M M 1.8 7 50 M M 0 8 10 40
11 46 29 38 0 27 0 0.00 M M 1.1 7 40 M M 0 8 9 10
12 45 31 38 0 27 0 0.00 M M 0.5 6 70 M M 0 8 9 10
13 50 29 40 3 25 0 0.00 M M 1.6 7 120 M M 0 8 9 230
14 53 35 44 7 21 0 0.00 M M 3.2 9 280 M M 3 14 280
15 51 31 41 4 24 0 0.00 M M 1.6 6 220 M M 0 8 10 30
16 50 32 41 4 24 0 0.00 M M 1.1 6 20 M M 0 8 9 20
17 49 29 39 2 26 0 0.00 M M 1.6 7 40 M M 0 8 10 60
18 45 32 39 2 26 0 0.00 M M 1.3 6 220 M M 0 8 7 70
19 48 33 41 4 24 0 T M M 1.6 7 140 M M 7 8 10 10
20 47 39 43 6 22 0 0.00 M M 1.2 6 320 M M 7 8 10 340
21 53 38 46 10 19 0 0.00 M M 2.3 8 30 M M 5 8 13 20
22 46 38 42 6 23 0 0.11 M M 2.0 7 330 M M 7 128 10 360
23 56 42 49 13 16 0 0.01 M M 4.9 18 290 M M 6 1 30 300
24 45 31 38 2 27 0 0.00 M M 4.2 13 320 M M 0 8 24 290
25 42 28 35 -1 30 0 0.00 M M 2.6 9 140 M M 0 8 11 150
26 42 24 33 -3 32 0 0.00 M M 1.2 6 60 M M 0 9 340
27 45 26 36 0 29 0 0.00 M M 1.9 8 30 M M 0 8 14 10
28 47 31 39 3 26 0 0.00 M M 1.5 7 50 M M 0 8 10 60
29 48 28 38 2 27 0 0.00 M M 1.6 8 50 M M 0 8 17 10
30 46 29 38 2 27 0 0.00 M M 1.8 7 30 M M 0 8 10 70
31 47 27 37 0 28 0 0.00 M M 2.7 6 130 M M 0 8 13 10
================================================================================
SM 1532 1000 745 0 0.12 M 76.8 M 42
================================================================================
AV 49.4 32.3 2.5 FASTST M M 1 MAX(MPH)
MISC ----> # 18 280 30 300
================================================================================
NOTES:
# LAST OF SEVERAL OCCURRENCES
COLUMN 17 PEAK WIND IN M.P.H.
PRELIMINARY LOCAL CLIMATOLOGICAL DATA (WS FORM: F-6) , PAGE 2
STATION: PAGE AZ AIRPORT
MONTH: DECEMBER
YEAR: 2023
LATITUDE: 36 55 N
LONGITUDE: 111 27 W
[TEMPERATURE DATA] [PRECIPITATION DATA] SYMBOLS USED IN COLUMN 16
AVERAGE MONTHLY: 40.8 TOTAL FOR MONTH: 0.12 1 = FOG OR MIST
DPTR FM NORMAL: 3.2 DPTR FM NORMAL: -0.31 2 = FOG REDUCING VISIBILITY
HIGHEST: 60 ON 7 GRTST 24HR 0.12 ON 22-23 TO 1/4 MILE OR LESS
LOWEST: 24 ON 26 3 = THUNDER
SNOW, ICE PELLETS, HAIL 4 = ICE PELLETS
TOTAL MONTH: M 5 = HAIL
GRTST 24HR M ON M 6 = FREEZING RAIN OR DRIZZLE
GRTST DEPTH: M ON M 7 = DUSTSTORM OR SANDSTORM:
VSBY 1/2 MILE OR LESS
8 = SMOKE OR HAZE
[NO. OF DAYS WITH] [WEATHER - DAYS WITH] 9 = BLOWING SNOW
X = TORNADO
MAX 32 OR BELOW: 0 0.01 INCH OR MORE: 2
MAX 90 OR ABOVE: 0 0.10 INCH OR MORE: 1
MIN 32 OR BELOW: 18 0.50 INCH OR MORE: 0
MIN 0 OR BELOW: 0 1.00 INCH OR MORE: 0
[HDD (BASE 65) ]
TOTAL THIS MO. 745 CLEAR (SCALE 0-3) 25
DPTR FM NORMAL -106 PTCLDY (SCALE 4-7) 6
TOTAL FM JUL 1 1319 CLOUDY (SCALE 8-10) 0
DPTR FM NORMAL -252
[CDD (BASE 65) ]
TOTAL THIS MO. 0
DPTR FM NORMAL 0 [PRESSURE DATA]
TOTAL FM JAN 1 2284 HIGHEST SLP M ON M
DPTR FM NORMAL 123 LOWEST SLP 29.76 ON 1
[REMARKS]
#FINAL-12-23#