000
CXUS51 KPBZ 010730
CF6PHD
PRELIMINARY LOCAL CLIMATOLOGICAL DATA (WS FORM: F-6)
STATION: NEW PHILADELPHIA OH
MONTH: MAY
YEAR: 2022
LATITUDE: 40 28 N
LONGITUDE: 81 25 W
TEMPERATURE IN F: :PCPN: SNOW: WIND :SUNSHINE: SKY :PK WND
================================================================================
1 2 3 4 5 6A 6B 7 8 9 10 11 12 13 14 15 16 17 18
12Z AVG MX 2MIN
DY MAX MIN AVG DEP HDD CDD WTR SNW DPTH SPD SPD DIR MIN PSBL S-S WX SPD DR
================================================================================
1 78 57 68 11 0 3 0.19 M M 6.9 20 190 M M 5 13 25 160
2 70 49 60 3 5 0 0.00 M M 4.6 13 330 M M 5 20 340
3 71 51 61 4 4 0 0.70 M M 4.2 26 290 M M 6 138 45 290
4 62 53 58 0 7 0 0.02 M M 4.6 13 330 M M 9 18 16 340
5 64 53 59 1 6 0 0.20 M M 3.2 9 70 M M 10 1 13 90
6 60 52 56 -2 9 0 1.00 M M 5.9 18 70 M M 10 1 34 70
7 60 45 53 -5 12 0 0.28 M M 9.3 21 70 M M 9 1 33 70
8 68 38 53 -6 12 0 0.00 M M 3.6 15 110 M M 0 1 21 90
9 74 41 58 -1 7 0 0.00 M M 5.3 15 110 M M 0 19 130
10 80 45 63 4 2 0 0.00 M M 4.9 13 120 M M 0 20 130
11 85 45 65 5 0 0 0.00 M M 3.1 13 50 M M 0 16 40
12 85 47 66 6 0 1 0.00 M M 4.8 14 120 M M 0 18 100
13 84 59 72 12 0 7 0.00 M M 5.7 18 110 M M 2 24 110
14 85 60 73 13 0 8 0.00 M M 3.2 14 100 M M 4 3 15 110
15 86 58 72 11 0 7 0.00 M M 2.4 13 290 M M 1 12 17 290
16 74 49 62 1 3 0 0.20 M M 5.4 29 320 M M 4 13 39 300
17 73 48 61 0 4 0 0.00 M M 6.0 18 320 M M 1 25 330
18 66 49 58 -4 7 0 0.15 M M 3.5 13 130 M M 8 1 16 120
19 80 57 69 7 0 4 0.00 M M 5.6 14 230 M M 5 18 20 230
20 84 66 75 13 0 10 0.15 M M 9.1 17 200 M M 3 13 27 200
21 89 64 77 14 0 12 0.47 M M 6.2 22 260 M M 2 1238 31 260
22 73 52 63 0 2 0 0.08 M M 5.3 17 340 M M 5 18 24 290
23 65 51 58 -5 7 0 0.00 M M 4.1 10 20 M M 6 15 60
24 74 48 61 -3 4 0 0.00 M M 3.4 10 90 M M 3 14 70
25 80 56 68 4 0 3 0.00 M M 8.1 16 120 M M 2 20 110
26 77 64 71 7 0 6 0.23 M M 7.6 20 180 M M 7 1 29 190
27 73 58 66 2 0 1 0.32 M M 5.2 13 180 M M 9 1 18 180
28 73 58 66 1 0 1 0.02 M M 3.5 12 320 M M 7 1 17 330
29 82 54 68 3 0 3 0.00 M M 3.2 10 150 M M 2 12 14 170
30 88 58 73 8 0 8 0.00 M M 5.4 13 200 M M 1 18 19 150
31 90 62 76 10 0 11 0.00 M M 4.2 13 220 M M 1 1 19 230
================================================================================
SM 2353 1647 91 85 4.01 M 157.5 M 127
================================================================================
AV 75.9 53.1 5.1 FASTST M M 4 MAX(MPH)
MISC ----> 29 320 45 290
================================================================================
NOTES:
# LAST OF SEVERAL OCCURRENCES
COLUMN 17 PEAK WIND IN M.P.H.
PRELIMINARY LOCAL CLIMATOLOGICAL DATA (WS FORM: F-6) , PAGE 2
STATION: NEW PHILADELPHIA OH
MONTH: MAY
YEAR: 2022
LATITUDE: 40 28 N
LONGITUDE: 81 25 W
[TEMPERATURE DATA] [PRECIPITATION DATA] SYMBOLS USED IN COLUMN 16
AVERAGE MONTHLY: 64.5 TOTAL FOR MONTH: 4.01 1 = FOG OR MIST
DPTR FM NORMAL: 3.4 DPTR FM NORMAL: 0.24 2 = FOG REDUCING VISIBILITY
HIGHEST: 90 ON 31 GRTST 24HR 1.15 ON 5- 6 TO 1/4 MILE OR LESS
LOWEST: 38 ON 8 3 = THUNDER
SNOW, ICE PELLETS, HAIL 4 = ICE PELLETS
TOTAL MONTH: M 5 = HAIL
GRTST 24HR M ON M 6 = FREEZING RAIN OR DRIZZLE
GRTST DEPTH: M ON M 7 = DUSTSTORM OR SANDSTORM:
VSBY 1/2 MILE OR LESS
8 = SMOKE OR HAZE
[NO. OF DAYS WITH] [WEATHER - DAYS WITH] 9 = BLOWING SNOW
X = TORNADO
MAX 32 OR BELOW: 0 0.01 INCH OR MORE: 14
MAX 90 OR ABOVE: 1 0.10 INCH OR MORE: 11
MIN 32 OR BELOW: 0 0.50 INCH OR MORE: 2
MIN 0 OR BELOW: 0 1.00 INCH OR MORE: 1
[HDD (BASE 65) ]
TOTAL THIS MO. 91 CLEAR (SCALE 0-3) 13
DPTR FM NORMAL -83 PTCLDY (SCALE 4-7) 12
TOTAL FM JUL 1 5110 CLOUDY (SCALE 8-10) 6
DPTR FM NORMAL -431
[CDD (BASE 65) ]
TOTAL THIS MO. 85
DPTR FM NORMAL 31 [PRESSURE DATA]
TOTAL FM JAN 1 99 HIGHEST SLP M ON M
DPTR FM NORMAL 37 LOWEST SLP 29.57 ON 6
[REMARKS]
#FINAL-05-22#