000
CXUS51 KPHI 010815
CF6PHL
PRELIMINARY LOCAL CLIMATOLOGICAL DATA (WS FORM: F-6)
STATION: PHILADELPHIA PA
MONTH: AUGUST
YEAR: 2020
LATITUDE: 39 52 N
LONGITUDE: 75 15 W
TEMPERATURE IN F: :PCPN: SNOW: WIND :SUNSHINE: SKY :PK WND
================================================================================
1 2 3 4 5 6A 6B 7 8 9 10 11 12 13 14 15 16 17 18
12Z AVG MX 2MIN
DY MAX MIN AVG DEP HDD CDD WTR SNW DPTH SPD SPD DIR MIN PSBL S-S WX SPD DR
================================================================================
1 90 73 82 4 0 17 0.00 0.0 0 5.4 15 190 M M 5 18 180
2 93 76 85 7 0 20 0.00 0.0 0 11.1 23 210 M M 7 30 230
3 90 76 83 5 0 18 T 0.0 M 8.2 16 220 M M 7 3 21 240
4 83 72 78 0 0 13 4.16 0.0 0 14.8 38 280 M M 8 13 47 270
5 88 72 80 2 0 15 0.00 0.0 0 6.3 15 250 M M 4 22 220
6 83 70 77 -1 0 12 0.44 0.0 0 5.7 14 120 M M 8 138 23 10
7 84 69 77 -1 0 12 1.03 0.0 0 7.2 28 80 M M 9 13 34 80
8 85 69 77 -1 0 12 0.00 0.0 0 4.3 10 150 M M 7 14 150
9 88 71 80 2 0 15 T 0.0 0 6.1 18 220 M M 5 3 23 220
10 92 75 84 7 0 19 0.00 0.0 0 7.4 15 190 M M 2 8 20 190
11 90 74 82 5 0 17 0.00 0.0 0 7.2 14 240 M M 5 18 21 210
12 93 72 83 6 0 18 1.44 0.0 0 5.0 21 340 M M 6 138 26 330
13 81 73 77 0 0 12 0.05 0.0 0 3.9 9 120 M M 9 13 12 90
14 86 73 80 3 0 15 0.00 0.0 0 8.8 18 70 M M 7 1 28 70
15 82 71 77 0 0 12 T 0.0 0 8.7 17 80 M M 9 23 90
16 74 67 71 -6 0 6 0.63 0.0 0 11.5 17 30 M M 9 1 23 10
17 83 63 73 -4 0 8 T 0.0 0 7.1 25 240 M M 4 3 32 240
18 84 67 76 -1 0 11 0.00 0.0 0 3.9 13 270 M M 4 19 300
19 81 70 76 0 0 11 0.01 0.0 0 4.1 17 20 M M 7 3 28 320
20 82 64 73 -3 0 8 0.00 0.0 0 6.1 10 200 M M 4 17 360
21 85 68 77 1 0 12 0.00 0.0 0 8.8 15 200 M M 7 23 190
22 87 74 81 5 0 16 0.00 0.0 0 8.2 15 210 M M 8 23 190
23 84 73 79 3 0 14 0.11 0.0 0 3.5 14 120 M M 8 13 21 160
24 91 70 81 5 0 16 T 0.0 0 7.6 18 240 M M 5 3 21 230
25 91 75 83 7 0 18 0.00 0.0 0 11.8 21 270 M M 4 27 260
26 83 67 75 0 0 10 0.00 0.0 0 9.1 22 330 M M 4 28 320
27 93 74 84 9 0 19 0.00 0.0 0 14.3 29 240 M M 5 33 240
28 90 72 81 6 0 16 0.52 0.0 0 10.0 30 320 M M 7 13 36 320
29 81 72 77 2 0 12 0.12 0.0 0 9.7 23 260 M M 8 1 29 310
30 80 65 73 -1 0 8 0.00 0.0 0 9.7 20 310 M M 5 25 330
31 77 63 70 -4 0 5 0.02 0.0 0 5.0 12 110 M M 9 15 40
================================================================================
SM 2654 2190 0 417 8.53 0.0 240.5 M 196
================================================================================
AV 85.6 70.6 7.8 FASTST M M 6 MAX(MPH)
MISC ----> 38 280 47 270
================================================================================
NOTES:
# LAST OF SEVERAL OCCURRENCES
COLUMN 17 PEAK WIND IN M.P.H.
PRELIMINARY LOCAL CLIMATOLOGICAL DATA (WS FORM: F-6) , PAGE 2
STATION: PHILADELPHIA PA
MONTH: AUGUST
YEAR: 2020
LATITUDE: 39 52 N
LONGITUDE: 75 15 W
[TEMPERATURE DATA] [PRECIPITATION DATA] SYMBOLS USED IN COLUMN 16
AVERAGE MONTHLY: 78.1 TOTAL FOR MONTH: 8.53 1 = FOG OR MIST
DPTR FM NORMAL: 1.5 DPTR FM NORMAL: 5.03 2 = FOG REDUCING VISIBILITY
HIGHEST: 93 ON 27,12 GRTST 24HR 4.16 ON 3- 4 TO 1/4 MILE OR LESS
LOWEST: 63 ON 31,17 3 = THUNDER
SNOW, ICE PELLETS, HAIL 4 = ICE PELLETS
TOTAL MONTH: 0.0 INCH 5 = HAIL
GRTST 24HR 0.0 6 = FREEZING RAIN OR DRIZZLE
GRTST DEPTH: 0 7 = DUSTSTORM OR SANDSTORM:
VSBY 1/2 MILE OR LESS
8 = SMOKE OR HAZE
[NO. OF DAYS WITH] [WEATHER - DAYS WITH] 9 = BLOWING SNOW
X = TORNADO
MAX 32 OR BELOW: 0 0.01 INCH OR MORE: 11
MAX 90 OR ABOVE: 10 0.10 INCH OR MORE: 8
MIN 32 OR BELOW: 0 0.50 INCH OR MORE: 5
MIN 0 OR BELOW: 0 1.00 INCH OR MORE: 3
[HDD (BASE 65) ]
TOTAL THIS MO. 0 CLEAR (SCALE 0-3) 1
DPTR FM NORMAL -1 PTCLDY (SCALE 4-7) 24
TOTAL FM JUL 1 0 CLOUDY (SCALE 8-10) 6
DPTR FM NORMAL 0
[CDD (BASE 65) ]
TOTAL THIS MO. 417
DPTR FM NORMAL 57 [PRESSURE DATA]
TOTAL FM JAN 1 1328 HIGHEST SLP 30.16 ON 9
DPTR FM NORMAL 211 LOWEST SLP 29.44 ON 4
[REMARKS]
#FINAL-08-20#