000
CXUS53 KUNR 010930
CF6PHP
PRELIMINARY LOCAL CLIMATOLOGICAL DATA (WS FORM: F-6)
STATION: PHILIP SD
MONTH: MAY
YEAR: 2021
LATITUDE: 44 3 N
LONGITUDE: 101 36 W
TEMPERATURE IN F: :PCPN: SNOW: WIND :SUNSHINE: SKY :PK WND
================================================================================
1 2 3 4 5 6A 6B 7 8 9 10 11 12 13 14 15 16 17 18
12Z AVG MX 2MIN
DY MAX MIN AVG DEP HDD CDD WTR SNW DPTH SPD SPD DIR MIN PSBL S-S WX SPD DR
================================================================================
1 86 45 66 15 0 1 T M M 8.3 22 30 M M 1 27 30
2 69 44 57 6 8 0 0.07 M M 13.1 31 340 M M 5 1 40 340
3 61 30 46 -5 19 0 0.00 M M 11.5 24 10 M M 3 33 40
4 65 24 45 -7 20 0 0.03 M M 6.9 21 170 M M 5 31 140
5 63 32 48 -4 17 0 0.00 M M 11.6 28 340 M M 1 36 340
6 69 28 49 -4 16 0 0.00 M M 7.6 17 320 M M 1 26 300
7 67 29 48 -5 17 0 0.00 M M 16.6 26 110 M M 0 35 100
8 50 38 44 -9 21 0 0.13 M M 15.1 28 90 M M 8 13 36 90
9 51 31 41 -13 24 0 0.01 M M 5.8 13 60 M M 8 1 18 40
10 58 25 42 -12 23 0 0.00 M M 5.2 13 60 M M 2 19 40
11 63 23 43 -12 22 0 0.00 M M 6.1 16 170 M M 0 23 150
12 69 30 50 -5 15 0 0.02 M M 8.2 26 270 M M 3 36 270
13 73 34 54 -2 11 0 0.00 M M 4.4 12 260 M M 1 12 15 250
14 74 36 55 -1 10 0 0.00 M M 5.5 13 360 M M 1 15 10
15 77 38 58 2 7 0 0.02 M M 5.4 18 210 M M 6 25 210
16 71 46 59 2 6 0 T M M 6.3 17 110 M M 6 1 23 110
17 69 45 57 0 8 0 0.00 M M 8.9 20 140 M M 7 1 26 130
18 82 50 66 8 0 1 0.00 M M 13.6 25 160 M M 2 39 160
19 86 55 71 13 0 6 0.00 M M 8.7 18 230 M M 0 27 210
20 86 49 68 10 0 3 T M M 13.3 32 290 M M 2 3 43 290
21 63 46 55 -4 10 0 0.65 M M 14.7 37 270 M M 7 13 49 250
22 55 45 50 -9 15 0 0.01 M M 11.4 25 320 M M 10 33 300
23 83 49 66 6 0 1 0.48 M M 15.1 36 310 M M 8 13 49 270
24 79 45 62 2 3 0 0.00 M M 16.0 35 210 M M 0 45 240
25 77 46 62 2 3 0 0.00 M M 14.1 32 310 M M 0 43 310
26 62 40 51 -10 14 0 0.06 M M 14.4 31 80 M M 6 13 41 90
27 48 41 45 -16 20 0 0.01 M M 10.1 16 10 M M 10 1 22 50
28 65 34 50 -11 15 0 0.00 M M 11.8 24 130 M M 5 1 34 140
29 64 45 55 -7 10 0 0.01 M M 6.1 14 90 M M 6 3 18 80
30 76 44 60 -2 5 0 0.00 M M 4.6 15 360 M M 1 1 21 20
31 79 38 59 -3 6 0 0.00 M M 5.8 13 160 M M 1 18 110
================================================================================
SM 2140 1205 345 12 1.50 M 306.2 M 116
================================================================================
AV 69.0 38.9 9.9 FASTST M M 4 MAX(MPH)
MISC ----> 37 270 # 49 250
================================================================================
NOTES:
# LAST OF SEVERAL OCCURRENCES
COLUMN 17 PEAK WIND IN M.P.H.
PRELIMINARY LOCAL CLIMATOLOGICAL DATA (WS FORM: F-6) , PAGE 2
STATION: PHILIP SD
MONTH: MAY
YEAR: 2021
LATITUDE: 44 3 N
LONGITUDE: 101 36 W
[TEMPERATURE DATA] [PRECIPITATION DATA] SYMBOLS USED IN COLUMN 16
AVERAGE MONTHLY: 54.0 TOTAL FOR MONTH: 1.50 1 = FOG OR MIST
DPTR FM NORMAL: -2.6 DPTR FM NORMAL: -1.46 2 = FOG REDUCING VISIBILITY
HIGHEST: 86 ON 20,19 GRTST 24HR 0.66 ON 21-22 TO 1/4 MILE OR LESS
LOWEST: 23 ON 11 3 = THUNDER
SNOW, ICE PELLETS, HAIL 4 = ICE PELLETS
TOTAL MONTH: M 5 = HAIL
GRTST 24HR M ON M 6 = FREEZING RAIN OR DRIZZLE
GRTST DEPTH: M ON M 7 = DUSTSTORM OR SANDSTORM:
VSBY 1/2 MILE OR LESS
8 = SMOKE OR HAZE
[NO. OF DAYS WITH] [WEATHER - DAYS WITH] 9 = BLOWING SNOW
X = TORNADO
MAX 32 OR BELOW: 0 0.01 INCH OR MORE: 12
MAX 90 OR ABOVE: 0 0.10 INCH OR MORE: 3
MIN 32 OR BELOW: 9 0.50 INCH OR MORE: 1
MIN 0 OR BELOW: 0 1.00 INCH OR MORE: 0
[HDD (BASE 65) ]
TOTAL THIS MO. 345 CLEAR (SCALE 0-3) 16
DPTR FM NORMAL 61 PTCLDY (SCALE 4-7) 12
TOTAL FM JUL 1 6886 CLOUDY (SCALE 8-10) 3
DPTR FM NORMAL -186
[CDD (BASE 65) ]
TOTAL THIS MO. 12
DPTR FM NORMAL -13 [PRESSURE DATA]
TOTAL FM JAN 1 12 HIGHEST SLP 30.36 ON 11
DPTR FM NORMAL -14 LOWEST SLP 29.48 ON 2
[REMARKS]
#FINAL-05-21#