000
CXUS53 KILX 011534
CLSPIA
CLIMATE REPORT
NATIONAL WEATHER SERVICE LINCOLN IL
1034 AM CDT WED JUN 01 2022
...................................
...THE PEORIA IL CLIMATE SUMMARY FOR THE SEASON, FROM
3/1/2022 TO 5/31/2022...
CLIMATE NORMAL PERIOD 1991 TO 2020
CLIMATE RECORD PERIOD 1883 TO 2022
WEATHER OBSERVED NORMAL DEPART LAST YEAR`S
VALUE DATE(S) VALUE FROM VALUE
NORMAL
..............................................................
TEMPERATURE (F)
RECORD
HIGH 104 05/31/1934
LOW -11 03/08/1943
HIGHEST 93 05/11 MM MM 87
LOWEST 9 03/12 MM MM 20
AVG. MAXIMUM 62.5 63.0 -0.5 63.2
AVG. MINIMUM 42.8 42.2 0.6 43.4
MEAN 52.6 52.6 0.0 53.3
DAYS MAX >= 90 3 0.9 2.1 0
DAYS MAX <= 32 3 2.1 0.9 0
DAYS MIN <= 32 21 21.8 -0.8 17
DAYS MIN <= 0 0 0.2 -0.2 0
PRECIPITATION (INCHES)
RECORD
MAXIMUM 20.79 2013
MINIMUM 3.36 1934
TOTALS 9.40 11.37 -1.97 14.31
DAILY AVG. 0.10 0.15
DAYS >= .01 42 34.6 7.4 28
DAYS >= .10 23 22.0 1.0 18
DAYS >= .50 6 7.2 -1.2 9
DAYS >= 1.00 1 2.7 -1.7 3
GREATEST
24 HR. TOTAL 1.31 03/30 TO 03/31 3.11
SNOWFALL (INCHES)
RECORDS
TOTAL 25.6 1926
24 HR TOTAL 8.1 03/25/1957 TO 03/25/1957
TOTALS 3.6 3.8 -0.2 0.9
SINCE 7/1 31.5 26.2 5.3 MM
DAYS >= TRACE 10 2.8 7.2 2
DAYS >= 1.0 2 1.1 0.9 0
GREATEST
SNOW DEPTH 3 03/11 0
24 HR TOTAL MM 0.9
DEGREE DAYS
HEATING TOTAL 1279 1244 35 1151
SINCE 7/1 5419 5601 -182 MM
COOLING TOTAL 163 103 60 95
SINCE 1/1 163 102 61 MM
FREEZE DATES
RECORD
EARLIEST 09/20/1991
LATEST 05/25/1925
EARLIEST 11/01
LATEST 04/22
..............................................................
WIND (MPH)
AVERAGE WIND SPEED 9.5
HIGHEST WIND SPEED/DIRECTION 39/240 DATE 04/14
HIGHEST GUST SPEED/DIRECTION 55/230 DATE 04/14
SKY COVER
POSSIBLE SUNSHINE (PERCENT) MM
AVERAGE SKY COVER 0.45
NUMBER OF DAYS FAIR 43
NUMBER OF DAYS PC 25
NUMBER OF DAYS CLOUDY 24
AVERAGE RH (PERCENT) 64
WEATHER CONDITIONS. NUMBER OF DAYS WITH
THUNDERSTORM 10 MIXED PRECIP 2
HEAVY RAIN 7 RAIN 17
LIGHT RAIN 48 FREEZING RAIN 0
LT FREEZING RAIN 1 HAIL 0
HEAVY SNOW 0 SNOW 2
LIGHT SNOW 9 SLEET 1
FOG 33 FOG W/VIS <= 1/4 MILE 4
HAZE 9
- INDICATES NEGATIVE NUMBERS.
R INDICATES RECORD WAS SET OR TIED.
MM INDICATES DATA IS MISSING.
T INDICATES TRACE AMOUNT.
$$
ERWIN