000
CXUS54 KBRO 010900
CF6PIL
PRELIMINARY LOCAL CLIMATOLOGICAL DATA (WS FORM: F-6)
STATION: BAYVIEW
MONTH: NOVEMBER
YEAR: 2021
LATITUDE: 26 10 N
LONGITUDE: 97 20 W
TEMPERATURE IN F: :PCPN: SNOW: WIND :SUNSHINE: SKY :PK WND
================================================================================
1 2 3 4 5 6A 6B 7 8 9 10 11 12 13 14 15 16 17 18
12Z AVG MX 2MIN
DY MAX MIN AVG DEP HDD CDD WTR SNW DPTH SPD SPD DIR MIN PSBL S-S WX SPD DR
================================================================================
1 83 67 75 2 0 10 0.00 0.0 0 7.9 16 100 M M 0 22 110
2 85 64 75 2 0 10 0.00 0.0 0 9.4 17 110 M M 2 23 120
3 84 69 77 5 0 12 T 0.0 0 10.6 22 120 M M 1 30 110
4 78 59 69 -3 0 4 1.14 0.0 0 17.0 28 330 M M 10 13 36 330
5 70 54 62 -10 3 0 0.00 0.0 0 11.8 20 350 M M 2 27 350
6 76 54 65 -7 0 0 0.00 0.0 0 6.9 14 60 M M 1 19 10
7 78 57 68 -3 0 3 0.00 0.0 0 6.1 10 80 M M 0 16 50
8 80 62 71 0 0 6 0.00 0.0 0 7.5 15 100 M M 2 20 130
9 83 63 73 2 0 8 0.00 0.0 0 7.2 14 120 M M 1 19 90
10 82 69 76 5 0 11 T 0.0 0 10.9 22 140 M M 3 29 150
11 86 68 77 7 0 12 0.00 0.0 0 6.4 14 200 M M 1 19 200
12 83 68 76 6 0 11 0.00 0.0 0 5.8 14 50 M M 0 18 60
13 77 63 70 0 0 5 0.00 0.0 0 10.7 21 50 M M 1 30 30
14 81 59 70 0 0 5 0.00 0.0 0 7.7 18 130 M M 0 25 130
15 84 64 74 5 0 9 T 0.0 0 9.6 20 120 M M 2 27 130
16 84 66 75 6 0 10 0.00 0.0 0 12.1 24 150 M M 1 32 160
17 85 66 76 7 0 11 0.00 0.0 0 10.9 24 160 M M 1 33 170
18 80 60 70 1 0 5 0.79 0.0 0 11.8 31 10 M M 8 13 45 10
19 74 60 67 -1 0 2 0.00 0.0 0 12.2 21 330 M M 7 29 330
20 81 58 70 2 0 5 0.00 0.0 0 7.0 14 120 M M 1 19 120
21 82 66 74 6 0 9 0.00 0.0 0 8.6 18 140 M M 3 1 24 150
22 75 59 67 -1 0 2 0.41 0.0 0 11.4 25 360 M M 5 1 34 350
23 76 56 66 -2 0 1 0.00 0.0 0 6.3 13 100 M M 0 18 60
24 82 64 73 6 0 8 T 0.0 0 12.3 28 150 M M 7 36 150
25 78 56 67 0 0 2 0.70 0.0 0 11.4 32 10 M M 9 1 46 20
26 59 54 57 -10 8 0 T 0.0 0 15.8 24 330 M M 10 31 320
27 65 54 60 -7 5 0 T 0.0 0 12.0 20 330 M M 9 18 26 330
28 67 54 61 -5 4 0 T 0.0 0 10.9 17 330 M M 7 18 21 330
29 71 52 62 -4 3 0 0.00 0.0 0 6.1 12 360 M M 3 128 15 320
30 76 51 64 -2 1 0 0.00 0.0 0 5.0 15 110 M M 2 12 19 110
================================================================================
SM 2345 1816 24 161 3.04 0.0 289.3 M 99
================================================================================
AV 78.2 60.5 9.6 FASTST M M 3 MAX(MPH)
MISC ----> 32 10 46 20
================================================================================
NOTES:
# LAST OF SEVERAL OCCURRENCES
COLUMN 17 PEAK WIND IN M.P.H.
PRELIMINARY LOCAL CLIMATOLOGICAL DATA (WS FORM: F-6) , PAGE 2
STATION: BAYVIEW
MONTH: NOVEMBER
YEAR: 2021
LATITUDE: 26 10 N
LONGITUDE: 97 20 W
[TEMPERATURE DATA] [PRECIPITATION DATA] SYMBOLS USED IN COLUMN 16
AVERAGE MONTHLY: 69.4 TOTAL FOR MONTH: 3.04 1 = FOG OR MIST
DPTR FM NORMAL: -0.1 DPTR FM NORMAL: 1.13 2 = FOG REDUCING VISIBILITY
HIGHEST: 86 ON 11 GRTST 24HR 1.14 ON 3- 4 TO 1/4 MILE OR LESS
LOWEST: 51 ON 30 3 = THUNDER
SNOW, ICE PELLETS, HAIL 4 = ICE PELLETS
TOTAL MONTH: 0.0 INCH 5 = HAIL
GRTST 24HR 0.0 6 = FREEZING RAIN OR DRIZZLE
GRTST DEPTH: 0 7 = DUSTSTORM OR SANDSTORM:
VSBY 1/2 MILE OR LESS
8 = SMOKE OR HAZE
[NO. OF DAYS WITH] [WEATHER - DAYS WITH] 9 = BLOWING SNOW
X = TORNADO
MAX 32 OR BELOW: 0 0.01 INCH OR MORE: 4
MAX 90 OR ABOVE: 0 0.10 INCH OR MORE: 4
MIN 32 OR BELOW: 0 0.50 INCH OR MORE: 3
MIN 0 OR BELOW: 0 1.00 INCH OR MORE: 1
[HDD (BASE 65) ]
TOTAL THIS MO. 24 CLEAR (SCALE 0-3) 20
DPTR FM NORMAL -26 PTCLDY (SCALE 4-7) 6
TOTAL FM JUL 1 24 CLOUDY (SCALE 8-10) 4
DPTR FM NORMAL -28
[CDD (BASE 65) ]
TOTAL THIS MO. 161
DPTR FM NORMAL -19 [PRESSURE DATA]
TOTAL FM JAN 1 3918 HIGHEST SLP 30.36 ON 19
DPTR FM NORMAL -135 LOWEST SLP 29.84 ON 10
[REMARKS]
#FINAL-11-21#