000
CXUS51 KPBZ 011340
CLMPIT
CLIMATE REPORT
NATIONAL WEATHER SERVICE PITTSBURGH PA
940 AM EDT SUN OCT 01 2023
...................................
...THE PITTSBURGH PA CLIMATE SUMMARY FOR THE MONTH OF SEPTEMBER 2023...
CLIMATE NORMAL PERIOD 1991 TO 2020
CLIMATE RECORD PERIOD 1871 TO 2023
WEATHER OBSERVED NORMAL DEPART LAST YEAR`S
VALUE DATE(S) VALUE FROM VALUE DATE(S)
NORMAL
................................................................
TEMPERATURE (F)
RECORD
HIGH 102 09/06/1881
LOW 31 09/19/1959
HIGHEST 91 09/04 87 4 84 09/02
09/05
09/06
LOWEST 48 09/16 39 9 42 09/23
09/30
AVG. MAXIMUM 76.9 75.1 1.8 73.0
AVG. MINIMUM 58.3 54.8 3.5 55.6
MEAN 67.6 64.9 2.7 64.3
DAYS MAX >= 90 3 0.9 2.1 0
DAYS MAX <= 32 0 0.0 0.0 0
DAYS MIN <= 32 0 0.0 0.0 0
DAYS MIN <= 0 0 0.0 0.0 0
PRECIPITATION (INCHES)
RECORD
MAXIMUM 10.08 1945
MINIMUM 0.28 1985
TOTALS 1.83 3.30 -1.47 5.15
DAILY AVG. 0.06 0.11 -0.05 0.17
DAYS >= .01 10 9.8 0.2 13
DAYS >= .10 3 5.8 -2.8 8
DAYS >= .50 1 2.0 -1.0 4
DAYS >= 1.00 1 0.5 0.5 1
GREATEST
24 HR. TOTAL 1.14 09/07 TO 09/07 1.72
SNOWFALL (INCHES)
RECORDS
TOTAL T
24 HR TOTAL T 09/30/2002 TO 09/30/1895
09/23/1989 TO 09/23/1989
TOTALS 0.0 0.0 0.0 0.0
SINCE 7/1 0.0 0.0 0.0 0.0
SNOWDEPTH AVG. 0 0
DAYS >= TRACE 0 0.0 0.0 0
DAYS >= 1.0 0 0.0 0.0 0
GREATEST
24 HR TOTAL 0.0 0.0
DEGREE DAYS
HEATING TOTAL 32 86 -54 94
SINCE 7/1 32 99 -67 94
COOLING TOTAL 117 85 32 84
SINCE 1/1 761 786 -25 846
................................................................
WIND (MPH)
AVERAGE WIND SPEED 5.1
HIGHEST WIND SPEED/DIRECTION 26/310 DATE 09/12
HIGHEST GUST SPEED/DIRECTION 33/130 DATE 09/07
SKY COVER
AVERAGE SKY COVER 0.59
AVERAGE RH (PERCENT) 69
WEATHER CONDITIONS. NUMBER OF DAYS WITH
THUNDERSTORM 2 MIXED PRECIP 1
HEAVY RAIN 0 RAIN 11
LIGHT RAIN 12 FREEZING RAIN 0
LT FREEZING RAIN 0 HAIL 0
HEAVY SNOW 0 SNOW 0
LIGHT SNOW 0 SLEET 0
FOG 17 FOG W/VIS <= 1/4 MILE 2
HAZE 7
- INDICATES NEGATIVE NUMBERS.
R INDICATES RECORD WAS SET OR TIED.
MM INDICATES DATA IS MISSING.
T INDICATES TRACE AMOUNT.
$$