000
CXUS51 KRLX 011138 CCA
CF6PKB
PRELIMINARY LOCAL CLIMATOLOGICAL DATA (WS FORM: F-6)
STATION: PARKERSBURG WV
MONTH: MARCH
YEAR: 2021
LATITUDE: 39 20 N
LONGITUDE: 81 26 W
TEMPERATURE IN F: :PCPN: SNOW: WIND :SUNSHINE: SKY :PK WND
================================================================================
1 2 3 4 5 6A 6B 7 8 9 10 11 12 13 14 15 16 17 18
12Z AVG MX 2MIN
DY MAX MIN AVG DEP HDD CDD WTR SNW DPTH SPD SPD DIR MIN PSBL S-S WX SPD DR
================================================================================
1 61 31 46 8 19 0 0.46 M M 11.5 17 320 M M 6 18 32 320
2 45 24 35 -4 30 0 0.00 M M 3.1 8 240 M M 0 8 240
3 57 21 39 0 26 0 0.00 M M 9.2 14 230 M M 0 21 230
4 50 26 38 -1 27 0 0.00 M M 10.0 20 340 M M 4 8 27 360
5 45 18 32 -8 33 0 0.00 M M 5.4 21 310 M M 0 26 300
6 47 21 34 -6 31 0 0.00 M M 4.4 17 290 M M 0 22 290
7 49 18 34 -6 31 0 0.00 M M 3.5 14 300 M M 0 8 19 290
8 60 19 40 -1 25 0 0.00 M M 5.1 15 210 M M 0 20 210
9 68 37 53 12 12 0 0.00 M M 4.4 15 220 M M 0 22 240
10 72 31 52 11 13 0 0.00 M M 6.5 18 210 M M 0 25 190
11 71 53 62 20 3 0 0.80 M M 8.7 23 220 M M 7 1 31 230
12 64 46 55 13 10 0 0.23 M M 6.1 16 330 M M 4 1 22 330
13 53 31 42 0 23 0 0.00 M M 3.4 12 50 M M 0 14 10
14 60 26 43 0 22 0 0.00 M M 6.2 16 360 M M 0 25 10
15 45 26 36 -7 29 0 0.01 M M 7.5 15 70 M M 4 21 80
16 69 38 54 11 11 0 0.07 M M 5.1 13 320 M M 5 1 17 300
17 69 38 54 10 11 0 0.00 M M 2.3 9 200 M M 4 12 13 150
18 67 46 57 13 8 0 0.34 M M 8.9 26 40 M M 10 138 37 30
19 53 34 44 0 21 0 0.00 M M 11.7 23 30 M M 1 33 30
20 63 27 45 0 20 0 0.00 M M 3.8 13 70 M M 0 16 80
21 69 29 49 4 16 0 0.00 M M 1.3 12 150 M M 0 14 150
22 71 32 52 6 13 0 0.00 M M 2.3 12 140 M M 0 15 150
23 71 37 54 8 11 0 0.00 M M 5.5 17 150 M M 0 23 150
24 77 53 65 19 0 0 T M M 6.3 16 190 M M 5 23 170
25 73 46 60 13 5 0 0.31 M M 4.6 22 190 M M 4 13 31 200
26 68 47 58 11 7 0 0.12 M M 9.5 25 280 M M 7 3 41 260
27 71 38 55 8 10 0 0.00 M M 4.7 17 210 M M 1 23 210
28 61 40 51 3 14 0 0.76 M M 13.3 36 290 M M 9 13 49 280
29 58 34 46 -2 19 0 0.00 M M 3.9 13 240 M M 2 17 99
30 76 31 54 6 11 0 0.00 M M 7.0 20 220 M M 0 27 210
31 66 42 54 5 11 0 0.52 M M 7.6 22 300 M M 9 1 30 310
================================================================================
SM 1929 1040 522 0 3.62 M 192.8 M 82
================================================================================
AV 62.2 33.5 6.2 FASTST M M 3 MAX(MPH)
MISC ----> 36 290 49 280
================================================================================
NOTES:
# LAST OF SEVERAL OCCURRENCES
COLUMN 17 PEAK WIND IN M.P.H.
PRELIMINARY LOCAL CLIMATOLOGICAL DATA (WS FORM: F-6) , PAGE 2
STATION: PARKERSBURG WV
MONTH: MARCH
YEAR: 2021
LATITUDE: 39 20 N
LONGITUDE: 81 26 W
[TEMPERATURE DATA] [PRECIPITATION DATA] SYMBOLS USED IN COLUMN 16
AVERAGE MONTHLY: 47.9 TOTAL FOR MONTH: 3.62 1 = FOG OR MIST
DPTR FM NORMAL: 4.4 DPTR FM NORMAL: -0.11 2 = FOG REDUCING VISIBILITY
HIGHEST: 77 ON 24 GRTST 24HR 1.03 ON 11-12 TO 1/4 MILE OR LESS
LOWEST: 18 ON 7, 5 3 = THUNDER
SNOW, ICE PELLETS, HAIL 4 = ICE PELLETS
TOTAL MONTH: M 5 = HAIL
GRTST 24HR M ON M 6 = FREEZING RAIN OR DRIZZLE
GRTST DEPTH: M ON M 7 = DUSTSTORM OR SANDSTORM:
VSBY 1/2 MILE OR LESS
8 = SMOKE OR HAZE
[NO. OF DAYS WITH] [WEATHER - DAYS WITH] 9 = BLOWING SNOW
X = TORNADO
MAX 32 OR BELOW: 0 0.01 INCH OR MORE: 10
MAX 90 OR ABOVE: 0 0.10 INCH OR MORE: 8
MIN 32 OR BELOW: 16 0.50 INCH OR MORE: 3
MIN 0 OR BELOW: 0 1.00 INCH OR MORE: 0
[HDD (BASE 65) ]
TOTAL THIS MO. 522 CLEAR (SCALE 0-3) 18
DPTR FM NORMAL -149 PTCLDY (SCALE 4-7) 10
TOTAL FM JUL 1 4122 CLOUDY (SCALE 8-10) 3
DPTR FM NORMAL -337
[CDD (BASE 65) ]
TOTAL THIS MO. 0
DPTR FM NORMAL -3 [PRESSURE DATA]
TOTAL FM JAN 1 0 HIGHEST SLP 30.57 ON 20
DPTR FM NORMAL -3 LOWEST SLP 29.54 ON 18
[REMARKS]
#FINAL-03-21#