000
CXUS53 KAPX 011242
CF6PLN
PRELIMINARY LOCAL CLIMATOLOGICAL DATA (WS FORM: F-6)
STATION: PELLSTON
MONTH: SEPTEMBER
YEAR: 2021
LATITUDE: 45 34 N
LONGITUDE: 84 48 W
TEMPERATURE IN F: :PCPN: SNOW: WIND :SUNSHINE: SKY :PK WND
================================================================================
1 2 3 4 5 6A 6B 7 8 9 10 11 12 13 14 15 16 17 18
12Z AVG MX 2MIN
DY MAX MIN AVG DEP HDD CDD WTR SNW DPTH SPD SPD DIR MIN PSBL S-S WX SPD DR
================================================================================
1 75 45 60 -2 5 0 0.00 M M 4.0 16 10 M M 0 1 22 40
2 76 42 59 -3 6 0 0.00 M M 3.4 13 10 M M 0 1 20 340
3 70 45 58 -4 7 0 0.00 M M 1.5 8 140 M M 1 1 11 130
4 67 59 63 2 2 0 0.17 M M 4.8 13 290 M M 10 18 19 290
5 73 51 62 1 3 0 0.10 M M 6.4 20 310 M M 3 1 30 290
6 70 48 59 -2 6 0 0.00 M M 5.5 16 300 M M 4 1 24 310
7 70 45 58 -2 7 0 0.15 M M 4.9 22 150 M M 3 12 32 160
8 67 49 58 -2 7 0 0.19 M M 10.3 24 310 M M 6 18 36 310
9 70 48 59 -1 6 0 0.01 M M 7.3 17 320 M M 3 1 25 290
10 74 42 58 -1 7 0 0.00 M M 2.5 12 250 M M 0 1 17 240
11 80 52 66 7 0 1 0.00 M M 8.1 21 250 M M 3 1 37 270
12 72 50 61 2 4 0 T M M 2.8 8 300 M M 1 1 M M
13 69 42 56 -2 9 0 0.00 M M 2.7 12 70 M M 1 1 M M
14 76 53 65 7 0 0 0.91 M M 9.9 25 250 M M 8 13 50 290
15 71 47 59 1 6 0 0.12 M M 5.1 16 310 M M 2 1 21 280
16 78 41 60 3 5 0 0.00 M M 4.5 15 160 M M 0 1 22 210
17 83 45 64 7 1 0 0.00 M M 7.6 21 280 M M 2 33 290
18 71 40 56 -1 9 0 0.00 M M 2.2 10 10 M M 0 1 16 240
19 81 38 60 4 5 0 0.00 M M 3.0 10 200 M M 0 1 17 190
20 83 54 69 13 0 4 0.17 M M 5.1 10 140 M M 4 1 21 180
21 73 56 65 9 0 0 0.39 M M 11.3 22 300 M M 6 1 31 300
22 60 50 55 0 10 0 0.00 M M 11.5 17 20 M M 1 25 10
23 51 45 48 -7 17 0 0.38 M M 11.9 24 20 M M 8 1 31 20
24 69 48 59 5 6 0 0.07 M M 7.7 21 200 M M 6 1 36 200
25 63 46 55 1 10 0 0.46 M M 8.0 24 350 M M 8 13 35 330
26 70 41 56 2 9 0 0.06 M M 3.6 12 240 M M 7 12 21 220
27 70 42 56 3 9 0 0.00 M M 4.4 14 350 M M 3 1 18 320
28 67 36 52 -1 13 0 0.00 M M 2.1 9 320 M M 2 1 13 230
29 73 41 57 5 8 0 0.00 M M 1.3 6 60 M M 3 1 M M
30 74 37 56 4 9 0 0.00 M M 1.9 10 70 M M 2 12 15 70
================================================================================
SM 2146 1378 186 5 3.18 M 165.3 M 97
================================================================================
AV 71.5 45.9 5.5 FASTST M M 3 MAX(MPH)
MISC ----> 25 250 50 290
================================================================================
NOTES:
# LAST OF SEVERAL OCCURRENCES
COLUMN 17 PEAK WIND IN M.P.H.
PRELIMINARY LOCAL CLIMATOLOGICAL DATA (WS FORM: F-6) , PAGE 2
STATION: PELLSTON
MONTH: SEPTEMBER
YEAR: 2021
LATITUDE: 45 34 N
LONGITUDE: 84 48 W
[TEMPERATURE DATA] [PRECIPITATION DATA] SYMBOLS USED IN COLUMN 16
AVERAGE MONTHLY: 58.7 TOTAL FOR MONTH: 3.18 1 = FOG OR MIST
DPTR FM NORMAL: 1.4 DPTR FM NORMAL: -0.20 2 = FOG REDUCING VISIBILITY
HIGHEST: 83 ON 20,17 GRTST 24HR 0.91 ON 14-14 TO 1/4 MILE OR LESS
LOWEST: 36 ON 28 3 = THUNDER
SNOW, ICE PELLETS, HAIL 4 = ICE PELLETS
TOTAL MONTH: M 5 = HAIL
GRTST 24HR M ON M 6 = FREEZING RAIN OR DRIZZLE
GRTST DEPTH: M ON M 7 = DUSTSTORM OR SANDSTORM:
VSBY 1/2 MILE OR LESS
8 = SMOKE OR HAZE
[NO. OF DAYS WITH] [WEATHER - DAYS WITH] 9 = BLOWING SNOW
X = TORNADO
MAX 32 OR BELOW: 0 0.01 INCH OR MORE: 13
MAX 90 OR ABOVE: 0 0.10 INCH OR MORE: 10
MIN 32 OR BELOW: 0 0.50 INCH OR MORE: 1
MIN 0 OR BELOW: 0 1.00 INCH OR MORE: 0
[HDD (BASE 65) ]
TOTAL THIS MO. 186 CLEAR (SCALE 0-3) 16
DPTR FM NORMAL -67 PTCLDY (SCALE 4-7) 12
TOTAL FM JUL 1 247 CLOUDY (SCALE 8-10) 2
DPTR FM NORMAL -145
[CDD (BASE 65) ]
TOTAL THIS MO. 5
DPTR FM NORMAL -19 [PRESSURE DATA]
TOTAL FM JAN 1 397 HIGHEST SLP 30.30 ON 18
DPTR FM NORMAL 145 LOWEST SLP 29.54 ON 7
[REMARKS]
#FINAL-09-21#