000
CXUS52 KMFL 011130
CF6PMP
PRELIMINARY LOCAL CLIMATOLOGICAL DATA (WS FORM: F-6)
STATION: POMPANO BEACH ARPK
MONTH: JANUARY
YEAR: 2024
LATITUDE: 26 14 N
LONGITUDE: 80 7 W
TEMPERATURE IN F: :PCPN: SNOW: WIND :SUNSHINE: SKY :PK WND
================================================================================
1 2 3 4 5 6A 6B 7 8 9 10 11 12 13 14 15 16 17 18
12Z AVG MX 2MIN
DY MAX MIN AVG DEP HDD CDD WTR SNW DPTH SPD SPD DIR MIN PSBL S-S WX SPD DR
================================================================================
1 74 52 63 -6 2 0 0.00 0.0 0 3.9 14 260 M M 0 18 19 300
2 73 55 64 -5 1 0 0.00 0.0 0 7.2 20 320 M M 0 26 320
3 76 53 65 -4 0 0 0.00 0.0 0 6.2 16 150 M M 2 27 160
4 79 59 69 0 0 4 0.00 0.0 0 9.5 22 260 M M 4 28 250
5 77 64 71 3 0 6 0.01 0.0 0 13.3 22 140 M M 8 33 140
6 79 72 76 8 0 11 0.24 0.0 0 11.9 23 140 M M 6 1 34 160
7 73 61 67 -1 0 2 0.11 0.0 0 7.9 20 250 M M 5 1 27 250
8 76 61 69 1 0 4 0.00 0.0 0 15.0 26 120 M M 6 38 110
9 81 66 74 6 0 9 0.01 0.0 0 19.2 31 130 M M 7 45 150
10 74 66 70 2 0 5 T M M 5.6 14 340 M M 7 19 280
11 71 63 67 -1 0 2 0.28 M M 7.2 16 80 M M 10 1 22 80
12 89 71 80 12 0 15 0.10 M M 9.5 18 220 M M 5 1 26 250
13 87 69 78 10 0 13 0.02 M M 9.9 23 310 M M 6 33 220
14 74 66 70 2 0 5 0.80 M M 11.9 21 110 M M 10 138 32 70
15 83 74 79 11 0 14 T 0.0 0 10.7 20 160 M M 6 26 150
16 87 74 81 13 0 16 0.02 0.0 0 8.9 21 220 M M 4 28 220
17 77 67 72 4 0 7 T 0.0 0 10.8 20 30 M M 8 27 20
18 83 74 79 11 0 14 T 0.0 0 8.6 15 120 M M 7 21 70
19 78 69 74 6 0 9 0.02 0.0 0 6.0 14 330 M M 6 8 18 330
20 75 56 66 -2 0 1 0.00 0.0 0 11.2 20 40 M M 2 25 40
21 72 52 62 -6 3 0 0.00 0.0 0 14.1 22 60 M M 4 36 60
22 73 66 70 2 0 5 T 0.0 0 17.4 24 70 M M 9 35 90
23 81 69 75 7 0 10 T 0.0 0 15.6 23 100 M M 7 31 110
24 82 76 79 11 0 14 0.00 0.0 0 14.9 21 120 M M 3 28 140
25 81 76 79 11 0 14 T 0.0 0 11.7 21 140 M M 3 25 140
26 84 76 80 12 0 15 0.00 0.0 0 11.4 16 130 M M 2 21 140
27 83 76 80 12 0 15 0.01 0.0 0 10.6 22 150 M M 6 31 140
28 88 60 74 5 0 9 0.12 0.0 0 11.3 24 300 M M 3 33 310
29 67 54 61 -8 4 0 0.00 M M 11.5 22 300 M M 1 31 300
30 74 52 63 -6 2 0 0.00 0.0 0 6.6 14 330 M M 2 17 330
31 75 54 65 -4 0 0 0.00 0.0 0 10.2 20 270 M M 1 26 270
================================================================================
SM 2426 2003 12 219 1.74 0.0 329.7 M 150
================================================================================
AV 78.3 64.6 10.6 FASTST M M 5 MAX(MPH)
MISC ----> 31 130 45 150
================================================================================
NOTES:
# LAST OF SEVERAL OCCURRENCES
COLUMN 17 PEAK WIND IN M.P.H.
PRELIMINARY LOCAL CLIMATOLOGICAL DATA (WS FORM: F-6) , PAGE 2
STATION: POMPANO BEACH ARPK
MONTH: JANUARY
YEAR: 2024
LATITUDE: 26 14 N
LONGITUDE: 80 7 W
[TEMPERATURE DATA] [PRECIPITATION DATA] SYMBOLS USED IN COLUMN 16
AVERAGE MONTHLY: 71.4 TOTAL FOR MONTH: 1.74 1 = FOG OR MIST
DPTR FM NORMAL: 3.0 DPTR FM NORMAL: -0.19 2 = FOG REDUCING VISIBILITY
HIGHEST: 89 ON 12 GRTST 24HR 0.80 ON 14-14 TO 1/4 MILE OR LESS
LOWEST: 52 ON 30,21 3 = THUNDER
SNOW, ICE PELLETS, HAIL 4 = ICE PELLETS
TOTAL MONTH: 0.0 INCH 5 = HAIL
GRTST 24HR 0.0 6 = FREEZING RAIN OR DRIZZLE
GRTST DEPTH: 0 7 = DUSTSTORM OR SANDSTORM:
VSBY 1/2 MILE OR LESS
8 = SMOKE OR HAZE
[NO. OF DAYS WITH] [WEATHER - DAYS WITH] 9 = BLOWING SNOW
X = TORNADO
MAX 32 OR BELOW: 0 0.01 INCH OR MORE: 12
MAX 90 OR ABOVE: 0 0.10 INCH OR MORE: 6
MIN 32 OR BELOW: 0 0.50 INCH OR MORE: 1
MIN 0 OR BELOW: 0 1.00 INCH OR MORE: 0
[HDD (BASE 65) ]
TOTAL THIS MO. 12 CLEAR (SCALE 0-3) 9
DPTR FM NORMAL -42 PTCLDY (SCALE 4-7) 19
TOTAL FM JUL 1 21 CLOUDY (SCALE 8-10) 3
DPTR FM NORMAL -76
[CDD (BASE 65) ]
TOTAL THIS MO. 219
DPTR FM NORMAL 61 [PRESSURE DATA]
TOTAL FM JAN 1 219 HIGHEST SLP 30.42 ON 22
DPTR FM NORMAL 61 LOWEST SLP 29.81 ON 9
[REMARKS]
#FINAL-01-24#