000
CXUS52 KMFL 011130
CF6PMP
PRELIMINARY LOCAL CLIMATOLOGICAL DATA (WS FORM: F-6)
STATION: POMPANO BEACH ARPK
MONTH: DECEMBER
YEAR: 2023
LATITUDE: 26 14 N
LONGITUDE: 80 7 W
TEMPERATURE IN F: :PCPN: SNOW: WIND :SUNSHINE: SKY :PK WND
================================================================================
1 2 3 4 5 6A 6B 7 8 9 10 11 12 13 14 15 16 17 18
12Z AVG MX 2MIN
DY MAX MIN AVG DEP HDD CDD WTR SNW DPTH SPD SPD DIR MIN PSBL S-S WX SPD DR
================================================================================
1 85 77 81 8 0 16 0.00 0.0 0 10.2 15 120 M M 3 19 130
2 86 78 82 9 0 17 0.00 0.0 0 9.5 17 150 M M 2 24 140
3 89 74 82 10 0 17 T 0.0 0 5.0 14 280 M M 3 17 280
4 85 72 79 7 0 14 0.00 M M 4.6 13 270 M M 0 17 260
5 84 68 76 4 0 11 0.00 M M 6.7 10 330 M M 0 24 330
6 74 58 66 -6 0 1 0.00 M M 11.0 18 340 M M 1 25 340
7 76 55 66 -6 0 1 0.00 M M 6.9 14 100 M M 8 20 100
8 81 71 76 4 0 11 0.00 0.0 0 11.4 20 130 M M 7 25 90
9 83 75 79 7 0 14 T 0.0 0 12.6 21 140 M M 4 26 110
10 83 71 77 5 0 12 T 0.0 0 11.5 22 280 M M 4 29 270
11 74 60 67 -5 0 2 0.00 0.0 0 10.8 23 310 M M 1 32 300
12 78 59 69 -3 0 4 T 0.0 0 12.9 23 60 M M 7 36 70
13 76 73 75 3 0 10 0.03 0.0 0 20.3 29 50 M M 10 1 42 50
14 74 71 73 2 0 8 0.19 0.0 0 23.7 32 50 M M 10 18 47 50
15 75 71 73 2 0 8 T 0.0 0 23.0 30 70 M M 10 44 70
16 77 71 74 3 0 9 1.33 0.0 0 23.9 36 140 M M 10 13 52 160
17 81 64 73 2 0 8 0.78 0.0 0 17.1 30 150 M M 5 13 47 160
18 74 57 66 -5 0 1 0.00 0.0 0 9.4 20 270 M M 1 29 250
19 75 53 64 -7 1 0 0.00 0.0 0 10.5 17 10 M M 1 23 350
20 72 58 65 -5 0 0 T 0.0 0 14.5 24 80 M M 10 33 70
21 77 68 73 3 0 8 T 0.0 0 15.1 21 60 M M 9 32 40
22 78 64 71 1 0 6 0.00 0.0 0 10.2 16 60 M M 4 22 90
23 79 72 76 6 0 11 T 0.0 0 13.5 18 70 M M 4 26 70
24 78 70 74 4 0 9 0.11 0.0 0 16.4 22 90 M M 6 30 90
25 77 74 76 6 0 11 0.01 0.0 0 17.7 24 130 M M 6 34 120
26 83 69 76 6 0 11 1.06 0.0 0 8.2 23 150 M M 5 1 34 140
27 78 64 71 1 0 6 0.00 0.0 0 6.3 16 300 M M 1 19 320
28 71 60 66 -4 0 1 0.75 0.0 0 7.3 16 320 M M 7 1 22 320
29 72 57 65 -4 0 0 0.00 0.0 0 7.4 18 290 M M 2 24 290
30 67 54 61 -8 4 0 0.00 0.0 0 4.5 16 300 M M 1 21 300
31 72 49 61 -8 4 0 0.00 0.0 0 3.6 14 330 M M 0 8 21 340
================================================================================
SM 2414 2037 9 227 4.26 0.0 365.7 M 142
================================================================================
AV 77.9 65.7 11.8 FASTST M M 5 MAX(MPH)
MISC ----> 36 140 52 160
================================================================================
NOTES:
# LAST OF SEVERAL OCCURRENCES
COLUMN 17 PEAK WIND IN M.P.H.
PRELIMINARY LOCAL CLIMATOLOGICAL DATA (WS FORM: F-6) , PAGE 2
STATION: POMPANO BEACH ARPK
MONTH: DECEMBER
YEAR: 2023
LATITUDE: 26 14 N
LONGITUDE: 80 7 W
[TEMPERATURE DATA] [PRECIPITATION DATA] SYMBOLS USED IN COLUMN 16
AVERAGE MONTHLY: 71.8 TOTAL FOR MONTH: 4.26 1 = FOG OR MIST
DPTR FM NORMAL: 0.8 DPTR FM NORMAL: 1.81 2 = FOG REDUCING VISIBILITY
HIGHEST: 89 ON 3 GRTST 24HR 2.10 ON 16-17 TO 1/4 MILE OR LESS
LOWEST: 49 ON 31 3 = THUNDER
SNOW, ICE PELLETS, HAIL 4 = ICE PELLETS
TOTAL MONTH: 0.0 INCH 5 = HAIL
GRTST 24HR 0.0 6 = FREEZING RAIN OR DRIZZLE
GRTST DEPTH: 0 7 = DUSTSTORM OR SANDSTORM:
VSBY 1/2 MILE OR LESS
8 = SMOKE OR HAZE
[NO. OF DAYS WITH] [WEATHER - DAYS WITH] 9 = BLOWING SNOW
X = TORNADO
MAX 32 OR BELOW: 0 0.01 INCH OR MORE: 8
MAX 90 OR ABOVE: 0 0.10 INCH OR MORE: 6
MIN 32 OR BELOW: 0 0.50 INCH OR MORE: 4
MIN 0 OR BELOW: 0 1.00 INCH OR MORE: 2
[HDD (BASE 65) ]
TOTAL THIS MO. 9 CLEAR (SCALE 0-3) 12
DPTR FM NORMAL -24 PTCLDY (SCALE 4-7) 13
TOTAL FM JUL 1 9 CLOUDY (SCALE 8-10) 6
DPTR FM NORMAL -28
[CDD (BASE 65) ]
TOTAL THIS MO. 227
DPTR FM NORMAL 8 [PRESSURE DATA]
TOTAL FM JAN 1 5262 HIGHEST SLP 30.29 ON 21
DPTR FM NORMAL 654 LOWEST SLP 29.61 ON 17
[REMARKS]
#FINAL-12-23#