000
CXUS54 KMOB 010730 CCA
CF6PNS
PRELIMINARY LOCAL CLIMATOLOGICAL DATA (WS FORM: F-6)
STATION: PENSACOLA
MONTH: MARCH
YEAR: 2020
LATITUDE: 30 28 N
LONGITUDE: 87 12 W
TEMPERATURE IN F: :PCPN: SNOW: WIND :SUNSHINE: SKY :PK WND
================================================================================
1 2 3 4 5 6A 6B 7 8 9 10 11 12 13 14 15 16 17 18
12Z AVG MX 2MIN
DY MAX MIN AVG DEP HDD CDD WTR SNW DPTH SPD SPD DIR MIN PSBL S-S WX SPD DR
================================================================================
1 71 46 59 1 6 0 0.00 0.0 0 7.6 20 160 M M 2 24 160
2 75 63 69 11 0 4 T 0.0 0 11.3 21 200 M M 6 26 200
3 77 66 72 14 0 7 0.17 0.0 0 8.6 21 200 M M 7 1 27 200
4 74 59 67 9 0 2 0.22 0.0 0 10.3 23 180 M M 10 1 29 170
5 68 57 63 5 2 0 0.08 0.0 0 9.8 21 340 M M 10 13 26 340
6 71 50 61 3 4 0 0.00 0.0 0 12.5 26 330 M M 0 32 330
7 67 41 54 -5 11 0 0.00 0.0 0 7.5 17 360 M M 0 22 360
8 65 51 58 -1 7 0 0.00 0.0 0 8.9 21 130 M M 0 26 120
9 73 53 63 4 2 0 0.00 0.0 0 9.3 21 120 M M 3 28 140
10 75 61 68 9 0 3 T 0.0 0 6.7 14 190 M M 7 17 180
11 78 63 71 11 0 6 0.00 0.0 0 7.3 17 210 M M 7 1 20 210
12 77 65 71 11 0 6 0.00 0.0 0 8.8 20 190 M M 5 1 22 190
13 78 62 70 10 0 5 0.00 0.0 0 6.9 15 190 M M 3 12 19 190
14 79 63 71 11 0 6 0.00 0.0 0 4.5 15 140 M M 4 12 20 140
15 86 60 73 13 0 8 0.00 0.0 0 6.3 15 210 M M 0 1 17 210
16 81 61 71 11 0 6 0.00 0.0 0 5.9 14 150 M M 2 1 17 150
17 80 61 71 10 0 6 0.00 0.0 0 5.0 14 160 M M 2 1 16 150
18 79 67 73 12 0 8 0.00 0.0 0 10.0 16 150 M M 6 1 22 140
19 82 71 77 16 0 12 0.00 0.0 0 11.7 18 150 M M 7 24 170
20 82 71 77 16 0 12 0.00 0.0 0 9.2 18 160 M M 7 1 24 140
21 78 64 71 10 0 6 0.01 0.0 0 6.4 16 360 M M 9 1 19 350
22 79 61 70 8 0 5 0.00 0.0 0 6.3 13 150 M M 4 16 150
23 83 68 76 14 0 11 0.00 0.0 0 11.4 22 190 M M 5 1 26 180
24 83 69 76 14 0 11 0.00 0.0 0 12.9 24 200 M M 6 31 200
25 86 69 78 16 0 13 0.00 0.0 0 9.9 20 160 M M 4 1 23 180
26 84 68 76 14 0 11 0.00 0.0 0 6.3 16 190 M M 3 128 20 180
27 85 70 78 16 0 13 0.00 0.0 0 11.0 18 200 M M 4 24 210
28 84 73 79 16 0 14 0.00 0.0 0 12.4 21 180 M M 6 18 26 200
29 87 70 79 16 0 14 0.00 0.0 0 9.8 17 180 M M 5 18 35 200
30 84 68 76 13 0 11 0.00 0.0 0 6.3 12 170 M M 1 16 110
31 84 54 69 6 0 4 0.04 0.0 0 16.1 36 230 M M 4 3 47 240
================================================================================
SM 2435 1925 32 204 0.52 0.0 276.9 M 139
================================================================================
AV 78.5 62.1 8.9 FASTST M M 4 MAX(MPH)
MISC ----> # 36 230 # 47 240
================================================================================
NOTES:
# LAST OF SEVERAL OCCURRENCES
COLUMN 17 PEAK WIND IN M.P.H.
PRELIMINARY LOCAL CLIMATOLOGICAL DATA (WS FORM: F-6) , PAGE 2
STATION: PENSACOLA
MONTH: MARCH
YEAR: 2020
LATITUDE: 30 28 N
LONGITUDE: 87 12 W
[TEMPERATURE DATA] [PRECIPITATION DATA] SYMBOLS USED IN COLUMN 16
AVERAGE MONTHLY: 70.3 TOTAL FOR MONTH: 0.52 1 = FOG OR MIST
DPTR FM NORMAL: 9.9 DPTR FM NORMAL: -5.29 2 = FOG REDUCING VISIBILITY
HIGHEST: 87 ON 29 GRTST 24HR 0.22 ON 4- 4 TO 1/4 MILE OR LESS
LOWEST: 41 ON 7 3 = THUNDER
SNOW, ICE PELLETS, HAIL 4 = ICE PELLETS
TOTAL MONTH: 0.0 INCH 5 = HAIL
GRTST 24HR 0.0 6 = FREEZING RAIN OR DRIZZLE
GRTST DEPTH: 0 7 = DUSTSTORM OR SANDSTORM:
VSBY 1/2 MILE OR LESS
8 = SMOKE OR HAZE
[NO. OF DAYS WITH] [WEATHER - DAYS WITH] 9 = BLOWING SNOW
X = TORNADO
MAX 32 OR BELOW: 0 0.01 INCH OR MORE: 5
MAX 90 OR ABOVE: 0 0.10 INCH OR MORE: 2
MIN 32 OR BELOW: 0 0.50 INCH OR MORE: 0
MIN 0 OR BELOW: 0 1.00 INCH OR MORE: 0
[HDD (BASE 65) ]
TOTAL THIS MO. 32 CLEAR (SCALE 0-3) 10
DPTR FM NORMAL -144 PTCLDY (SCALE 4-7) 18
TOTAL FM JUL 1 940 CLOUDY (SCALE 8-10) 3
DPTR FM NORMAL -544
[CDD (BASE 65) ]
TOTAL THIS MO. 204
DPTR FM NORMAL 171 [PRESSURE DATA]
TOTAL FM JAN 1 269 HIGHEST SLP 30.50 ON 8
DPTR FM NORMAL 222 LOWEST SLP 29.73 ON 31
[REMARKS]
#FINAL-03-20#