000
CXUS54 KMOB 230632
CF6PNS
PRELIMINARY LOCAL CLIMATOLOGICAL DATA (WS FORM: F-6)
STATION: PENSACOLA
MONTH: APRIL
YEAR: 2024
LATITUDE: 30 28 N
LONGITUDE: 87 12 W
TEMPERATURE IN F: :PCPN: SNOW: WIND :SUNSHINE: SKY :PK WND
================================================================================
1 2 3 4 5 6A 6B 7 8 9 10 11 12 13 14 15 16 17 18
12Z AVG MX 2MIN
DY MAX MIN AVG DEP HDD CDD WTR SNW DPTH SPD SPD DIR MIN PSBL S-S WX SPD DR
================================================================================
1 79 68 74 9 0 9 0.00 0.0 0 11.3 20 170 M M 7 1 26 150
2 75 70 73 8 0 8 0.01 0.0 0 13.2 23 210 M M 10 138 33 200
3 74 55 65 -1 0 0 0.04 0.0 0 11.9 23 340 M M 4 13 34 340
4 73 47 60 -6 5 0 0.00 0.0 0 8.9 21 250 M M 0 30 270
5 78 47 63 -3 2 0 0.00 0.0 0 4.8 16 300 M M 0 21 140
6 72 52 62 -4 3 0 0.00 0.0 0 5.8 14 200 M M 0 18 230
7 74 53 64 -2 1 0 0.00 0.0 0 8.9 15 150 M M 0 26 140
8 75 62 69 3 0 4 0.00 0.0 0 11.6 18 140 M M 7 26 140
9 75 65 70 3 0 5 0.00 0.0 0 15.1 22 130 M M 8 31 150
10 71 64 68 1 0 3 2.45 0.0 0 12.7 36 240 M M 10 123 53 130
11 74 57 66 -1 0 1 0.00 0.0 0 12.0 28 300 M M 5 1 38 290
12 79 51 65 -2 0 0 0.00 0.0 0 9.2 20 320 M M 0 30 330
13 81 50 66 -2 0 1 0.00 0.0 0 7.9 16 190 M M 0 22 180
14 78 55 67 -1 0 2 0.00 0.0 0 4.5 14 180 M M 0 19 190
15 78 58 68 0 0 3 0.00 0.0 0 6.7 16 190 M M 1 1 22 180
16 78 66 72 4 0 7 0.00 0.0 0 9.9 21 140 M M 4 29 140
17 78 66 72 4 0 7 0.00 0.0 0 8.1 17 140 M M 7 24 150
18 80 69 75 6 0 10 0.00 0.0 0 7.3 17 160 M M 6 21 170
19 81 68 75 6 0 10 0.00 0.0 0 6.8 17 200 M M 3 1 24 180
20 82 69 76 7 0 11 0.00 0.0 0 7.7 17 180 M M 2 22 190
21 71 55 63 -7 2 0 0.05 0.0 0 11.2 21 330 M M 5 13 28 330
22 73 49 61 -9 4 0 0.00 0.0 0 8.8 16 350 M M 0 23 350
================================================================================
SM 1679 1296 17 81 2.55 0.0 204.3 M 79
================================================================================
AV 76.3 58.9 9.3 FASTST M M 4 MAX(MPH)
MISC ----> 36 240 53 130
================================================================================
NOTES:
# LAST OF SEVERAL OCCURRENCES
COLUMN 17 PEAK WIND IN M.P.H.
PRELIMINARY LOCAL CLIMATOLOGICAL DATA (WS FORM: F-6) , PAGE 2
STATION: PENSACOLA
MONTH: APRIL
YEAR: 2024
LATITUDE: 30 28 N
LONGITUDE: 87 12 W
[TEMPERATURE DATA] [PRECIPITATION DATA] SYMBOLS USED IN COLUMN 16
AVERAGE MONTHLY: 67.6 TOTAL FOR MONTH: 2.55 1 = FOG OR MIST
DPTR FM NORMAL: 0.3 DPTR FM NORMAL: -1.60 2 = FOG REDUCING VISIBILITY
HIGHEST: 82 ON 20 GRTST 24HR 2.45 ON 10-10 TO 1/4 MILE OR LESS
LOWEST: 47 ON 5, 4 3 = THUNDER
SNOW, ICE PELLETS, HAIL 4 = ICE PELLETS
TOTAL MONTH: 0.0 INCH 5 = HAIL
GRTST 24HR 0.0 6 = FREEZING RAIN OR DRIZZLE
GRTST DEPTH: 0 7 = DUSTSTORM OR SANDSTORM:
VSBY 1/2 MILE OR LESS
8 = SMOKE OR HAZE
[NO. OF DAYS WITH] [WEATHER - DAYS WITH] 9 = BLOWING SNOW
X = TORNADO
MAX 32 OR BELOW: 0 0.01 INCH OR MORE: 4
MAX 90 OR ABOVE: 0 0.10 INCH OR MORE: 1
MIN 32 OR BELOW: 0 0.50 INCH OR MORE: 1
MIN 0 OR BELOW: 0 1.00 INCH OR MORE: 1
[HDD (BASE 65) ]
TOTAL THIS MO. 17 CLEAR (SCALE 0-3) 11
DPTR FM NORMAL -16 PTCLDY (SCALE 4-7) 9
TOTAL FM JUL 1 1185 CLOUDY (SCALE 8-10) 2
DPTR FM NORMAL -116
[CDD (BASE 65) ]
TOTAL THIS MO. 81
DPTR FM NORMAL -3 [PRESSURE DATA]
TOTAL FM JAN 1 132 HIGHEST SLP M ON M
DPTR FM NORMAL -38 LOWEST SLP 29.58 ON 3
[REMARKS]