000
CXUS54 KMOB 011515
CLMPNS
CLIMATE REPORT
NATIONAL WEATHER SERVICE MOBILE AL
1015 AM CDT WED NOV 01 2023
...................................
...THE PENSACOLA CLIMATE SUMMARY FOR THE MONTH OF OCTOBER 2023...
CLIMATE NORMAL PERIOD: 1991 TO 2020
CLIMATE RECORD PERIOD: 1879 TO 2023
WEATHER OBSERVED NORMAL DEPART LAST YEAR`S
VALUE DATE(S) VALUE FROM VALUE DATE(S)
NORMAL
................................................................
TEMPERATURE (F)
RECORD
HIGH 97 10/03/2019
LOW 32 10/31/1993
HIGHEST 91 10/01 89 10/02
10/07
LOWEST 48 10/17 40 10/20
AVG. MAXIMUM 80.4 81.1 -0.7 80.4
AVG. MINIMUM 61.6 61.6 -0.0 57.9
MEAN 71.0 71.3 -0.3 69.2
DAYS MAX >= 90 1 0.9 0.1 0
DAYS MAX <= 32 0 0.0 0.0 0
DAYS MIN <= 32 0 0.0 0.0 0
DAYS MIN <= 0 0 0.0 0.0 0
PRECIPITATION (INCHES)
RECORD
MAXIMUM 20.51 1934
MINIMUM 0.00 1978
1963
1952
TOTALS 1.44 4.70 -3.26 1.15
DAILY AVG. 0.05 0.15 -0.10 0.04
DAYS >= .01 3 6.4 -3.4 5
DAYS >= .10 2 4.1 -2.1 2
DAYS >= .50 1 2.4 -1.4 1
DAYS >= 1.00 1 1.4 -0.4 0
DEGREE DAYS
HEATING TOTAL 17 27 -10 39
SINCE 7/1 17 25 -8 39
COOLING TOTAL 211 224 -13 173
SINCE 1/1 3443 2868 575 3088
................................................................
WIND (MPH)
AVERAGE WIND SPEED 7.3
HIGHEST WIND SPEED/DIRECTION 24/350 DATE 10/31
HIGHEST GUST SPEED/DIRECTION 35/360 DATE 10/31
SKY COVER
POSSIBLE SUNSHINE (PERCENT)
AVERAGE SKY COVER 0.22
NUMBER OF DAYS FAIR 23
NUMBER OF DAYS PC 5
NUMBER OF DAYS CLOUDY 3
AVERAGE RH (PERCENT) 63
WEATHER CONDITIONS. NUMBER OF DAYS WITH
THUNDERSTORM 0 MIXED PRECIP 0
HEAVY RAIN 1 RAIN 2
LIGHT RAIN 3 FREEZING RAIN 0
LT FREEZING RAIN 0 HAIL 0
HEAVY SNOW 0 SNOW 0
LIGHT SNOW 0 SLEET 0
FOG 8 FOG W/VIS <= 1/4 MILE 1
HAZE 7
- INDICATES NEGATIVE NUMBERS.
R INDICATES RECORD WAS SET OR TIED.
MM INDICATES DATA IS MISSING.
T INDICATES TRACE AMOUNT.
$$