000
CXUS54 KHGX 011410
CF6PSX
PRELIMINARY LOCAL CLIMATOLOGICAL DATA (WS FORM: F-6)
STATION: PALACIOS
MONTH: MARCH
YEAR: 2023
LATITUDE: 28 43 N
LONGITUDE: 96 15 W
TEMPERATURE IN F: :PCPN: SNOW: WIND :SUNSHINE: SKY :PK WND
================================================================================
1 2 3 4 5 6A 6B 7 8 9 10 11 12 13 14 15 16 17 18
12Z AVG MX 2MIN
DY MAX MIN AVG DEP HDD CDD WTR SNW DPTH SPD SPD DIR MIN PSBL S-S WX SPD DR
================================================================================
1 80 72 76 14 0 11 T 0.0 0 14.8 25 160 M M M 36 160
2 77 62 70 8 0 5 0.02 0.0 0 16.9 36 310 M M M 18 48 300
3 77 53 65 3 0 0 T 0.0 0 11.0 25 330 M M M 33 320
4 76 48 62 -1 3 0 0.00 0.0 0 8.1 17 130 M M M 21 150
5 76 50 63 0 2 0 0.00 0.0 0 9.3 16 110 M M M 22 140
6 81 67 74 11 0 9 0.00 0.0 0 M M M M M M 1 M M
7 81 71 76 13 0 11 0.00 0.0 0 M M M M M M M M
8 82 70 76 13 0 11 0.00 0.0 0 M M M M M M 1 M M
9 80 71 76 12 0 11 0.00 0.0 0 11.0 17 170 M M M 25 170
10 84 64 74 10 0 9 0.00 0.0 0 7.0 13 170 M M M 1 17 180
11 79 72 76 12 0 11 0.00 0.0 0 M M M M M M M M
12 87 63 75 11 0 10 0.00 0.0 0 M M M M M M M M
13 66 53 60 -4 5 0 0.00 0.0 0 M M M M M M M M
14 69 51 60 -5 5 0 0.00 0.0 0 M M M M M M M M
15 74 48 61 -4 4 0 0.00 0.0 0 M M M M M M M M
16 76 66 71 6 0 6 T 0.0 0 M M M M M M M M
17 72 46 59 -6 6 0 0.72 0.0 0 M M M M M M 3 M M
18 51 47 49 -16 16 0 0.01 0.0 0 M M M M M M M M
19 60 44 52 -14 13 0 0.00 0.0 0 M M M M M M M M
20 63 45 54 -12 11 0 0.00 0.0 0 M M M M M M M M
21 75 63 69 3 0 4 T 0.0 0 M M M M M M M M
22 80 67 74 8 0 9 0.00 0.0 0 13.7 24 160 M M M 1 32 170
23 80 70 75 9 0 10 0.00 0.0 0 14.2 22 160 M M M 1 31 170
24 79 71 75 8 0 10 0.02 0.0 0 M M M M M M M M
25 86 61 74 7 0 9 0.00 0.0 0 M M M M M M M M
26 81 60 71 4 0 6 0.00 0.0 0 M M M M M M M M
27 84 71 78 11 0 13 T 0.0 0 8.6 20 140 M M 8 128 25 130
28 75 66 71 3 0 6 0.00 0.0 0 16.0 30 360 M M 6 1 38 10
29 71 56 64 -4 1 0 T 0.0 0 12.9 23 100 M M 7 29 90
30 81 69 75 7 0 10 T 0.0 0 15.3 28 150 M M 9 1 37 150
31 79 73 76 8 0 11 0.00 0.0 0 14.2 28 150 M M 8 1 37 170
================================================================================
SM 2362 1890 66 182 0.77 0.0 173.0 M 38
================================================================================
AV 76.2 61.0 12.4 FASTST M M 8 MAX(MPH)
MISC ----> 36 310 48 300
================================================================================
NOTES:
# LAST OF SEVERAL OCCURRENCES
COLUMN 17 PEAK WIND IN M.P.H.
PRELIMINARY LOCAL CLIMATOLOGICAL DATA (WS FORM: F-6) , PAGE 2
STATION: PALACIOS
MONTH: MARCH
YEAR: 2023
LATITUDE: 28 43 N
LONGITUDE: 96 15 W
[TEMPERATURE DATA] [PRECIPITATION DATA] SYMBOLS USED IN COLUMN 16
AVERAGE MONTHLY: 68.6 TOTAL FOR MONTH: 0.77 1 = FOG OR MIST
DPTR FM NORMAL: 3.6 DPTR FM NORMAL: -1.94 2 = FOG REDUCING VISIBILITY
HIGHEST: 87 ON 12 GRTST 24HR 0.72 ON 17-17 TO 1/4 MILE OR LESS
LOWEST: 44 ON 19 3 = THUNDER
SNOW, ICE PELLETS, HAIL 4 = ICE PELLETS
TOTAL MONTH: 0.0 INCH 5 = HAIL
GRTST 24HR 0.0 6 = FREEZING RAIN OR DRIZZLE
GRTST DEPTH: 0 7 = DUSTSTORM OR SANDSTORM:
VSBY 1/2 MILE OR LESS
8 = SMOKE OR HAZE
[NO. OF DAYS WITH] [WEATHER - DAYS WITH] 9 = BLOWING SNOW
X = TORNADO
MAX 32 OR BELOW: 0 0.01 INCH OR MORE: 4
MAX 90 OR ABOVE: 0 0.10 INCH OR MORE: 1
MIN 32 OR BELOW: 0 0.50 INCH OR MORE: 1
MIN 0 OR BELOW: 0 1.00 INCH OR MORE: 0
[HDD (BASE 65) ]
TOTAL THIS MO. 66 CLEAR (SCALE 0-3) 0
DPTR FM NORMAL -28 PTCLDY (SCALE 4-7) 3
TOTAL FM JUL 1 913 CLOUDY (SCALE 8-10) 28
DPTR FM NORMAL -71
[CDD (BASE 65) ]
TOTAL THIS MO. 182
DPTR FM NORMAL 86 [PRESSURE DATA]
TOTAL FM JAN 1 306 HIGHEST SLP 30.56 ON 19
DPTR FM NORMAL 160 LOWEST SLP 29.38 ON 2
[REMARKS]
#FINAL-03-23#