000
CXUS55 KPUB 022101
CF6PUB
PRELIMINARY LOCAL CLIMATOLOGICAL DATA (WS FORM: F-6)
STATION: PUEBLO CO
MONTH: JUNE
YEAR: 2023
LATITUDE: 38 16 N
LONGITUDE: 104 31 W
TEMPERATURE IN F: :PCPN: SNOW: WIND :SUNSHINE: SKY :PK WND
================================================================================
1 2 3 4 5 6A 6B 7 8 9 10 11 12 13 14 15 16 17 18
12Z AVG MX 2MIN
DY MAX MIN AVG DEP HDD CDD WTR SNW DPTH SPD SPD DIR MIN PSBL S-S WX SPD DR
================================================================================
1 83 51 67 0 0 2 0.00 0.0 0 5.5 26 300 M M 2 3 34 300
2 83 48 66 -2 0 1 T 0.0 0 7.6 28 100 M M 2 36 100
3 69 55 62 -6 3 0 0.11 0.0 0 6.5 13 20 M M 6 1 17 320
4 72 57 65 -3 0 0 0.17 0.0 0 9.6 26 40 M M 8 1 32 40
5 71 56 64 -5 1 0 0.73 0.0 0 5.3 17 280 M M 7 1 22 150
6 80 51 66 -3 0 1 0.35 0.0 0 6.4 33 280 M M 2 3 45 280
7 82 53 68 -1 0 3 T 0.0 0 6.4 18 320 M M 2 3 25 270
8 85 59 72 2 0 7 0.13 0.0 0 5.4 23 290 M M 2 3 33 290
9 84 56 70 0 0 5 0.00 0.0 0 M M M M M 0 M M
10 84 51 68 -2 0 3 0.07 0.0 0 M M M M M 0 3 M M
11 73 54 64 -7 1 0 T 0.0 0 M M M M M 0 3 M M
12 72 47 60 -11 5 0 0.86 T 0 M 29 360 M M 6 135 39 360
13 70 47 59 -12 6 0 T 0.0 0 4.8 23 350 M M 6 123 31 350
14 81 47 64 -8 1 0 0.00 0.0 0 8.0 17 100 M M 0 23 100
15 81 53 67 -5 0 2 T 0.0 0 8.3 26 350 M M 1 3 35 350
16 80 51 66 -6 0 1 T 0.0 0 M M M M M 2 3 M M
17 71 49 60 -12 5 0 0.34 0.0 0 M M M M M 3 13 M M
18 87 45 66 -7 0 1 0.00 0.0 0 M M M M M 0 M M
19 94 51 73 0 0 8 0.00 0.0 0 M M M M M 0 M M
20 93 52 73 0 0 8 0.00 0.0 0 M M M M M 0 M M
21 91 54 73 -1 0 8 0.29 T 0 M M M M M 2 1358 M M
22 79 58 69 -5 0 4 0.80 T 0 M M M M M 7 135 M M
23 95 61 78 4 0 13 0.00 0.0 0 6.9 28 240 M M 4 1 41 260
24 89 49 69 -5 0 4 0.00 0.0 0 9.6 18 110 M M 0 25 90
25 85 60 73 -1 0 8 0.00 0.0 0 8.7 21 100 M M 2 27 120
26 94 69 82 7 0 17 0.00 0.0 0 7.8 21 100 M M 0 28 90
27 100 62 81 6 0 16 0.00 0.0 0 9.5 28 260 M M 0 37 260
28 99 55 77 2 0 12 0.00 0.0 0 7.6 25 220 M M 0 38 230
29 84 63 74 -1 0 9 T 0.0 0 11.5 25 140 M M 2 34 140
30 81 59 70 -6 0 5 T 0.0 0 10.5 32 20 M M 4 40 20
================================================================================
SM 2492 1623 22 138 3.85 T 145.9 M 70
================================================================================
AV 83.1 54.1 7.7 FASTST M M 2 MAX(MPH)
MISC ----> 33 280 45 280
================================================================================
NOTES:
COLUMN 17 PEAK WIND IN M.P.H.
COLUMNS 10,11,12,17,18; WIND DATA MISSING DUE TO WIND SENSOR/ASOS FAILURES.
COLUMNS 2,3,7; ASOS FAILED PERIODICALLY BETWEEN 9TH AND 12TH. USED BACKUP COOP
SITE (05-8992) TO SUPPLEMENT THE FOLLOWING DATA...LOW ON 9TH, DAILY PRECIP ON
10TH, HIGH/LOW/PRECIP ON 11TH AND ADDED 0.01 TO PRECIP TOTAL ON 12TH THAT FELL
BEFORE THE ASOS WAS RESTORED. ALSO, THE LOW TEMP ON THE 22ND WAS LOST IN THE
FINAL CLI DATA AFTER A SYSTEM RELOAD WAS DONE. LOW OF 58 WAS RECORDED ON THE
CLI BEFORE THE RELOAD AND WAS RE-INPUTTED FOR THIS DATE.
PRELIMINARY LOCAL CLIMATOLOGICAL DATA (WS FORM: F-6) , PAGE 2
STATION: PUEBLO CO
MONTH: JUNE
YEAR: 2023
LATITUDE: 38 16 N
LONGITUDE: 104 31 W
[TEMPERATURE DATA] [PRECIPITATION DATA] SYMBOLS USED IN COLUMN 16
AVERAGE MONTHLY: 68.6 TOTAL FOR MONTH: 3.85 1 = FOG OR MIST
DPTR FM NORMAL: -3.2 DPTR FM NORMAL: 2.57 2 = FOG REDUCING VISIBILITY
HIGHEST: 100 ON 27 GRTST 24HR 1.09 ON 21-22 TO 1/4 MILE OR LESS
LOWEST: 45 ON 18 3 = THUNDER
SNOW, ICE PELLETS, HAIL 4 = ICE PELLETS
TOTAL MONTH: T 5 = HAIL
GRTST 24HR T ON 12,21,22 6 = FREEZING RAIN OR DRIZZLE
GRTST DEPTH: 0 7 = DUSTSTORM OR SANDSTORM:
VSBY 1/2 MILE OR LESS
8 = SMOKE OR HAZE
[NO. OF DAYS WITH] [WEATHER - DAYS WITH] 9 = BLOWING SNOW
X = TORNADO
MAX 32 OR BELOW: 0 0.01 INCH OR MORE: 10
MAX 90 OR ABOVE: 7 0.10 INCH OR MORE: 9
MIN 32 OR BELOW: 0 0.50 INCH OR MORE: 3
MIN 0 OR BELOW: 0 1.00 INCH OR MORE: 0
[HDD (BASE 65) ]
TOTAL THIS MO. 22 CLEAR (SCALE 0-3) 22
DPTR FM NORMAL 6 PTCLDY (SCALE 4-7) 7
TOTAL FM JUL 1 5498 CLOUDY (SCALE 8-10) 1
DPTR FM NORMAL 168
[CDD (BASE 65) ]
TOTAL THIS MO. 138
DPTR FM NORMAL -82 [PRESSURE DATA]
TOTAL FM JAN 1 173 HIGHEST SLP 30.05 ON 30
DPTR FM NORMAL -96 LOWEST SLP 29.53 ON 27
[REMARKS]
#FINAL-06-23#