000
CXUS54 KOUN 010700
CF6PWA
PRELIMINARY LOCAL CLIMATOLOGICAL DATA (WS FORM: F-6)
STATION: BETHANY/WILEY POST
MONTH: SEPTEMBER
YEAR: 2020
LATITUDE: 35 31 N
LONGITUDE: 97 38 W
TEMPERATURE IN F: :PCPN: SNOW: WIND :SUNSHINE: SKY :PK WND
================================================================================
1 2 3 4 5 6A 6B 7 8 9 10 11 12 13 14 15 16 17 18
12Z AVG MX 2MIN
DY MAX MIN AVG DEP HDD CDD WTR SNW DPTH SPD SPD DIR MIN PSBL S-S WX SPD DR
================================================================================
1 80 71 76 -2 0 11 0.15 0.0 0 10.4 25 160 M M 4 138 32 160
2 87 71 79 1 0 14 0.36 0.0 0 5.1 23 320 M M 7 13 28 330
3 92 68 80 2 0 15 0.00 0.0 0 5.3 12 180 M M 0 15 180
4 92 71 82 5 0 17 0.00 0.0 0 5.8 15 170 M M 1 1 20 170
5 91 70 81 4 0 16 0.00 0.0 0 8.9 17 200 M M 0 18 22 200
6 92 72 82 5 0 17 0.00 0.0 0 15.3 25 200 M M 0 32 190
7 92 74 83 7 0 18 0.00 0.0 0 16.1 24 180 M M 0 29 190
8 91 56 74 -2 0 9 0.15 0.0 0 15.8 28 350 M M 3 13 36 350
9 57 51 54 -22 11 0 1.13 0.0 0 15.6 21 360 M M 10 1 28 360
10 66 50 58 -17 7 0 0.31 0.0 0 11.8 20 350 M M 10 1 24 340
11 69 56 63 -12 2 0 0.28 0.0 0 5.2 10 160 M M 8 18 13 350
12 80 58 69 -6 0 4 0.00 0.0 0 5.0 10 190 M M 3 12 13 200
13 83 61 72 -2 0 7 0.00 0.0 0 5.2 13 50 M M 0 128 15 50
14 81 58 70 -4 0 5 0.00 0.0 0 7.2 13 40 M M 0 17 40
15 84 63 74 0 0 9 0.00 0.0 0 3.8 8 90 M M 2 12 80
16 86 61 74 1 0 9 0.00 0.0 0 3.2 10 50 M M 1 18 13 60
17 85 64 75 2 0 10 0.00 0.0 0 7.3 16 10 M M 1 18 21 360
18 80 57 69 -3 0 4 0.00 0.0 0 6.9 14 50 M M 0 16 40
19 80 57 69 -3 0 4 0.00 0.0 0 6.3 15 180 M M 0 8 18 190
20 80 55 68 -4 0 3 0.00 0.0 0 6.9 14 180 M M 0 19 170
21 81 61 71 0 0 6 0.00 0.0 0 7.2 15 130 M M 1 20 130
22 72 65 69 -2 0 4 0.02 0.0 0 5.5 16 120 M M 10 18 19 120
23 73 60 67 -3 0 2 0.00 0.0 0 4.2 12 80 M M 10 18 17 50
24 84 53 69 -1 0 4 0.00 0.0 0 7.2 14 190 M M 0 1 17 180
25 87 63 75 5 0 10 0.00 0.0 0 15.3 22 160 M M 0 27 180
26 89 65 77 8 0 12 0.00 0.0 0 17.5 24 170 M M 0 30 180
27 83 59 71 2 0 6 0.00 0.0 0 16.4 29 20 M M 6 50 30
28 74 49 62 -6 3 0 0.00 0.0 0 10.7 25 330 M M 1 34 350
29 81 41 61 -7 4 0 0.00 0.0 0 6.5 16 260 M M 0 8 21 330
30 92 52 72 5 0 7 0.00 0.0 0 8.8 16 20 M M 0 21 10
================================================================================
SM 2464 1812 27 223 2.40 0.0 266.4 M 78
================================================================================
AV 82.1 60.4 8.9 FASTST M M 3 MAX(MPH)
MISC ----> # 29 20 # 50 30
================================================================================
NOTES:
# LAST OF SEVERAL OCCURRENCES
COLUMN 17 PEAK WIND IN M.P.H.
PRELIMINARY LOCAL CLIMATOLOGICAL DATA (WS FORM: F-6) , PAGE 2
STATION: BETHANY/WILEY POST
MONTH: SEPTEMBER
YEAR: 2020
LATITUDE: 35 31 N
LONGITUDE: 97 38 W
[TEMPERATURE DATA] [PRECIPITATION DATA] SYMBOLS USED IN COLUMN 16
AVERAGE MONTHLY: 71.3 TOTAL FOR MONTH: 2.40 1 = FOG OR MIST
DPTR FM NORMAL: -1.9 DPTR FM NORMAL: -1.01 2 = FOG REDUCING VISIBILITY
HIGHEST: 92 ON 30, 7 GRTST 24HR 6.24 ON 31- 1 TO 1/4 MILE OR LESS
LOWEST: 41 ON 29 3 = THUNDER
SNOW, ICE PELLETS, HAIL 4 = ICE PELLETS
TOTAL MONTH: 0.0 INCH 5 = HAIL
GRTST 24HR 0.0 6 = FREEZING RAIN OR DRIZZLE
GRTST DEPTH: 0 7 = DUSTSTORM OR SANDSTORM:
VSBY 1/2 MILE OR LESS
8 = SMOKE OR HAZE
[NO. OF DAYS WITH] [WEATHER - DAYS WITH] 9 = BLOWING SNOW
X = TORNADO
MAX 32 OR BELOW: 0 0.01 INCH OR MORE: 7
MAX 90 OR ABOVE: 7 0.10 INCH OR MORE: 6
MIN 32 OR BELOW: 0 0.50 INCH OR MORE: 1
MIN 0 OR BELOW: 0 1.00 INCH OR MORE: 1
[HDD (BASE 65) ]
TOTAL THIS MO. 27 CLEAR (SCALE 0-3) 21
DPTR FM NORMAL 8 PTCLDY (SCALE 4-7) 5
TOTAL FM JUL 1 27 CLOUDY (SCALE 8-10) 4
DPTR FM NORMAL 8
[CDD (BASE 65) ]
TOTAL THIS MO. 223
DPTR FM NORMAL -41 [PRESSURE DATA]
TOTAL FM JAN 1 2030 HIGHEST SLP M ON M
DPTR FM NORMAL 126 LOWEST SLP 29.68 ON M
[REMARKS]
#FINAL-09-20#