000
CXUS54 KFWD 220504
CF6PWG
PRELIMINARY LOCAL CLIMATOLOGICAL DATA (WS FORM: F-6)
STATION: WACO MCGREGOR
MONTH: JULY
YEAR: 2022
LATITUDE: 31 28 N
LONGITUDE: 97 19 W
TEMPERATURE IN F: :PCPN: SNOW: WIND :SUNSHINE: SKY :PK WND
================================================================================
1 2 3 4 5 6A 6B 7 8 9 10 11 12 13 14 15 16 17 18
12Z AVG MX 2MIN
DY MAX MIN AVG DEP HDD CDD WTR SNW DPTH SPD SPD DIR MIN PSBL S-S WX SPD DR
================================================================================
1 96 73 85 3 0 20 0.00 M M 7.3 14 120 M M 2 17 60
2 100 76 88 6 0 23 0.00 M M 8.3 15 150 M M 0 8 21 190
3 101 78 90 8 0 25 0.00 M M 11.0 16 160 M M 0 21 160
4 100 76 88 6 0 23 0.00 M M 11.7 17 150 M M 0 25 150
5 101 76 89 7 0 24 0.00 M M 11.1 15 180 M M 0 29 200
6 103 76 90 8 0 25 0.00 M M 11.3 16 140 M M 0 23 140
7 101 78 90 7 0 25 0.00 M M 10.3 14 150 M M 0 21 150
8 104 79 92 9 0 27 0.00 M M 9.1 13 160 M M 0 21 130
9 107 80 94 11 0 29 0.00 M M 6.2 14 340 M M 0 3 16 240
10 106 78 92 9 0 27 0.00 M M 6.2 14 310 M M 0 21 20
11 106 82 94 11 0 29 0.00 M M 7.0 13 70 M M 0 8 M M
12 106 81 94 11 0 29 0.00 M M 7.0 14 40 M M 0 23 40
13 107 79 93 10 0 28 0.00 M M 5.7 12 160 M M 0 8 17 130
14 100 74 87 4 0 22 0.20 M M 9.5 38 90 M M 0 3 46 90
15 98 70 84 1 0 19 0.00 M M 4.7 13 90 M M 0 18 100
16 101 76 89 6 0 24 0.00 M M 9.4 14 150 M M 0 21 180
17 104 78 91 7 0 26 0.00 M M 9.7 15 180 M M 0 22 190
18 106 78 92 8 0 27 0.00 M M 12.3 20 150 M M 0 25 170
19 106 79 93 9 0 28 0.00 M M 14.0 22 180 M M 0 30 170
20 106 79 93 9 0 28 0.00 M M 12.3 18 180 M M 0 30 150
21 104 77 91 7 0 26 0.00 M M 9.4 17 180 M M 0 24 180
22 102 80 91 7 0 26 0.00 M M 11.7 20 120 M M 0 30 110
23 102 78 90 6 0 25 0.00 M M 11.0 17 150 M M 1 24 150
24 103 78 91 7 0 26 0.00 M M 12.7 20 170 M M 0 24 170
25 104 77 91 7 0 26 0.00 M M 12.1 18 170 M M 0 26 180
26 104 76 90 6 0 25 0.00 M M 12.4 17 150 M M 0 23 160
27 103 78 91 7 0 26 0.00 M M 12.8 20 150 M M 0 25 150
28 102 79 91 7 0 26 0.00 M M 11.7 16 140 M M 0 32 160
29 103 78 91 7 0 26 0.00 M M 11.5 18 160 M M 0 30 160
30 103 78 91 7 0 26 0.00 M M 11.7 17 150 M M 0 28 190
31 103 78 91 7 0 26 0.00 M M 12.6 17 160 M M 0 22 130
================================================================================
SM 3192 2403 0 792 0.20 M 313.9 M 3
================================================================================
AV103.0 77.5 10.1 FASTST M M 0 MAX(MPH)
MISC ----> 38 90 46 90
================================================================================
NOTES:
# LAST OF SEVERAL OCCURRENCES
COLUMN 17 PEAK WIND IN M.P.H.
PRELIMINARY LOCAL CLIMATOLOGICAL DATA (WS FORM: F-6) , PAGE 2
STATION: WACO MCGREGOR
MONTH: JULY
YEAR: 2022
LATITUDE: 31 28 N
LONGITUDE: 97 19 W
[TEMPERATURE DATA] [PRECIPITATION DATA] SYMBOLS USED IN COLUMN 16
AVERAGE MONTHLY: 90.2 TOTAL FOR MONTH: 0.20 1 = FOG OR MIST
DPTR FM NORMAL: 6.9 DPTR FM NORMAL: -1.79 2 = FOG REDUCING VISIBILITY
HIGHEST: 107 ON 13, 9 GRTST 24HR 0.20 ON 14-14 TO 1/4 MILE OR LESS
LOWEST: 70 ON 15 3 = THUNDER
SNOW, ICE PELLETS, HAIL 4 = ICE PELLETS
TOTAL MONTH: M 5 = HAIL
GRTST 24HR M ON M 6 = FREEZING RAIN OR DRIZZLE
GRTST DEPTH: M ON M 7 = DUSTSTORM OR SANDSTORM:
VSBY 1/2 MILE OR LESS
8 = SMOKE OR HAZE
[NO. OF DAYS WITH] [WEATHER - DAYS WITH] 9 = BLOWING SNOW
X = TORNADO
MAX 32 OR BELOW: 0 0.01 INCH OR MORE: 1
MAX 90 OR ABOVE: 31 0.10 INCH OR MORE: 1
MIN 32 OR BELOW: 0 0.50 INCH OR MORE: 0
MIN 0 OR BELOW: 0 1.00 INCH OR MORE: 0
[HDD (BASE 65) ]
TOTAL THIS MO. 0 CLEAR (SCALE 0-3) 31
DPTR FM NORMAL 0 PTCLDY (SCALE 4-7) 0
TOTAL FM JUL 1 0 CLOUDY (SCALE 8-10) 0
DPTR FM NORMAL 0
[CDD (BASE 65) ]
TOTAL THIS MO. 792
DPTR FM NORMAL 225 [PRESSURE DATA]
TOTAL FM JAN 1 2097 HIGHEST SLP 30.09 ON 14
DPTR FM NORMAL 738 LOWEST SLP 29.72 ON 11
[REMARKS]
#FINAL-07-22#