000
CXUS54 KFWD 010731
CF6PWG
PRELIMINARY LOCAL CLIMATOLOGICAL DATA (WS FORM: F-6)
STATION: WACO MCGREGOR
MONTH: MAY
YEAR: 2021
LATITUDE: 31 28 N
LONGITUDE: 97 19 W
TEMPERATURE IN F: :PCPN: SNOW: WIND :SUNSHINE: SKY :PK WND
================================================================================
1 2 3 4 5 6A 6B 7 8 9 10 11 12 13 14 15 16 17 18
12Z AVG MX 2MIN
DY MAX MIN AVG DEP HDD CDD WTR SNW DPTH SPD SPD DIR MIN PSBL S-S WX SPD DR
================================================================================
1 77 66 72 4 0 7 0.03 M M 6.5 16 100 M M 10 1 17 140
2 86 59 73 4 0 8 0.01 M M 9.4 14 170 M M 2 38 101 40
3 90 71 81 12 0 16 T M M 14.6 20 160 M M 4 28 180
4 77 58 68 -1 0 3 0.01 M M 11.0 17 350 M M 2 28 330
5 77 51 64 -6 1 0 0.00 M M 5.7 12 350 M M 0 117 330
6 85 52 69 -1 0 4 0.00 M M 5.2 10 20 M M 0 M M
7 85 54 70 0 0 5 0.00 M M 8.4 15 150 M M 0 21 170
8 89 63 76 6 0 11 0.00 M M 16.5 25 170 M M 5 35 170
9 89 72 81 10 0 16 0.00 M M 10.4 20 180 M M 7 28 190
10 72 59 66 -5 0 1 T M M 10.1 14 30 M M 10 1 21 20
11 63 59 61 -10 4 0 0.98 M M 7.6 16 320 M M 10 13 24 330
12 63 57 60 -12 5 0 M M M 9.2 13 360 M M 10 1 17 360
13 74 58 66 -6 0 1 0.09 M M 5.5 10 40 M M 9 16 40
14 80 56 68 -4 0 3 0.02 M M 6.6 13 110 M M 5 17 110
15 83 61 72 0 0 7 0.00 M M 10.5 16 120 M M 3 22 120
16 77 68 73 0 0 8 0.23 M M 10.7 21 20 M M 7 13 30 20
17 79 64 72 -1 0 7 0.11 M M 6.3 21 150 M M 5 1 33 150
18 70 63 67 -6 0 2 M M M 8.1 20 120 M M 7 13 41 90
19 76 61 69 -5 0 4 0.00 M M 5.1 10 140 M M 5 M M
20 83 63 73 -1 0 8 T M M 5.3 10 120 M M 4 18 M M
21 84 68 76 2 0 11 M M M 8.1 14 110 M M 6 1 M M
22 80 69 75 1 0 10 0.01 M M 10.9 16 110 M M 9 13 25 140
23 75 68 72 -2 0 7 0.01 M M 8.2 14 130 M M 9 1 20 120
24 82 68 75 0 0 10 0.02 M M 8.2 17 130 M M 9 1 22 130
25 84 64 74 -1 0 9 0.02 M M 9.5 15 110 M M 8 13 21 130
26 89 69 79 4 0 14 T M M 8.5 13 170 M M 5 8 20 160
27 89 72 81 5 0 16 0.00 M M 9.7 17 180 M M 5 24 170
28 80 66 73 -3 0 8 T M M 9.9 17 90 M M 6 13 23 90
29 86 64 75 -1 0 10 0.00 M M 4.1 8 40 M M 4 12 M M
30 81 69 75 -1 0 10 0.00 M M 9.1 12 90 M M 6 M M
31 83 68 76 0 0 11 M M M 7.6 14 130 M M 9 13 20 340
================================================================================
SM 2488 1960 10 227 1.54 M 266.5 M 181
================================================================================
AV 80.3 63.2 8.6 FASTST M M 6 MAX(MPH)
MISC ----> 25 170 117 330
================================================================================
NOTES:
# LAST OF SEVERAL OCCURRENCES
COLUMN 17 PEAK WIND IN M.P.H.
PRELIMINARY LOCAL CLIMATOLOGICAL DATA (WS FORM: F-6) , PAGE 2
STATION: WACO MCGREGOR
MONTH: MAY
YEAR: 2021
LATITUDE: 31 28 N
LONGITUDE: 97 19 W
[TEMPERATURE DATA] [PRECIPITATION DATA] SYMBOLS USED IN COLUMN 16
AVERAGE MONTHLY: 71.7 TOTAL FOR MONTH: 1.54 1 = FOG OR MIST
DPTR FM NORMAL: -0.9 DPTR FM NORMAL: -2.84 2 = FOG REDUCING VISIBILITY
HIGHEST: 90 ON 3 GRTST 24HR 1.19 ON 11-12 TO 1/4 MILE OR LESS
LOWEST: 51 ON 5 3 = THUNDER
SNOW, ICE PELLETS, HAIL 4 = ICE PELLETS
TOTAL MONTH: M 5 = HAIL
GRTST 24HR M ON M 6 = FREEZING RAIN OR DRIZZLE
GRTST DEPTH: M ON M 7 = DUSTSTORM OR SANDSTORM:
VSBY 1/2 MILE OR LESS
8 = SMOKE OR HAZE
[NO. OF DAYS WITH] [WEATHER - DAYS WITH] 9 = BLOWING SNOW
X = TORNADO
MAX 32 OR BELOW: 0 0.01 INCH OR MORE: 12
MAX 90 OR ABOVE: 1 0.10 INCH OR MORE: 3
MIN 32 OR BELOW: 0 0.50 INCH OR MORE: 1
MIN 0 OR BELOW: 0 1.00 INCH OR MORE: 0
[HDD (BASE 65) ]
TOTAL THIS MO. 10 CLEAR (SCALE 0-3) 5
DPTR FM NORMAL 0 PTCLDY (SCALE 4-7) 17
TOTAL FM JUL 1 2013 CLOUDY (SCALE 8-10) 9
DPTR FM NORMAL -328
[CDD (BASE 65) ]
TOTAL THIS MO. 227
DPTR FM NORMAL -19 [PRESSURE DATA]
TOTAL FM JAN 1 370 HIGHEST SLP M ON M
DPTR FM NORMAL 13 LOWEST SLP M ON M
[REMARKS]
#FINAL-05-21#