000
CXUS54 KFWD 010731
CF6PWG
PRELIMINARY LOCAL CLIMATOLOGICAL DATA (WS FORM: F-6)
STATION: WACO MCGREGOR
MONTH: APRIL
YEAR: 2021
LATITUDE: 31 28 N
LONGITUDE: 97 19 W
TEMPERATURE IN F: :PCPN: SNOW: WIND :SUNSHINE: SKY :PK WND
================================================================================
1 2 3 4 5 6A 6B 7 8 9 10 11 12 13 14 15 16 17 18
12Z AVG MX 2MIN
DY MAX MIN AVG DEP HDD CDD WTR SNW DPTH SPD SPD DIR MIN PSBL S-S WX SPD DR
================================================================================
1 69 34 52 -9 13 0 0.00 M M 3.8 12 80 M M 0 M M
2 70 40 55 -6 10 0 0.00 M M 11.2 18 130 M M 2 24 130
3 67 53 60 -1 5 0 0.00 M M 11.4 18 160 M M 8 24 160
4 73 54 64 2 1 0 0.00 M M 9.6 18 160 M M 7 28 160
5 81 55 68 6 0 3 0.00 M M 10.9 18 160 M M 5 28 180
6 86 64 75 13 0 10 0.00 M M 19.0 28 160 M M 7 36 160
7 83 54 69 7 0 4 0.00 M M 11.2 18 180 M M 5 31 170
8 86 44 65 3 0 0 0.30 M M 9.0 24 20 M M 1 13 32 120
9 88 65 77 14 0 12 0.00 M M 13.9 22 170 M M 4 35 350
10 76 50 63 0 2 0 0.00 M M 11.1 21 350 M M 0 25 350
11 86 45 66 3 0 1 0.00 M M 9.5 16 160 M M 0 22 160
12 83 57 70 6 0 5 0.00 0.0 M 9.7 18 180 M M 1 22 180
13 80 61 71 7 0 6 0.00 M M 8.6 14 360 M M 8 22 340
14 78 62 70 6 0 5 T M M 10.0 18 360 M M 9 1 24 50
15 64 58 61 -3 4 0 0.48 M M 9.1 17 60 M M 10 13 25 60
16 65 56 61 -3 4 0 0.08 M M 9.7 18 350 M M 10 1 25 340
17 57 49 53 -12 12 0 T M M 10.7 20 350 M M 7 29 350
18 68 44 56 -9 9 0 0.00 M M 7.5 15 360 M M 0 20 340
19 74 43 59 -6 6 0 0.00 M M 5.0 10 160 M M 2 M M
20 72 45 59 -7 6 0 0.00 M M 11.5 22 350 M M 0 31 350
21 M 36 M M M M 0.00 M M 8.2 14 20 M M 0 M M
22 65 46 56 -10 9 0 M M M 10.0 14 140 M M 9 21 130
23 72 61 67 1 0 2 0.63 M M 9.5 18 140 M M 9 13 24 120
24 76 57 67 0 0 2 M M M 9.9 16 320 M M 3 1 24 330
25 84 48 66 -1 0 1 M M M 8.4 15 150 M M 0 1 46 40
26 83 64 74 7 0 9 0.00 M M 14.5 22 140 M M 4 113 30
27 77 69 73 6 0 8 T M M 14.0 20 160 M M 9 26 140
28 84 72 78 10 0 13 T M M 13.7 25 170 M M 8 35 160
29 76 66 71 3 0 6 0.45 M M 8.1 14 360 M M 10 1 18 10
30 75 64 70 2 0 5 0.07 M M 7.4 14 130 M M 10 1 M M
================================================================================
SM 2198 1616 81 92 2.01 0.0 306.0 M 148
================================================================================
AV 75.8 53.9 10.2 FASTST M M 5 MAX(MPH)
MISC ----> 28 160 113 30
================================================================================
NOTES:
# LAST OF SEVERAL OCCURRENCES
COLUMN 17 PEAK WIND IN M.P.H.
PRELIMINARY LOCAL CLIMATOLOGICAL DATA (WS FORM: F-6) , PAGE 2
STATION: WACO MCGREGOR
MONTH: APRIL
YEAR: 2021
LATITUDE: 31 28 N
LONGITUDE: 97 19 W
[TEMPERATURE DATA] [PRECIPITATION DATA] SYMBOLS USED IN COLUMN 16
AVERAGE MONTHLY: 64.8 TOTAL FOR MONTH: 2.01 1 = FOG OR MIST
DPTR FM NORMAL: 0.4 DPTR FM NORMAL: -0.70 2 = FOG REDUCING VISIBILITY
HIGHEST: 88 ON 9 GRTST 24HR 0.63 ON 23-23 TO 1/4 MILE OR LESS
LOWEST: 34 ON 1 3 = THUNDER
SNOW, ICE PELLETS, HAIL 4 = ICE PELLETS
TOTAL MONTH: 0.0 INCH 5 = HAIL
GRTST 24HR 0.0 6 = FREEZING RAIN OR DRIZZLE
GRTST DEPTH: M ON M 7 = DUSTSTORM OR SANDSTORM:
VSBY 1/2 MILE OR LESS
8 = SMOKE OR HAZE
[NO. OF DAYS WITH] [WEATHER - DAYS WITH] 9 = BLOWING SNOW
X = TORNADO
MAX 32 OR BELOW: 0 0.01 INCH OR MORE: 6
MAX 90 OR ABOVE: 0 0.10 INCH OR MORE: 4
MIN 32 OR BELOW: 0 0.50 INCH OR MORE: 1
MIN 0 OR BELOW: 0 1.00 INCH OR MORE: 0
[HDD (BASE 65) ]
TOTAL THIS MO. 81 CLEAR (SCALE 0-3) 12
DPTR FM NORMAL -17 PTCLDY (SCALE 4-7) 9
TOTAL FM JUL 1 2003 CLOUDY (SCALE 8-10) 9
DPTR FM NORMAL -329
[CDD (BASE 65) ]
TOTAL THIS MO. 92
DPTR FM NORMAL 11 [PRESSURE DATA]
TOTAL FM JAN 1 143 HIGHEST SLP 30.57 ON 1
DPTR FM NORMAL 32 LOWEST SLP 29.50 ON 9
[REMARKS]
#FINAL-04-21#