000
CXUS53 KMKX 010810
CF6RAC
PRELIMINARY LOCAL CLIMATOLOGICAL DATA (WS FORM: F-6)
STATION: RACINE WI
MONTH: MARCH
YEAR: 2022
LATITUDE: 42 45 N
LONGITUDE: 87 49 W
TEMPERATURE IN F: :PCPN: SNOW: WIND :SUNSHINE: SKY :PK WND
================================================================================
1 2 3 4 5 6A 6B 7 8 9 10 11 12 13 14 15 16 17 18
12Z AVG MX 2MIN
DY MAX MIN AVG DEP HDD CDD WTR SNW DPTH SPD SPD DIR MIN PSBL S-S WX SPD DR
================================================================================
1 46 27 37 7 28 0 M M M 5.6 14 50 M M 3 16 50
2 49 25 37 6 28 0 0.00 M M 7.8 22 10 M M 7 1 30 40
3 32 24 28 -3 37 0 0.00 M M 7.7 20 20 M M 2 28 20
4 38 21 30 -1 35 0 0.00 M M 6.8 15 130 M M 1 20 130
5 64 36 50 18 15 0 0.12 M M 11.3 31 240 M M 4 1 53 240
6 55 34 45 13 20 0 0.01 M M 13.8 37 230 M M 8 1 55 270
7 35 28 32 0 33 0 0.12 M M 9.8 18 350 M M 10 18 26 30
8 37 21 29 -4 36 0 0.00 M M 8.9 17 220 M M 0 27 220
9 39 26 33 0 32 0 0.00 M M 8.6 17 290 M M 0 25 270
10 27 19 23 -11 42 0 T M M 6.4 16 330 M M 6 8 22 330
11 34 14 24 -10 41 0 0.00 M M 11.7 24 250 M M 3 36 270
12 22 8 15 -19 50 0 0.00 M M 11.5 20 310 M M 1 31 290
13 51 21 36 2 29 0 T M M 11.2 21 220 M M 4 30 270
14 60 32 46 11 19 0 0.00 M M 8.7 22 10 M M 3 18 30 20
15 41 30 36 1 29 0 0.00 M M 8.4 20 360 M M 6 1 25 360
16 70 28 49 13 16 0 0.00 M M 8.0 23 210 M M 2 18 35 230
17 67 46 57 21 8 0 T M M 6.3 12 20 M M 4 18 240
18 46 37 42 6 23 0 0.28 M M 19.1 28 10 M M 10 1 39 20
19 43 36 40 4 25 0 0.05 M M 12.9 25 350 M M 8 18 41 350
20 55 32 44 7 21 0 0.00 M M 6.5 15 150 M M 1 18 160
21 59 33 46 9 19 0 0.00 M M 5.6 15 10 M M 2 18 20 20
22 45 40 43 6 22 0 0.28 M M 14.1 25 130 M M 7 18 36 130
23 43 41 42 4 23 0 0.65 M M 8.6 17 360 M M 10 128 23 350
24 38 35 37 -1 28 0 0.12 M M 5.6 15 360 M M 10 18 21 350
25 47 35 41 3 24 0 0.09 M M 11.5 24 300 M M 9 18 40 290
26 35 25 30 -9 35 0 T M M 14.1 24 320 M M 10 37 310
27 33 21 27 -12 38 0 0.00 M M 8.4 20 360 M M 0 28 350
28 32 20 26 -13 39 0 0.00 M M 8.6 17 20 M M 0 29 40
29 40 28 34 -6 31 0 T M M 14.6 23 140 M M 7 29 140
30 53 38 46 6 19 0 0.14 M M 9.2 24 350 M M 9 12 33 350
31 40 32 36 -4 29 0 0.40 M M 9.2 23 360 M M 10 18 35 350
================================================================================
SM 1376 893 874 0 2.26 M 300.5 M 157
================================================================================
AV 44.4 28.8 9.7 FASTST M M 5 MAX(MPH)
MISC ----> 37 230 55 270
================================================================================
NOTES:
# LAST OF SEVERAL OCCURRENCES
COLUMN 17 PEAK WIND IN M.P.H.
PRELIMINARY LOCAL CLIMATOLOGICAL DATA (WS FORM: F-6) , PAGE 2
STATION: RACINE WI
MONTH: MARCH
YEAR: 2022
LATITUDE: 42 45 N
LONGITUDE: 87 49 W
[TEMPERATURE DATA] [PRECIPITATION DATA] SYMBOLS USED IN COLUMN 16
AVERAGE MONTHLY: 36.6 TOTAL FOR MONTH: 2.26 1 = FOG OR MIST
DPTR FM NORMAL: 1.2 DPTR FM NORMAL: 0.19 2 = FOG REDUCING VISIBILITY
HIGHEST: 70 ON 16 GRTST 24HR 0.81 ON 22-23 TO 1/4 MILE OR LESS
LOWEST: 8 ON 12 3 = THUNDER
SNOW, ICE PELLETS, HAIL 4 = ICE PELLETS
TOTAL MONTH: M 5 = HAIL
GRTST 24HR M ON M 6 = FREEZING RAIN OR DRIZZLE
GRTST DEPTH: M ON M 7 = DUSTSTORM OR SANDSTORM:
VSBY 1/2 MILE OR LESS
8 = SMOKE OR HAZE
[NO. OF DAYS WITH] [WEATHER - DAYS WITH] 9 = BLOWING SNOW
X = TORNADO
MAX 32 OR BELOW: 4 0.01 INCH OR MORE: 11
MAX 90 OR ABOVE: 0 0.10 INCH OR MORE: 8
MIN 32 OR BELOW: 20 0.50 INCH OR MORE: 1
MIN 0 OR BELOW: 0 1.00 INCH OR MORE: 0
[HDD (BASE 65) ]
TOTAL THIS MO. 874 CLEAR (SCALE 0-3) 13
DPTR FM NORMAL -44 PTCLDY (SCALE 4-7) 9
TOTAL FM JUL 1 5325 CLOUDY (SCALE 8-10) 9
DPTR FM NORMAL -392
[CDD (BASE 65) ]
TOTAL THIS MO. 0
DPTR FM NORMAL 0 [PRESSURE DATA]
TOTAL FM JAN 1 0 HIGHEST SLP M ON M
DPTR FM NORMAL 0 LOWEST SLP 29.11 ON 31
[REMARKS]
#FINAL-03-22#