000
CXUS56 KSGX 011045
CF6RAL
PRELIMINARY LOCAL CLIMATOLOGICAL DATA (WS FORM: F-6)
STATION: RIVERSIDE MUNI AIRPORT CA
MONTH: AUGUST
YEAR: 2022
LATITUDE: 33 57 N
LONGITUDE: 117 27 W
TEMPERATURE IN F: :PCPN: SNOW: WIND :SUNSHINE: SKY :PK WND
================================================================================
1 2 3 4 5 6A 6B 7 8 9 10 11 12 13 14 15 16 17 18
12Z AVG MX 2MIN
DY MAX MIN AVG DEP HDD CDD WTR SNW DPTH SPD SPD DIR MIN PSBL S-S WX SPD DR
================================================================================
1 97 71 84 4 0 19 0.00 M M 6.2 24 270 M M 2 28 270
2 94 69 82 2 0 17 0.00 M M 6.5 20 280 M M 0 8 25 270
3 95 69 82 2 0 17 0.00 M M 5.7 20 270 M M 0 23 270
4 93 68 81 1 0 16 0.00 M M 5.6 17 270 M M 1 21 270
5 96 72 84 4 0 19 0.00 M M 6.5 21 270 M M 0 28 270
6 97 68 83 3 0 18 0.00 M M 5.0 18 250 M M 0 25 240
7 104 68 86 6 0 21 0.00 M M 5.8 22 270 M M 0 27 260
8 99 71 85 5 0 20 0.00 M M 5.4 21 270 M M 0 25 270
9 101 73 87 7 0 22 0.00 M M 5.2 23 270 M M 0 29 270
10 100 71 86 6 0 21 0.00 M M 5.6 22 270 M M 0 27 260
11 101 70 86 6 0 21 0.00 M M 5.4 21 270 M M 0 27 270
12 102 68 85 5 0 20 0.00 M M 6.0 21 270 M M 0 26 280
13 103 71 87 7 0 22 0.00 M M 5.4 23 270 M M 0 29 270
14 101 71 86 6 0 21 0.00 M M 5.6 23 270 M M 0 30 270
15 100 68 84 4 0 19 0.00 M M 5.5 22 270 M M 0 8 26 270
16 102 68 85 5 0 20 0.00 M M 6.0 21 260 M M 0 30 260
17 100 70 85 5 0 20 0.00 M M 6.2 22 270 M M 0 27 270
18 97 67 82 2 0 17 0.00 M M 4.8 18 270 M M 0 23 270
19 98 66 82 2 0 17 0.00 M M 6.2 20 260 M M 0 24 270
20 91 67 79 -1 0 14 0.00 M M 6.4 18 270 M M 0 24 270
21 89 65 77 -3 0 12 0.00 M M 7.2 16 270 M M 1 18 21 300
22 93 65 79 -1 0 14 0.00 M M 5.8 15 260 M M 0 8 20 270
23 97 65 81 1 0 16 0.00 M M 5.8 21 270 M M 0 26 270
24 97 68 83 3 0 18 0.00 M M 5.2 21 260 M M 0 26 270
25 96 70 83 3 0 18 0.00 M M 5.6 21 270 M M 0 26 270
26 97 68 83 3 0 18 0.00 M M 6.4 17 270 M M 0 8 23 270
27 91 65 78 -2 0 13 0.00 M M 6.1 20 260 M M 0 27 280
28 89 65 77 -3 0 12 0.00 M M 6.4 18 270 M M 2 24 270
29 93 65 79 -1 0 14 0.00 M M 6.2 17 270 M M 0 22 270
30 102 69 86 6 0 21 0.00 M M 4.1 20 270 M M 0 25 270
31 109 71 90 11 0 25 0.00 M M 4.3 20 250 M M 0 24 270
================================================================================
SM 3024 2122 0 562 0.00 M 178.1 M 6
================================================================================
AV 97.5 68.5 5.7 FASTST M M 0 MAX(MPH)
MISC ----> 24 270 # 30 270
================================================================================
NOTES:
# LAST OF SEVERAL OCCURRENCES
COLUMN 17 PEAK WIND IN M.P.H.
PRELIMINARY LOCAL CLIMATOLOGICAL DATA (WS FORM: F-6) , PAGE 2
STATION: RIVERSIDE MUNI AIRPORT CA
MONTH: AUGUST
YEAR: 2022
LATITUDE: 33 57 N
LONGITUDE: 117 27 W
[TEMPERATURE DATA] [PRECIPITATION DATA] SYMBOLS USED IN COLUMN 16
AVERAGE MONTHLY: 83.0 TOTAL FOR MONTH: 0.00 1 = FOG OR MIST
DPTR FM NORMAL: 3.2 DPTR FM NORMAL: -0.03 2 = FOG REDUCING VISIBILITY
HIGHEST: 109 ON 31 GRTST 24HR 0.03 ON 31- 1 TO 1/4 MILE OR LESS
LOWEST: 65 ON 29,28 3 = THUNDER
SNOW, ICE PELLETS, HAIL 4 = ICE PELLETS
TOTAL MONTH: M 5 = HAIL
GRTST 24HR M ON M 6 = FREEZING RAIN OR DRIZZLE
GRTST DEPTH: M ON M 7 = DUSTSTORM OR SANDSTORM:
VSBY 1/2 MILE OR LESS
8 = SMOKE OR HAZE
[NO. OF DAYS WITH] [WEATHER - DAYS WITH] 9 = BLOWING SNOW
X = TORNADO
MAX 32 OR BELOW: 0 0.01 INCH OR MORE: 0
MAX 90 OR ABOVE: 29 0.10 INCH OR MORE: 0
MIN 32 OR BELOW: 0 0.50 INCH OR MORE: 0
MIN 0 OR BELOW: 0 1.00 INCH OR MORE: 0
[HDD (BASE 65) ]
TOTAL THIS MO. 0 CLEAR (SCALE 0-3) 31
DPTR FM NORMAL 0 PTCLDY (SCALE 4-7) 0
TOTAL FM JUL 1 0 CLOUDY (SCALE 8-10) 0
DPTR FM NORMAL 0
[CDD (BASE 65) ]
TOTAL THIS MO. 562
DPTR FM NORMAL 103 [PRESSURE DATA]
TOTAL FM JAN 1 1683 HIGHEST SLP 30.03 ON 21
DPTR FM NORMAL 367 LOWEST SLP 29.66 ON 19
[REMARKS]
#FINAL-08-22#