000
CXUS56 KSGX 011145
CF6RAL
PRELIMINARY LOCAL CLIMATOLOGICAL DATA (WS FORM: F-6)
STATION: RIVERSIDE MUNI AIRPORT CA
MONTH: FEBRUARY
YEAR: 2021
LATITUDE: 33 57 N
LONGITUDE: 117 27 W
TEMPERATURE IN F: :PCPN: SNOW: WIND :SUNSHINE: SKY :PK WND
================================================================================
1 2 3 4 5 6A 6B 7 8 9 10 11 12 13 14 15 16 17 18
12Z AVG MX 2MIN
DY MAX MIN AVG DEP HDD CDD WTR SNW DPTH SPD SPD DIR MIN PSBL S-S WX SPD DR
================================================================================
1 68 55 62 7 3 0 T M M 2.0 8 30 M M 6 12 50
2 73 51 62 7 3 0 0.00 M M 3.4 14 270 M M 4 17 270
3 70 45 58 3 7 0 0.00 M M 3.5 14 270 M M 0 17 270
4 70 44 57 2 8 0 0.00 M M 4.5 16 30 M M 2 128 25 40
5 71 40 56 1 9 0 0.00 M M 4.4 14 270 M M 0 17 270
6 79 41 60 5 5 0 0.00 M M 4.2 12 270 M M 0 15 70
7 74 43 59 4 6 0 0.00 M M 3.6 17 270 M M 0 20 270
8 68 42 55 0 10 0 0.00 M M 4.0 16 270 M M 0 18 270
9 59 49 54 -1 11 0 0.00 M M 3.0 10 270 M M 8 18 12 270
10 63 48 56 1 9 0 0.00 M M 3.2 12 270 M M 5 8 17 280
11 70 42 56 1 9 0 0.00 M M 3.7 17 260 M M 0 18 20 270
12 65 51 58 3 7 0 T M M 5.1 18 270 M M 5 18 24 270
13 61 44 53 -2 12 0 0.00 M M 4.7 21 270 M M 3 24 270
14 64 42 53 -3 12 0 0.00 M M 4.5 14 260 M M 1 19 100
15 61 43 52 -4 13 0 0.00 M M 2.0 10 270 M M 2 12 270
16 65 46 56 0 9 0 0.00 M M 3.5 17 260 M M 4 8 23 280
17 68 40 54 -2 11 0 0.00 M M 4.8 20 350 M M 1 29 10
18 69 47 58 2 7 0 0.00 M M 8.3 22 10 M M 0 33 10
19 73 40 57 1 8 0 0.00 M M 4.2 12 270 M M 0 14 20
20 68 41 55 -1 10 0 0.00 M M 6.2 20 40 M M 0 29 30
21 73 53 63 7 2 0 0.00 M M 9.6 22 30 M M 0 33 40
22 79 48 64 8 1 0 0.00 M M 7.4 18 40 M M 0 27 360
23 83 47 65 9 0 0 0.00 M M 5.4 20 270 M M 0 24 270
24 77 45 61 5 4 0 0.00 M M 4.7 20 10 M M 0 35 350
25 70 46 58 2 7 0 0.00 M M 15.5 31 20 M M 1 8 52 20
26 76 40 58 1 7 0 0.00 M M 3.9 15 270 M M 0 19 270
27 70 40 55 -2 10 0 0.00 M M 4.5 15 30 M M 0 22 30
28 68 46 57 0 8 0 0.00 M M 12.9 25 10 M M 0 40 10
================================================================================
SM 1955 1259 208 0 T M 146.7 M 42
================================================================================
AV 69.8 45.0 5.2 FASTST M M 2 MAX(MPH)
MISC ----> 31 20 52 20
================================================================================
NOTES:
# LAST OF SEVERAL OCCURRENCES
COLUMN 17 PEAK WIND IN M.P.H.
PRELIMINARY LOCAL CLIMATOLOGICAL DATA (WS FORM: F-6) , PAGE 2
STATION: RIVERSIDE MUNI AIRPORT CA
MONTH: FEBRUARY
YEAR: 2021
LATITUDE: 33 57 N
LONGITUDE: 117 27 W
[TEMPERATURE DATA] [PRECIPITATION DATA] SYMBOLS USED IN COLUMN 16
AVERAGE MONTHLY: 57.4 TOTAL FOR MONTH: T 1 = FOG OR MIST
DPTR FM NORMAL: 1.7 DPTR FM NORMAL: -3.04 2 = FOG REDUCING VISIBILITY
HIGHEST: 83 ON 23 GRTST 24HR T ON 1- 1 TO 1/4 MILE OR LESS
LOWEST: 40 ON 27,26 3 = THUNDER
SNOW, ICE PELLETS, HAIL 4 = ICE PELLETS
TOTAL MONTH: M 5 = HAIL
GRTST 24HR M ON M 6 = FREEZING RAIN OR DRIZZLE
GRTST DEPTH: M ON M 7 = DUSTSTORM OR SANDSTORM:
VSBY 1/2 MILE OR LESS
8 = SMOKE OR HAZE
[NO. OF DAYS WITH] [WEATHER - DAYS WITH] 9 = BLOWING SNOW
X = TORNADO
MAX 32 OR BELOW: 0 0.01 INCH OR MORE: 0
MAX 90 OR ABOVE: 0 0.10 INCH OR MORE: 0
MIN 32 OR BELOW: 0 0.50 INCH OR MORE: 0
MIN 0 OR BELOW: 0 1.00 INCH OR MORE: 0
[HDD (BASE 65) ]
TOTAL THIS MO. 208 CLEAR (SCALE 0-3) 22
DPTR FM NORMAL -55 PTCLDY (SCALE 4-7) 5
TOTAL FM JUL 1 866 CLOUDY (SCALE 8-10) 1
DPTR FM NORMAL -243
[CDD (BASE 65) ]
TOTAL THIS MO. 0
DPTR FM NORMAL -3 [PRESSURE DATA]
TOTAL FM JAN 1 17 HIGHEST SLP 30.32 ON 21
DPTR FM NORMAL 11 LOWEST SLP 29.78 ON 13
[REMARKS]
#FINAL-02-21#