000
CXUS56 KSGX 011245
CF6RAL
PRELIMINARY LOCAL CLIMATOLOGICAL DATA (WS FORM: F-6)
STATION: RIVERSIDE MUNI AIRPORT CA
MONTH: FEBRUARY
YEAR: 2020
LATITUDE: 33 57 N
LONGITUDE: 117 27 W
TEMPERATURE IN F: :PCPN: SNOW: WIND :SUNSHINE: SKY :PK WND
================================================================================
1 2 3 4 5 6A 6B 7 8 9 10 11 12 13 14 15 16 17 18
12Z AVG MX 2MIN
DY MAX MIN AVG DEP HDD CDD WTR SNW DPTH SPD SPD DIR MIN PSBL S-S WX SPD DR
================================================================================
1 85 49 67 12 0 2 0.00 0.0 0 4.8 12 40 M M 0 16 30
2 75 46 61 6 4 0 T M 0 5.6 20 260 M M 1 24 270
3 57 47 52 -3 13 0 T M 0 15.4 25 10 M M 4 43 40
4 56 43 50 -5 15 0 0.00 0.0 0 11.3 25 10 M M 0 38 10
5 62 35 49 -6 16 0 0.00 0.0 0 4.9 16 270 M M 0 21 270
6 66 38 52 -3 13 0 0.00 0.0 0 3.5 12 260 M M 0 8 14 270
7 70 38 54 -1 11 0 0.00 0.0 0 4.1 9 270 M M 0 8 14 280
8 71 40 56 1 9 0 0.00 0.0 0 3.4 14 280 M M 0 18 18 280
9 61 48 55 0 10 0 0.03 M 0 6.9 18 90 M M 9 18 26 100
10 69 53 61 6 4 0 T 0.0 0 12.7 24 350 M M 4 41 350
11 70 47 59 4 6 0 0.00 0.0 0 13.5 31 30 M M 0 43 30
12 67 40 54 -1 11 0 0.00 0.0 0 4.2 14 270 M M 0 18 280
13 72 39 56 1 9 0 0.00 0.0 0 3.5 13 260 M M 1 17 270
14 71 41 56 0 9 0 0.00 0.0 0 3.7 14 270 M M 0 17 270
15 71 40 56 0 9 0 0.00 0.0 0 3.7 12 270 M M 0 8 15 270
16 73 44 59 3 6 0 0.00 0.0 0 3.6 14 270 M M 0 17 250
17 74 43 59 3 6 0 0.00 0.0 0 3.9 15 270 M M 0 8 18 270
18 77 43 60 4 5 0 0.00 0.0 0 3.4 15 280 M M 0 18 20 270
19 71 50 61 5 4 0 0.00 0.0 0 3.6 14 270 M M 4 18 17 270
20 81 44 63 7 2 0 0.00 0.0 0 3.0 13 270 M M 0 16 100
21 82 49 66 10 0 1 T M 0 4.9 17 250 M M 5 20 260
22 62 52 57 1 8 0 0.03 0.0 0 3.5 13 270 M M 9 18 280
23 65 49 57 1 8 0 T M 0 3.5 10 260 M M 6 18 13 270
24 77 43 60 4 5 0 0.00 0.0 0 5.3 15 270 M M 0 18 19 270
25 80 49 65 9 0 0 0.00 0.0 0 9.2 21 10 M M 0 34 360
26 80 49 65 8 0 0 0.00 0.0 0 6.1 14 80 M M 0 20 90
27 83 47 65 8 0 0 0.00 0.0 0 5.7 12 40 M M 2 14 70
28 84 55 70 13 0 5 0.00 0.0 0 5.0 13 260 M M 2 16 270
29 74 49 62 5 3 0 0.00 0.0 0 4.6 16 270 M M 2 21 270
================================================================================
SM 2086 1310 186 8 0.06 0.0 166.5 M 49
================================================================================
AV 71.9 45.2 5.7 FASTST M M 2 MAX(MPH)
MISC ----> # 31 30 # 43 40
================================================================================
NOTES:
# LAST OF SEVERAL OCCURRENCES
COLUMN 17 PEAK WIND IN M.P.H.
PRELIMINARY LOCAL CLIMATOLOGICAL DATA (WS FORM: F-6) , PAGE 2
STATION: RIVERSIDE MUNI AIRPORT CA
MONTH: FEBRUARY
YEAR: 2020
LATITUDE: 33 57 N
LONGITUDE: 117 27 W
[TEMPERATURE DATA] [PRECIPITATION DATA] SYMBOLS USED IN COLUMN 16
AVERAGE MONTHLY: 58.6 TOTAL FOR MONTH: 0.06 1 = FOG OR MIST
DPTR FM NORMAL: 2.9 DPTR FM NORMAL: -2.98 2 = FOG REDUCING VISIBILITY
HIGHEST: 85 ON 1 GRTST 24HR 0.03 ON 22-22 TO 1/4 MILE OR LESS
LOWEST: 35 ON 5 3 = THUNDER
SNOW, ICE PELLETS, HAIL 4 = ICE PELLETS
TOTAL MONTH: 0.0 INCH 5 = HAIL
GRTST 24HR 0.0 6 = FREEZING RAIN OR DRIZZLE
GRTST DEPTH: 0 7 = DUSTSTORM OR SANDSTORM:
VSBY 1/2 MILE OR LESS
8 = SMOKE OR HAZE
[NO. OF DAYS WITH] [WEATHER - DAYS WITH] 9 = BLOWING SNOW
X = TORNADO
MAX 32 OR BELOW: 0 0.01 INCH OR MORE: 2
MAX 90 OR ABOVE: 0 0.10 INCH OR MORE: 0
MIN 32 OR BELOW: 0 0.50 INCH OR MORE: 0
MIN 0 OR BELOW: 0 1.00 INCH OR MORE: 0
[HDD (BASE 65) ]
TOTAL THIS MO. 186 CLEAR (SCALE 0-3) 22
DPTR FM NORMAL -77 PTCLDY (SCALE 4-7) 5
TOTAL FM JUL 1 925 CLOUDY (SCALE 8-10) 2
DPTR FM NORMAL -191
[CDD (BASE 65) ]
TOTAL THIS MO. 8
DPTR FM NORMAL 5 [PRESSURE DATA]
TOTAL FM JAN 1 8 HIGHEST SLP 30.30 ON 26
DPTR FM NORMAL -1 LOWEST SLP 29.75 ON 10
[REMARKS]
#FINAL-02-20#