000
CXUS54 KFWD 010830
CF6RBD
PRELIMINARY LOCAL CLIMATOLOGICAL DATA (WS FORM: F-6)
STATION: DALLAS EXECUTIVE
MONTH: FEBRUARY
YEAR: 2021
LATITUDE: 32 40 N
LONGITUDE: 96 52 W
TEMPERATURE IN F: :PCPN: SNOW: WIND :SUNSHINE: SKY :PK WND
================================================================================
1 2 3 4 5 6A 6B 7 8 9 10 11 12 13 14 15 16 17 18
12Z AVG MX 2MIN
DY MAX MIN AVG DEP HDD CDD WTR SNW DPTH SPD SPD DIR MIN PSBL S-S WX SPD DR
================================================================================
1 59 33 46 -2 19 0 0.00 M M 6.9 17 20 M M 0 22 360
2 65 40 53 5 12 0 0.00 M M 7.0 15 120 M M 0 20 170
3 71 42 57 9 8 0 0.00 M M 13.5 26 160 M M 0 37 160
4 67 47 57 9 8 0 0.00 M M 14.5 26 320 M M 2 36 190
5 60 39 50 2 15 0 0.00 M M 8.0 15 140 M M 4 21 80
6 61 40 51 3 14 0 0.00 M M 10.3 22 330 M M 6 18 31 330
7 59 36 48 -1 17 0 0.00 M M 9.0 17 170 M M 3 24 170
8 68 42 55 6 10 0 0.00 M M 11.4 21 320 M M 7 128 26 330
9 42 32 37 -12 28 0 T M M 10.8 16 330 M M 10 18 23 350
10 32 28 30 -19 35 0 T M M 11.9 18 350 M M 10 168 24 340
11 29 25 27 -22 38 0 T 0.0 0 14.2 20 360 M M 10 168 28 340
12 28 24 26 -24 39 0 0.00 0.0 0 13.5 20 10 M M 10 8 29 360
13 35 21 28 -22 37 0 T M M 13.6 20 350 M M 9 168 28 10
14 25 11 18 -32 47 0 0.02 M M 15.5 25 360 M M 10 1689 35 360
15 14 6 10 -40 55 0 T M M 16.4 25 330 M M 5 9 32 320
16 20 -1 10 -40 55 0 T M M 7.4 14 130 M M 4 8 18 120
17 28 19 24 -26 41 0 0.11 M M 8.5 14 360 M M 10 168 18 10
18 31 21 26 -25 39 0 0.00 M M 12.0 21 360 M M 4 29 340
19 41 16 29 -22 36 0 0.00 M M 6.5 10 180 M M 0 8 16 190
20 56 25 41 -10 24 0 0.00 M M 10.6 22 170 M M 0 18 31 170
21 75 43 59 8 6 0 0.00 M M 13.1 23 320 M M 5 34 180
22 70 34 52 0 13 0 0.00 M M 6.9 15 190 M M 0 21 180
23 80 52 66 14 0 1 0.00 0.0 M 14.5 26 170 M M 0 38 180
24 72 53 63 11 2 0 0.00 M M 13.4 21 300 M M 0 32 210
25 55 47 51 -1 14 0 0.07 M M 9.1 16 320 M M 7 13 23 100
26 58 47 53 0 12 0 0.97 M M 3.5 15 30 M M 9 138 19 40
27 73 51 62 9 3 0 0.03 M M 8.7 18 180 M M 7 128 27 190
28 77 53 65 12 0 0 T M M 12.4 24 20 M M 10 138 33 30
================================================================================
SM 1451 926 627 1 1.20 0.0 303.1 M 142
================================================================================
AV 51.8 33.1 10.8 FASTST M M 5 MAX(MPH)
MISC ----> # 26 160 38 180
================================================================================
NOTES:
# LAST OF SEVERAL OCCURRENCES
COLUMN 17 PEAK WIND IN M.P.H.
PRELIMINARY LOCAL CLIMATOLOGICAL DATA (WS FORM: F-6) , PAGE 2
STATION: DALLAS EXECUTIVE
MONTH: FEBRUARY
YEAR: 2021
LATITUDE: 32 40 N
LONGITUDE: 96 52 W
[TEMPERATURE DATA] [PRECIPITATION DATA] SYMBOLS USED IN COLUMN 16
AVERAGE MONTHLY: 42.4 TOTAL FOR MONTH: 1.20 1 = FOG OR MIST
DPTR FM NORMAL: -7.8 DPTR FM NORMAL: -1.61 2 = FOG REDUCING VISIBILITY
HIGHEST: 80 ON 23 GRTST 24HR 1.04 ON 25-26 TO 1/4 MILE OR LESS
LOWEST: -1 ON 16 3 = THUNDER
SNOW, ICE PELLETS, HAIL 4 = ICE PELLETS
TOTAL MONTH: 0.0 INCH 5 = HAIL
GRTST 24HR 0.0 6 = FREEZING RAIN OR DRIZZLE
GRTST DEPTH: 0 7 = DUSTSTORM OR SANDSTORM:
VSBY 1/2 MILE OR LESS
8 = SMOKE OR HAZE
[NO. OF DAYS WITH] [WEATHER - DAYS WITH] 9 = BLOWING SNOW
X = TORNADO
MAX 32 OR BELOW: 8 0.01 INCH OR MORE: 5
MAX 90 OR ABOVE: 0 0.10 INCH OR MORE: 2
MIN 32 OR BELOW: 12 0.50 INCH OR MORE: 1
MIN 0 OR BELOW: 1 1.00 INCH OR MORE: 0
[HDD (BASE 65) ]
TOTAL THIS MO. 627 CLEAR (SCALE 0-3) 9
DPTR FM NORMAL 206 PTCLDY (SCALE 4-7) 10
TOTAL FM JUL 1 1849 CLOUDY (SCALE 8-10) 9
DPTR FM NORMAL -36
[CDD (BASE 65) ]
TOTAL THIS MO. 1
DPTR FM NORMAL -5 [PRESSURE DATA]
TOTAL FM JAN 1 1 HIGHEST SLP 30.55 ON 19
DPTR FM NORMAL -1 LOWEST SLP 29.63 ON 4
[REMARKS]
#FINAL-02-21#