000
CXUS56 KMFR 011030
CF6RBG
PRELIMINARY LOCAL CLIMATOLOGICAL DATA (WS FORM: F-6)
STATION: ROSEBURG OR
MONTH: DECEMBER
YEAR: 2022
LATITUDE: 43 13 N
LONGITUDE: 123 22 W
TEMPERATURE IN F: :PCPN: SNOW: WIND :SUNSHINE: SKY :PK WND
================================================================================
1 2 3 4 5 6A 6B 7 8 9 10 11 12 13 14 15 16 17 18
12Z AVG MX 2MIN
DY MAX MIN AVG DEP HDD CDD WTR SNW DPTH SPD SPD DIR MIN PSBL S-S WX SPD DR
================================================================================
1 44 31 38 -6 27 0 0.17 M M 3.4 14 250 M M 8 1 25 230
2 48 31 40 -4 25 0 0.00 M M 4.0 17 150 M M 4 128 24 160
3 48 30 39 -5 26 0 0.00 M M 1.1 8 10 M M 0 10 350
4 49 33 41 -2 24 0 0.06 M M 0.8 7 230 M M 6 9 210
5 41 36 39 -4 26 0 0.01 M M 1.0 7 10 M M 10 1 9 360
6 47 33 40 -3 25 0 0.00 M M 1.2 5 360 M M 6 1 8 350
7 50 36 43 0 22 0 0.00 M M 3.6 10 160 M M 8 1 13 160
8 49 39 44 1 21 0 0.31 M M 3.2 10 170 M M 9 1 13 170
9 49 36 43 0 22 0 0.12 M M 7.0 20 170 M M 9 30 170
10 49 40 45 3 20 0 0.55 M M 4.8 16 170 M M 9 1 26 150
11 47 39 43 1 22 0 0.04 M M 1.2 7 270 M M 10 1 10 270
12 49 35 42 0 23 0 0.02 M M 1.6 9 10 M M 9 1 13 10
13 41 34 38 -4 27 0 0.00 M M 3.7 10 10 M M 10 1 12 20
14 42 38 40 -2 25 0 0.00 M M 1.8 9 10 M M 10 11 360
15 44 31 38 -4 27 0 0.00 M M 2.4 14 360 M M 7 1 16 360
16 36 32 34 -8 31 0 0.00 M M 1.5 7 160 M M 10 1 9 170
17 45 30 38 -4 27 0 0.00 M M 0.9 6 130 M M 5 12 8 140
18 42 31 37 -5 28 0 0.00 M M 3.4 9 140 M M 10 12 11 140
19 45 31 38 -4 27 0 0.00 M M 0.8 7 160 M M 1 9 150
20 48 33 41 -1 24 0 0.37 M M 0.8 6 10 M M 9 1 7 360
21 50 40 45 3 20 0 0.13 M M 3.4 12 10 M M 10 1 14 10
22 40 34 37 -5 28 0 0.26 M M 4.8 10 10 M M 10 1 13 360
23 47 36 42 0 23 0 0.02 M M 0.1 5 150 M M 8 12 7 220
24 56 39 48 6 17 0 0.17 M M 0.6 8 360 M M 9 12 11 360
25 60 46 53 11 12 0 0.00 M M 0.3 7 240 M M 6 128 9 240
26 64 50 57 15 8 0 0.34 M M 6.3 18 140 M M 9 1 30 130
27 57 43 50 8 15 0 0.88 M M 7.3 23 160 M M 9 1 36 140
28 52 40 46 4 19 0 0.14 M M 2.3 10 160 M M 8 1 17 140
29 53 43 48 6 17 0 0.78 M M 1.9 8 170 M M 10 1 16 190
30 51 46 49 7 16 0 0.50 M M 1.3 6 110 M M 9 1 M M
31 51 42 47 5 18 0 0.01 M M 0.5 6 330 M M 10 1 9 10
================================================================================
SM 1494 1138 692 0 4.88 M 77.0 M 248
================================================================================
AV 48.2 36.7 2.5 FASTST M M 8 MAX(MPH)
MISC ----> 23 160 36 140
================================================================================
NOTES:
# LAST OF SEVERAL OCCURRENCES
COLUMN 17 PEAK WIND IN M.P.H.
PRELIMINARY LOCAL CLIMATOLOGICAL DATA (WS FORM: F-6) , PAGE 2
STATION: ROSEBURG OR
MONTH: DECEMBER
YEAR: 2022
LATITUDE: 43 13 N
LONGITUDE: 123 22 W
[TEMPERATURE DATA] [PRECIPITATION DATA] SYMBOLS USED IN COLUMN 16
AVERAGE MONTHLY: 42.5 TOTAL FOR MONTH: 4.88 1 = FOG OR MIST
DPTR FM NORMAL: 0.0 DPTR FM NORMAL: -1.17 2 = FOG REDUCING VISIBILITY
HIGHEST: 64 ON 26 GRTST 24HR 1.10 ON 26-27 TO 1/4 MILE OR LESS
LOWEST: 30 ON 17, 3 3 = THUNDER
SNOW, ICE PELLETS, HAIL 4 = ICE PELLETS
TOTAL MONTH: M 5 = HAIL
GRTST 24HR M ON M 6 = FREEZING RAIN OR DRIZZLE
GRTST DEPTH: M ON M 7 = DUSTSTORM OR SANDSTORM:
VSBY 1/2 MILE OR LESS
8 = SMOKE OR HAZE
[NO. OF DAYS WITH] [WEATHER - DAYS WITH] 9 = BLOWING SNOW
X = TORNADO
MAX 32 OR BELOW: 0 0.01 INCH OR MORE: 19
MAX 90 OR ABOVE: 0 0.10 INCH OR MORE: 13
MIN 32 OR BELOW: 8 0.50 INCH OR MORE: 4
MIN 0 OR BELOW: 0 1.00 INCH OR MORE: 0
[HDD (BASE 65) ]
TOTAL THIS MO. 692 CLEAR (SCALE 0-3) 2
DPTR FM NORMAL -5 PTCLDY (SCALE 4-7) 10
TOTAL FM JUL 1 1507 CLOUDY (SCALE 8-10) 19
DPTR FM NORMAL -70
[CDD (BASE 65) ]
TOTAL THIS MO. 0
DPTR FM NORMAL 0 [PRESSURE DATA]
TOTAL FM JAN 1 834 HIGHEST SLP 30.40 ON 15
DPTR FM NORMAL 227 LOWEST SLP 29.18 ON 27
[REMARKS]
#FINAL-12-22#