000
CXUS51 KPHI 161224
CF6RDG
PRELIMINARY LOCAL CLIMATOLOGICAL DATA (WS FORM: F-6)
STATION: READING PA
MONTH: FEBRUARY
YEAR: 2021
LATITUDE: 40 22 N
LONGITUDE: 75 58 W
TEMPERATURE IN F: :PCPN: SNOW: WIND :SUNSHINE: SKY :PK WND
================================================================================
1 2 3 4 5 6A 6B 7 8 9 10 11 12 13 14 15 16 17 18
12Z AVG MX 2MIN
DY MAX MIN AVG DEP HDD CDD WTR SNW DPTH SPD SPD DIR MIN PSBL S-S WX SPD DR
================================================================================
1 33 21 27 -4 38 0 1.64 12.4 5 12.3 22 40 M M 10 12468 30 40
2 37 28 33 2 32 0 0.11 1.5 16 13.6 24 310 M M 10 1 30 320
3 36 29 33 2 32 0 T T 14 13.5 28 320 M M 9 38 330
4 43 25 34 3 31 0 0.00 0.0 12 8.4 22 310 M M 0 29 310
5 48 30 39 8 26 0 0.14 0.2 11 7.0 17 290 M M 4 1 25 270
6 43 26 35 4 30 0 0.00 0.0 9 7.9 24 250 M M 3 33 260
7 37 23 30 -2 35 0 0.24 3.0 7 7.5 21 280 M M 6 18 25 280
8 29 11 20 -12 45 0 0.00 0.0 9 3.6 17 300 M M 2 22 290
9 34 18 26 -6 39 0 0.01 T 8 4.0 10 300 M M 8 1 12 350
10 34 18 26 -6 39 0 0.05 0.8 8 2.2 10 220 M M 6 18 12 250
11 32 26 29 -3 36 0 0.09 0.8 10 7.6 15 20 M M 7 18 19 360
12 28 20 24 -8 41 0 0.00 0.0 9 4.9 16 20 M M 7 20 20
13 28 25 27 -6 38 0 0.00 0.0 9 7.3 14 30 M M 10 18 20
14 38 24 31 -2 34 0 0.00 0.0 9 3.6 12 30 M M 10 1 14 30
15 35 32 34 1 31 0 0.25 T 8 5.9 12 110 M M 10 18 22 130
16 45 27 36 3 29 0 0.56 T 7 10.4 29 300 M M 8 1 38 290
17 31 20 26 -8 39 0 0.00 0.0 4 7.8 20 320 M M 1 23 320
18 27 23 25 -9 40 0 0.56 4.1 5 6.3 15 20 M M 9 126 18 20
19 33 25 29 -5 36 0 0.14 0.9 8 6.2 14 290 M M 9 16 19 290
20 32 20 26 -8 39 0 T T 9 12.8 21 280 M M 4 1 27 280
21 36 16 26 -8 39 0 0.00 0.0 8 5.0 13 290 M M 0 16 290
22 35 29 32 -3 33 0 0.44 4.0 7 4.7 13 150 M M 8 126 17 140
23 48 28 38 3 27 0 0.00 0.0 10 6.6 18 290 M M 6 1 25 310
24 53 27 40 5 25 0 0.00 0.0 8 6.8 24 190 M M 2 36 170
25 48 35 42 6 23 0 0.00 0.0 5 10.4 24 310 M M 0 29 310
26 45 28 37 1 28 0 T T 4 4.3 14 170 M M 2 21 150
27 46 33 40 4 25 0 0.33 0.4 3 4.4 16 270 M M 7 128 21 270
28 42 35 39 3 26 0 0.73 0.0 2 2.5 12 90 M M 7 1 17 80
================================================================================
SM 1056 702 936 0 5.29 28.1 197.5 M 165
================================================================================
AV 37.7 25.1 7.1 FASTST M M 6 MAX(MPH)
MISC ----> 29 300 # 38 330
================================================================================
NOTES:
# LAST OF SEVERAL OCCURRENCES
COLUMN 17 PEAK WIND IN M.P.H.
PRELIMINARY LOCAL CLIMATOLOGICAL DATA (WS FORM: F-6) , PAGE 2
STATION: READING PA
MONTH: FEBRUARY
YEAR: 2021
LATITUDE: 40 22 N
LONGITUDE: 75 58 W
[TEMPERATURE DATA] [PRECIPITATION DATA] SYMBOLS USED IN COLUMN 16
AVERAGE MONTHLY: 31.4 TOTAL FOR MONTH: 5.29 1 = FOG OR MIST
DPTR FM NORMAL: -1.7 DPTR FM NORMAL: 2.68 2 = FOG REDUCING VISIBILITY
HIGHEST: 53 ON 24 GRTST 24HR 1.64 ON 1- 1 TO 1/4 MILE OR LESS
LOWEST: 11 ON 8 3 = THUNDER
SNOW, ICE PELLETS, HAIL 4 = ICE PELLETS
TOTAL MONTH: 32.8 INCHES 5 = HAIL
GRTST 24HR 12.4 ON 1- 1 6 = FREEZING RAIN OR DRIZZLE
GRTST DEPTH: 16 ON 2 7 = DUSTSTORM OR SANDSTORM:
VSBY 1/2 MILE OR LESS
8 = SMOKE OR HAZE
[NO. OF DAYS WITH] [WEATHER - DAYS WITH] 9 = BLOWING SNOW
X = TORNADO
MAX 32 OR BELOW: 7 0.01 INCH OR MORE: 14
MAX 90 OR ABOVE: 0 0.10 INCH OR MORE: 11
MIN 32 OR BELOW: 25 0.50 INCH OR MORE: 4
MIN 0 OR BELOW: 0 1.00 INCH OR MORE: 1
[HDD (BASE 65) ]
TOTAL THIS MO. 936 CLEAR (SCALE 0-3) 7
DPTR FM NORMAL 44 PTCLDY (SCALE 4-7) 13
TOTAL FM JUL 1 3555 CLOUDY (SCALE 8-10) 8
DPTR FM NORMAL -300
[CDD (BASE 65) ]
TOTAL THIS MO. 0
DPTR FM NORMAL 0 [PRESSURE DATA]
TOTAL FM JAN 1 0 HIGHEST SLP M ON M
DPTR FM NORMAL 0 LOWEST SLP 29.48 ON 2
[REMARKS]
#FINAL-02-21#