000
CXUS56 KPDT 011930
CF6RDM
PRELIMINARY LOCAL CLIMATOLOGICAL DATA (WS FORM: F-6)
STATION: REDMOND OR
MONTH: MAY
YEAR: 2021
LATITUDE: 44 16 N
LONGITUDE: 121 9 W
TEMPERATURE IN F: :PCPN: SNOW: WIND :SUNSHINE: SKY :PK WND
================================================================================
1 2 3 4 5 6A 6B 7 8 9 10 11 12 13 14 15 16 17 18
12Z AVG MX 2MIN
DY MAX MIN AVG DEP HDD CDD WTR SNW DPTH SPD SPD DIR MIN PSBL S-S WX SPD DR
================================================================================
1 65 47 56 7 9 0 0.23 M M 9.2 29 290 M M 7 1 33 290
2 62 34 48 -1 17 0 T M M 6.0 16 330 M M 5 22 320
3 68 30 49 -1 16 0 0.00 M M 6.4 23 290 M M 3 28 290
4 69 36 53 3 12 0 T M M 4.4 16 340 M M 2 21 340
5 86 30 58 8 7 0 0.00 M M 8.6 23 330 M M 0 27 130
6 74 40 57 6 8 0 0.00 M M 11.1 33 290 M M 0 41 280
7 56 31 44 -7 21 0 0.00 M M 11.7 28 290 M M 4 35 300
8 62 25 44 -7 21 0 0.00 M M 7.4 22 290 M M 2 29 320
9 62 34 48 -4 17 0 0.00 M M 5.7 17 330 M M 6 21 320
10 70 29 50 -2 15 0 0.00 M M 4.6 14 20 M M 0 19 360
11 76 32 54 2 11 0 0.00 M M 5.4 15 340 M M 0 21 330
12 82 35 59 6 6 0 0.00 M M 7.1 17 340 M M 0 25 340
13 81 40 61 8 4 0 0.00 M M 6.7 17 350 M M 0 23 360
14 80 47 64 11 1 0 0.00 M M 8.3 25 330 M M 1 8 31 340
15 80 39 60 6 5 0 0.00 M M 8.1 23 20 M M 0 31 330
16 84 39 62 8 3 0 0.00 M M 4.8 21 280 M M 0 26 280
17 80 40 60 6 5 0 0.00 M M 9.7 26 290 M M 1 34 290
18 62 43 53 -1 12 0 0.00 M M 9.1 20 310 M M 4 27 340
19 57 39 48 -6 17 0 T M M 9.5 25 330 M M 6 32 340
20 56 29 43 -12 22 0 0.06 M M 11.2 22 360 M M 5 29 360
21 60 41 51 -4 14 0 0.09 M M 8.9 28 340 M M 10 1 35 340
22 61 36 49 -6 16 0 0.04 M M 8.1 24 30 M M 8 18 31 30
23 65 34 50 -5 15 0 0.00 M M 9.4 29 300 M M 4 1 36 310
24 69 43 56 0 9 0 0.05 M M 5.8 24 250 M M 7 3 32 250
25 65 42 54 -2 11 0 0.13 M M 8.2 23 290 M M 7 29 290
26 79 34 57 1 8 0 0.00 M M 6.7 17 340 M M 0 23 310
27 72 43 58 2 7 0 0.00 M M 13.2 26 220 M M 2 34 230
28 71 32 52 -4 13 0 0.00 M M 6.0 14 20 M M 0 18 20
29 80 31 56 0 9 0 0.00 M M 7.3 20 330 M M 0 29 350
30 83 40 62 5 3 0 0.00 M M 6.3 17 350 M M 0 21 330
31 89 46 68 11 0 3 0.00 M M 5.6 15 340 M M 0 21 360
================================================================================
SM 2206 1141 334 3 0.60 M 240.5 M 84
================================================================================
AV 71.2 36.8 7.8 FASTST M M 3 MAX(MPH)
MISC ----> 33 290 41 280
================================================================================
NOTES:
# LAST OF SEVERAL OCCURRENCES
COLUMN 17 PEAK WIND IN M.P.H.
PRELIMINARY LOCAL CLIMATOLOGICAL DATA (WS FORM: F-6) , PAGE 2
STATION: REDMOND OR
MONTH: MAY
YEAR: 2021
LATITUDE: 44 16 N
LONGITUDE: 121 9 W
[TEMPERATURE DATA] [PRECIPITATION DATA] SYMBOLS USED IN COLUMN 16
AVERAGE MONTHLY: 54.0 TOTAL FOR MONTH: 0.60 1 = FOG OR MIST
DPTR FM NORMAL: 0.6 DPTR FM NORMAL: -0.60 2 = FOG REDUCING VISIBILITY
HIGHEST: 89 ON 31 GRTST 24HR 0.23 ON 30- 1 TO 1/4 MILE OR LESS
LOWEST: 25 ON 8 3 = THUNDER
SNOW, ICE PELLETS, HAIL 4 = ICE PELLETS
TOTAL MONTH: M 5 = HAIL
GRTST 24HR M ON M 6 = FREEZING RAIN OR DRIZZLE
GRTST DEPTH: M ON M 7 = DUSTSTORM OR SANDSTORM:
VSBY 1/2 MILE OR LESS
8 = SMOKE OR HAZE
[NO. OF DAYS WITH] [WEATHER - DAYS WITH] 9 = BLOWING SNOW
X = TORNADO
MAX 32 OR BELOW: 0 0.01 INCH OR MORE: 6
MAX 90 OR ABOVE: 0 0.10 INCH OR MORE: 2
MIN 32 OR BELOW: 9 0.50 INCH OR MORE: 0
MIN 0 OR BELOW: 0 1.00 INCH OR MORE: 0
[HDD (BASE 65) ]
TOTAL THIS MO. 334 CLEAR (SCALE 0-3) 19
DPTR FM NORMAL -31 PTCLDY (SCALE 4-7) 11
TOTAL FM JUL 1 5575 CLOUDY (SCALE 8-10) 1
DPTR FM NORMAL -417
[CDD (BASE 65) ]
TOTAL THIS MO. 3
DPTR FM NORMAL -4 [PRESSURE DATA]
TOTAL FM JAN 1 3 HIGHEST SLP 30.34 ON 8
DPTR FM NORMAL -4 LOWEST SLP 29.79 ON 16
[REMARKS]
#FINAL-05-21#